CRAN Package Check Results for Package bigmemory

Last updated on 2018-08-19 20:50:02 CEST.

Flavor Version Tinstall Tcheck Ttotal Status Flags
r-devel-linux-x86_64-debian-clang 4.5.33 70.99 42.88 113.87 OK
r-devel-linux-x86_64-debian-gcc 4.5.33 59.97 34.51 94.48 OK
r-devel-linux-x86_64-fedora-clang 4.5.33 150.49 NOTE
r-devel-linux-x86_64-fedora-gcc 4.5.33 142.99 OK
r-devel-windows-ix86+x86_64 4.5.33 201.00 95.00 296.00 WARN
r-patched-linux-x86_64 4.5.33 68.35 39.20 107.55 OK
r-patched-solaris-x86 4.5.33 149.30 OK
r-release-linux-x86_64 4.5.33 64.23 39.27 103.50 OK
r-release-windows-ix86+x86_64 4.5.33 211.00 103.00 314.00 OK
r-release-osx-x86_64 4.5.33 NOTE
r-oldrel-windows-ix86+x86_64 4.5.33 169.00 112.00 281.00 OK
r-oldrel-osx-x86_64 4.5.33 NOTE

Additional issues

valgrind

Check Details

Version: 4.5.33
Check: installed package size
Result: NOTE
     installed size is 6.5Mb
     sub-directories of 1Mb or more:
     libs 5.9Mb
Flavors: r-devel-linux-x86_64-fedora-clang, r-release-osx-x86_64, r-oldrel-osx-x86_64

Version: 4.5.33
Check: whether package can be installed
Result: WARN
    Found the following significant warnings:
     d:/RCompile/CRANpkg/lib/3.6/BH/include/boost/interprocess/detail/win32_api.hpp:145:9: warning: ISO C++ prohibits anonymous structs [-Wpedantic]
     d:/RCompile/CRANpkg/lib/3.6/BH/include/boost/interprocess/detail/win32_api.hpp:153:9: warning: ISO C++ prohibits anonymous structs [-Wpedantic]
     d:/RCompile/CRANpkg/lib/3.6/BH/include/boost/interprocess/detail/win32_api.hpp:178:13: warning: ISO C++ prohibits anonymous structs [-Wpedantic]
     d:/RCompile/CRANpkg/lib/3.6/BH/include/boost/interprocess/detail/win32_api.hpp:180:7: warning: ISO C++ prohibits anonymous structs [-Wpedantic]
Flavor: r-devel-windows-ix86+x86_64