CRAN Package Check Results for Package bigmemory

Last updated on 2019-02-17 23:51:43 CET.

Flavor Version Tinstall Tcheck Ttotal Status Flags
r-devel-linux-x86_64-debian-clang 4.5.33 70.68 42.56 113.24 OK
r-devel-linux-x86_64-debian-gcc 4.5.33 58.02 33.65 91.67 OK
r-devel-linux-x86_64-fedora-clang 4.5.33 169.59 NOTE
r-devel-linux-x86_64-fedora-gcc 4.5.33 144.84 OK
r-devel-windows-ix86+x86_64 4.5.33 213.00 86.00 299.00 WARN
r-patched-linux-x86_64 4.5.33 65.69 39.59 105.28 OK
r-patched-solaris-x86 4.5.33 146.10 OK
r-release-linux-x86_64 4.5.33 OK
r-release-windows-ix86+x86_64 4.5.33 163.00 83.00 246.00 OK
r-release-osx-x86_64 4.5.33 NOTE
r-oldrel-windows-ix86+x86_64 4.5.33 206.00 90.00 296.00 OK
r-oldrel-osx-x86_64 4.5.33 NOTE

Additional issues

valgrind

Check Details

Version: 4.5.33
Check: installed package size
Result: NOTE
     installed size is 6.8Mb
     sub-directories of 1Mb or more:
     libs 6.2Mb
Flavors: r-devel-linux-x86_64-fedora-clang, r-release-osx-x86_64, r-oldrel-osx-x86_64

Version: 4.5.33
Check: whether package can be installed
Result: WARN
    Found the following significant warnings:
     d:/RCompile/CRANpkg/lib/3.6/BH/include/boost/interprocess/detail/win32_api.hpp:151:9: warning: ISO C++ prohibits anonymous structs [-Wpedantic]
     d:/RCompile/CRANpkg/lib/3.6/BH/include/boost/interprocess/detail/win32_api.hpp:159:9: warning: ISO C++ prohibits anonymous structs [-Wpedantic]
     d:/RCompile/CRANpkg/lib/3.6/BH/include/boost/interprocess/detail/win32_api.hpp:184:13: warning: ISO C++ prohibits anonymous structs [-Wpedantic]
     d:/RCompile/CRANpkg/lib/3.6/BH/include/boost/interprocess/detail/win32_api.hpp:186:7: warning: ISO C++ prohibits anonymous structs [-Wpedantic]
Flavor: r-devel-windows-ix86+x86_64