CRAN Package Check Results for Package bigmemory

Last updated on 2018-05-26 02:48:19 CEST.

Flavor Version Tinstall Tcheck Ttotal Status Flags
r-devel-linux-x86_64-debian-clang 4.5.33 67.61 41.60 109.21 OK
r-devel-linux-x86_64-debian-gcc 4.5.33 50.53 33.08 83.61 OK
r-devel-linux-x86_64-fedora-clang 4.5.33 148.68 NOTE
r-devel-linux-x86_64-fedora-gcc 4.5.33 137.03 NOTE
r-devel-windows-ix86+x86_64 4.5.33 168.00 112.00 280.00 WARN
r-patched-linux-x86_64 4.5.33 70.13 38.68 108.81 OK
r-patched-solaris-x86 4.5.33 149.80 OK
r-release-linux-x86_64 4.5.33 61.09 38.85 99.94 OK
r-release-windows-ix86+x86_64 4.5.33 218.00 85.00 303.00 OK
r-release-osx-x86_64 4.5.33 NOTE
r-oldrel-windows-ix86+x86_64 4.5.33 214.00 85.00 299.00 OK
r-oldrel-osx-x86_64 4.5.33 NOTE

Additional issues

valgrind

Check Details

Version: 4.5.33
Check: installed package size
Result: NOTE
     installed size is 6.2Mb
     sub-directories of 1Mb or more:
     libs 5.6Mb
Flavors: r-devel-linux-x86_64-fedora-clang, r-devel-linux-x86_64-fedora-gcc, r-release-osx-x86_64, r-oldrel-osx-x86_64

Version: 4.5.33
Check: whether package can be installed
Result: WARN
    Found the following significant warnings:
     d:/RCompile/CRANpkg/lib/3.6/BH/include/boost/interprocess/detail/win32_api.hpp:145:9: warning: ISO C++ prohibits anonymous structs [-Wpedantic]
     d:/RCompile/CRANpkg/lib/3.6/BH/include/boost/interprocess/detail/win32_api.hpp:153:9: warning: ISO C++ prohibits anonymous structs [-Wpedantic]
     d:/RCompile/CRANpkg/lib/3.6/BH/include/boost/interprocess/detail/win32_api.hpp:178:13: warning: ISO C++ prohibits anonymous structs [-Wpedantic]
     d:/RCompile/CRANpkg/lib/3.6/BH/include/boost/interprocess/detail/win32_api.hpp:180:7: warning: ISO C++ prohibits anonymous structs [-Wpedantic]
Flavor: r-devel-windows-ix86+x86_64