CRAN Package Check Results for Package bigrquery

Last updated on 2019-02-16 18:46:10 CET.

Flavor Version Tinstall Tcheck Ttotal Status Flags
r-devel-linux-x86_64-debian-clang 1.1.0 23.57 44.56 68.13 OK
r-devel-linux-x86_64-debian-gcc 1.1.0 19.12 33.99 53.11 OK
r-devel-linux-x86_64-fedora-clang 1.1.0 89.12 OK
r-devel-linux-x86_64-fedora-gcc 1.1.0 81.80 OK
r-devel-windows-ix86+x86_64 1.1.0 57.00 186.00 243.00 OK
r-patched-linux-x86_64 1.1.0 22.64 41.24 63.88 OK
r-patched-solaris-x86 1.1.0 9.40 ERROR
r-release-linux-x86_64 1.1.0 OK
r-release-windows-ix86+x86_64 1.1.0 42.00 98.00 140.00 OK
r-release-osx-x86_64 1.1.0 OK
r-oldrel-windows-ix86+x86_64 1.1.0 66.00 168.00 234.00 OK
r-oldrel-osx-x86_64 1.1.0 OK

Check Details

Version: 1.1.0
Check: whether package can be installed
Result: ERROR
    Installation failed.
Flavor: r-patched-solaris-x86