CRAN Package Check Results for Package bigrquery

Last updated on 2018-05-28 01:46:18 CEST.

Flavor Version Tinstall Tcheck Ttotal Status Flags
r-devel-linux-x86_64-debian-clang 1.0.0 20.55 39.59 60.14 WARN
r-devel-linux-x86_64-debian-gcc 1.0.0 16.75 33.79 50.54 OK
r-devel-linux-x86_64-fedora-clang 1.0.0 82.27 WARN
r-devel-linux-x86_64-fedora-gcc 1.0.0 80.49 OK
r-devel-windows-ix86+x86_64 1.0.0 45.00 90.00 135.00 WARN
r-patched-linux-x86_64 1.0.0 23.28 38.34 61.62 OK
r-patched-solaris-x86 1.0.0 8.40 ERROR
r-release-linux-x86_64 1.0.0 21.36 38.45 59.81 OK
r-release-windows-ix86+x86_64 1.0.0 55.00 93.00 148.00 OK
r-release-osx-x86_64 1.0.0 OK
r-oldrel-windows-ix86+x86_64 1.0.0 54.00 79.00 133.00 OK
r-oldrel-osx-x86_64 0.4.1 NOTE

Additional issues

gcc8

Check Details

Version: 1.0.0
Check: whether package can be installed
Result: WARN
    Found the following significant warnings:
     /home/hornik/tmp/R.check/r-devel-clang/Work/build/Packages/progress/include/RProgress.h:172:13: warning: variable length arrays are a C99 feature [-Wvla-extension]
     /home/hornik/tmp/R.check/r-devel-clang/Work/build/Packages/progress/include/RProgress.h:220:16: warning: variable length arrays are a C99 feature [-Wvla-extension]
Flavor: r-devel-linux-x86_64-debian-clang

Version: 1.0.0
Check: whether package can be installed
Result: WARN
    Found the following significant warnings:
     /data/gannet/ripley/R/test-clang/progress/include/RProgress.h:172:13: warning: variable length arrays are a C99 feature [-Wvla-extension]
     /data/gannet/ripley/R/test-clang/progress/include/RProgress.h:220:16: warning: variable length arrays are a C99 feature [-Wvla-extension]
Flavor: r-devel-linux-x86_64-fedora-clang

Version: 1.0.0
Check: whether package can be installed
Result: WARN
    Found the following significant warnings:
     d:/RCompile/CRANpkg/lib/3.6/progress/include/RProgress.h:172:27: warning: ISO C++ forbids variable length array 'bar' [-Wvla]
     d:/RCompile/CRANpkg/lib/3.6/progress/include/RProgress.h:220:26: warning: ISO C++ forbids variable length array 'spaces' [-Wvla]
Flavor: r-devel-windows-ix86+x86_64

Version: 1.0.0
Check: package dependencies
Result: NOTE
    Package suggested but not available for checking: ‘sodium’
Flavor: r-patched-solaris-x86

Version: 1.0.0
Check: whether package can be installed
Result: ERROR
    Installation failed.
Flavor: r-patched-solaris-x86

Version: 0.4.1
Check: package dependencies
Result: NOTE
    Package suggested but not available for checking: ‘dbplyr’
Flavor: r-oldrel-osx-x86_64