CRAN Package Check Results for Package bigrquery

Last updated on 2018-08-20 23:47:48 CEST.

Flavor Version Tinstall Tcheck Ttotal Status Flags
r-devel-linux-x86_64-debian-clang 1.0.0 24.25 45.20 69.45 OK
r-devel-linux-x86_64-debian-gcc 1.0.0 20.50 35.25 55.75 WARN
r-devel-linux-x86_64-fedora-clang 1.0.0 83.43 OK
r-devel-linux-x86_64-fedora-gcc 1.0.0 82.59 WARN
r-devel-windows-ix86+x86_64 1.0.0 54.00 81.00 135.00 OK
r-patched-linux-x86_64 1.0.0 24.24 39.28 63.52 WARN
r-patched-solaris-x86 1.0.0 8.60 ERROR
r-release-linux-x86_64 1.0.0 24.90 39.45 64.35 WARN
r-release-windows-ix86+x86_64 1.0.0 53.00 96.00 149.00 OK
r-release-osx-x86_64 1.0.0 OK
r-oldrel-windows-ix86+x86_64 1.0.0 41.00 82.00 123.00 OK
r-oldrel-osx-x86_64 1.0.0 OK

Check Details

Version: 1.0.0
Check: whether package can be installed
Result: WARN
    Found the following significant warnings:
     /home/hornik/tmp/R.check/r-devel-gcc/Work/build/Packages/rapidjsonr/include/rapidjson/document.h:2030:24: warning: ‘void* memcpy(void*, const void*, size_t)’ writing to an object of type ‘rapidjson::GenericValue<rapidjson::UTF8<> >::Member’ {aka ‘struct rapidjson::GenericMember<rapidjson::UTF8<>, rapidjson::MemoryPoolAllocator<> >’} with no trivial copy-assignment; use copy-assignment instead [-Wclass-memaccess]
     /home/hornik/tmp/R.check/r-devel-gcc/Work/build/Packages/rapidjsonr/include/rapidjson/document.h:2017:24: warning: ‘void* memcpy(void*, const void*, size_t)’ writing to an object of type ‘class rapidjson::GenericValue<rapidjson::UTF8<> >’ with no trivial copy-assignment; use copy-assignment or copy-initialization instead [-Wclass-memaccess]
Flavor: r-devel-linux-x86_64-debian-gcc

Version: 1.0.0
Check: whether package can be installed
Result: WARN
    Found the following significant warnings:
     /data/gannet/ripley/R/test-3.6/rapidjsonr/include/rapidjson/document.h:2030:24: warning: ‘void* memcpy(void*, const void*, size_t)’ writing to an object of type ‘rapidjson::GenericValue<rapidjson::UTF8<> >::Member’ {aka ‘struct rapidjson::GenericMember<rapidjson::UTF8<>, rapidjson::MemoryPoolAllocator<> >’} with no trivial copy-assignment; use copy-assignment instead [-Wclass-memaccess]
     /data/gannet/ripley/R/test-3.6/rapidjsonr/include/rapidjson/document.h:2017:24: warning: ‘void* memcpy(void*, const void*, size_t)’ writing to an object of type ‘class rapidjson::GenericValue<rapidjson::UTF8<> >’ with no trivial copy-assignment; use copy-assignment or copy-initialization instead [-Wclass-memaccess]
Flavor: r-devel-linux-x86_64-fedora-gcc

Version: 1.0.0
Check: whether package can be installed
Result: WARN
    Found the following significant warnings:
     /home/hornik/tmp/R.check/r-patched-gcc/Work/build/Packages/rapidjsonr/include/rapidjson/document.h:2030:24: warning: ‘void* memcpy(void*, const void*, size_t)’ writing to an object of type ‘rapidjson::GenericValue<rapidjson::UTF8<> >::Member’ {aka ‘struct rapidjson::GenericMember<rapidjson::UTF8<>, rapidjson::MemoryPoolAllocator<> >’} with no trivial copy-assignment; use copy-assignment instead [-Wclass-memaccess]
     /home/hornik/tmp/R.check/r-patched-gcc/Work/build/Packages/rapidjsonr/include/rapidjson/document.h:2017:24: warning: ‘void* memcpy(void*, const void*, size_t)’ writing to an object of type ‘class rapidjson::GenericValue<rapidjson::UTF8<> >’ with no trivial copy-assignment; use copy-assignment or copy-initialization instead [-Wclass-memaccess]
Flavor: r-patched-linux-x86_64

Version: 1.0.0
Check: package dependencies
Result: NOTE
    Package suggested but not available for checking: ‘sodium’
Flavor: r-patched-solaris-x86

Version: 1.0.0
Check: whether package can be installed
Result: ERROR
    Installation failed.
Flavor: r-patched-solaris-x86

Version: 1.0.0
Check: whether package can be installed
Result: WARN
    Found the following significant warnings:
     /home/hornik/tmp/R.check/r-release-gcc/Work/build/Packages/rapidjsonr/include/rapidjson/document.h:2030:24: warning: ‘void* memcpy(void*, const void*, size_t)’ writing to an object of type ‘rapidjson::GenericValue<rapidjson::UTF8<> >::Member’ {aka ‘struct rapidjson::GenericMember<rapidjson::UTF8<>, rapidjson::MemoryPoolAllocator<> >’} with no trivial copy-assignment; use copy-assignment instead [-Wclass-memaccess]
     /home/hornik/tmp/R.check/r-release-gcc/Work/build/Packages/rapidjsonr/include/rapidjson/document.h:2017:24: warning: ‘void* memcpy(void*, const void*, size_t)’ writing to an object of type ‘class rapidjson::GenericValue<rapidjson::UTF8<> >’ with no trivial copy-assignment; use copy-assignment or copy-initialization instead [-Wclass-memaccess]
Flavor: r-release-linux-x86_64