CRAN Package Check Results for Package bigrquery

Last updated on 2018-11-18 11:50:41 CET.

Flavor Version Tinstall Tcheck Ttotal Status Flags
r-devel-linux-x86_64-debian-clang 1.0.0 22.12 41.90 64.02 OK
r-devel-linux-x86_64-debian-gcc 1.0.0 20.51 33.08 53.59 OK
r-devel-linux-x86_64-fedora-clang 1.0.0 80.48 OK
r-devel-linux-x86_64-fedora-gcc 1.0.0 75.58 OK
r-devel-windows-ix86+x86_64 1.0.0 55.00 79.00 134.00 OK
r-patched-linux-x86_64 1.0.0 23.79 39.12 62.91 OK
r-patched-solaris-x86 1.0.0 9.70 ERROR
r-release-linux-x86_64 1.0.0 21.99 39.84 61.83 OK
r-release-windows-ix86+x86_64 1.0.0 55.00 106.00 161.00 OK
r-release-osx-x86_64 1.0.0 OK
r-oldrel-windows-ix86+x86_64 1.0.0 52.00 79.00 131.00 OK
r-oldrel-osx-x86_64 1.0.0 OK

Additional issues

gcc8

Check Details

Version: 1.0.0
Check: package dependencies
Result: NOTE
    Package suggested but not available for checking: ‘sodium’
Flavor: r-patched-solaris-x86

Version: 1.0.0
Check: whether package can be installed
Result: ERROR
    Installation failed.
Flavor: r-patched-solaris-x86