CRAN Package Check Results for Package bigrquery

Last updated on 2018-02-25 09:50:09 CET.

Flavor Version Tinstall Tcheck Ttotal Status Flags
r-devel-linux-x86_64-debian-clang 0.4.1 3.88 29.40 33.28 OK
r-devel-linux-x86_64-debian-gcc 0.4.1 2.99 23.74 26.73 OK
r-devel-linux-x86_64-fedora-clang 0.4.1 40.34 OK
r-devel-linux-x86_64-fedora-gcc 0.4.1 40.21 OK
r-devel-windows-ix86+x86_64 0.4.1 11.00 67.00 78.00 OK
r-patched-linux-x86_64 0.4.1 2.31 31.51 33.82 OK
r-patched-solaris-x86 0.4.1 56.10 OK
r-release-linux-x86_64 0.4.1 2.65 31.30 33.95 OK
r-release-windows-ix86+x86_64 0.4.1 14.00 74.00 88.00 OK
r-release-osx-x86_64 0.4.1 NOTE
r-oldrel-windows-ix86+x86_64 0.4.1 7.00 49.00 56.00 OK
r-oldrel-osx-x86_64 0.4.1 OK

Check Details

Version: 0.4.1
Check: package dependencies
Result: NOTE
    Package suggested but not available for checking: ‘dbplyr’
Flavor: r-release-osx-x86_64