CRAN Package Check Results for Package bigsnpr

Last updated on 2024-02-27 10:54:09 CET.

Flavor Version Tinstall Tcheck Ttotal Status Flags
r-devel-linux-x86_64-debian-clang 1.12.2 310.15 285.70 595.85 OK
r-devel-linux-x86_64-debian-gcc 1.12.2 218.15 210.31 428.46 OK
r-devel-linux-x86_64-fedora-clang 1.12.2 790.26 OK
r-devel-linux-x86_64-fedora-gcc 1.12.2 766.70 OK
r-devel-windows-x86_64 1.12.2 266.00 248.00 514.00 OK
r-patched-linux-x86_64 1.12.2 201.91 265.15 467.06 OK
r-release-linux-x86_64 1.12.2 207.93 266.84 474.77 OK
r-release-macos-arm64 1.12.2 206.00 NOTE
r-release-macos-x86_64 1.12.2 327.00 NOTE
r-release-windows-x86_64 1.12.2 345.00 322.00 667.00 OK
r-oldrel-macos-arm64 1.12.2 199.00 NOTE
r-oldrel-windows-x86_64 1.12.2 319.00 305.00 624.00 OK

Check Details

Version: 1.12.2
Check: installed package size
Result: NOTE installed size is 9.4Mb sub-directories of 1Mb or more: libs 8.0Mb Flavors: r-release-macos-arm64, r-release-macos-x86_64, r-oldrel-macos-arm64

Version: 1.12.2
Check: package dependencies
Result: NOTE Package suggested but not available for checking: ‘gaston’ Flavor: r-release-macos-x86_64