CRAN Package Check Results for Package bigtime

Last updated on 2024-03-04 02:59:14 CET.

Flavor Version Tinstall Tcheck Ttotal Status Flags
r-devel-linux-x86_64-debian-clang 0.2.3 78.01 62.42 140.43 OK
r-devel-linux-x86_64-debian-gcc 0.2.3 61.22 48.05 109.27 OK
r-devel-linux-x86_64-fedora-clang 0.2.3 195.67 OK
r-devel-linux-x86_64-fedora-gcc 0.2.3 195.98 OK
r-devel-windows-x86_64 0.2.3 62.00 92.00 154.00 OK
r-patched-linux-x86_64 0.2.3 75.23 62.63 137.86 OK
r-release-linux-x86_64 0.2.3 70.87 62.91 133.78 OK
r-release-macos-arm64 0.2.3 53.00 NOTE
r-release-macos-x86_64 0.2.3 82.00 NOTE
r-release-windows-x86_64 0.2.3 77.00 107.00 184.00 OK
r-oldrel-macos-arm64 0.2.3 54.00 NOTE
r-oldrel-windows-x86_64 0.2.3 76.00 113.00 189.00 OK

Check Details

Version: 0.2.3
Check: installed package size
Result: NOTE installed size is 5.7Mb sub-directories of 1Mb or more: libs 4.6Mb Flavors: r-release-macos-arm64, r-release-macos-x86_64, r-oldrel-macos-arm64