CRAN Package Check Results for Package bigtime

Last updated on 2019-09-15 08:47:13 CEST.

Flavor Version Tinstall Tcheck Ttotal Status Flags
r-devel-linux-x86_64-debian-clang 0.1.0 34.31 51.07 85.38 OK
r-devel-linux-x86_64-debian-gcc 0.1.0 27.88 39.06 66.94 OK
r-devel-linux-x86_64-fedora-clang 0.1.0 110.54 NOTE
r-devel-linux-x86_64-fedora-gcc 0.1.0 111.28 NOTE
r-devel-windows-ix86+x86_64 0.1.0 85.00 129.00 214.00 OK
r-patched-linux-x86_64 0.1.0 30.64 50.01 80.65 OK
r-patched-solaris-x86 0.1.0 126.70 NOTE
r-release-linux-x86_64 0.1.0 31.83 50.39 82.22 OK
r-release-windows-ix86+x86_64 0.1.0 64.00 99.00 163.00 OK
r-release-osx-x86_64 0.1.0 NOTE
r-oldrel-windows-ix86+x86_64 0.1.0 81.00 96.00 177.00 OK
r-oldrel-osx-x86_64 0.1.0 NOTE

Check Details

Version: 0.1.0
Check: dependencies in R code
Result: NOTE
    Namespaces in Imports field not imported from:
     ‘MASS’ ‘lattice’ ‘zoo’
     All declared Imports should be used.
Flavors: r-devel-linux-x86_64-fedora-clang, r-devel-linux-x86_64-fedora-gcc, r-patched-solaris-x86, r-release-osx-x86_64, r-oldrel-osx-x86_64