CRAN Package Check Results for Package bikedata

Last updated on 2018-02-24 16:48:44 CET.

Flavor Version Tinstall Tcheck Ttotal Status Flags
r-devel-linux-x86_64-debian-clang 0.1.0 89.66 88.84 178.50 ERROR
r-devel-linux-x86_64-debian-gcc 0.1.0 72.22 69.34 141.56 ERROR
r-devel-linux-x86_64-fedora-clang 0.1.0 244.93 ERROR
r-devel-linux-x86_64-fedora-gcc 0.1.0 197.07 ERROR
r-devel-windows-ix86+x86_64 0.1.0 180.00 269.00 449.00 ERROR
r-patched-linux-x86_64 0.1.0 75.51 97.90 173.41 ERROR
r-patched-solaris-x86 0.1.0 6.40 ERROR
r-release-linux-x86_64 0.1.0 73.51 99.01 172.52 ERROR
r-release-windows-ix86+x86_64 0.1.0 182.00 224.00 406.00 ERROR
r-release-osx-x86_64 0.1.0 NOTE
r-oldrel-windows-ix86+x86_64 0.1.0 139.00 211.00 350.00 ERROR
r-oldrel-osx-x86_64 0.1.0 NOTE

Additional issues

valgrind

Check Details

Version: 0.1.0
Check: tests
Result: ERROR
     Running ‘testthat.R’ [26s/48s]
    Running the tests in ‘tests/testthat.R’ failed.
    Complete output:
     > library(testthat)
     > library(bikedata)
     Data for London, U.K. powered by TfL Open Data:
     Contains OS data Ⓒ Crown copyright and database rights 2016
     Data for New York City provided and owned by:
     NYC Bike Share, LLC and Jersey City Bike Share, LLC ("Bikeshare")
     see https://www.citibikenyc.com/data-sharing-policy
     Data for Washington DC (Captialbikeshare), Chiago (Divvybikes) and Boston (Hubway)
     provided and owned by Motivate International Inc.
     see https://www.capitalbikeshare.com/data-license-agreement
     and https://www.divvybikes.com/data-license-agreement
     and https://www.thehubway.com/data-license-agreement
     >
     > test_check("bikedata")
     ── 1. Failure: dl_bikedata dc (@test-download-data.R#58) ──────────────────────
     `dl_bikedata(city = "dc", data_dir = tempdir(), dates = d)` produced unexpected messages.
     Expected match: All data files already exist
     Actual values:
     * There are no dc files for those dates
    
    
     ── 2. Failure: dl_bikedata dc (@test-download-data.R#58) ──────────────────────
     `dl_bikedata(city = "dc", data_dir = tempdir(), dates = d)` produced unexpected messages.
     Expected match: All data files already exist
     Actual values:
     * There are no dc files for those dates
    
    
     ── 3. Failure: dl_bikedata dc (@test-download-data.R#58) ──────────────────────
     `dl_bikedata(city = "dc", data_dir = tempdir(), dates = d)` produced unexpected messages.
     Expected match: All data files already exist
     Actual values:
     * There are no dc files for those dates
    
    
     ── 4. Failure: dl_bikedata dc (@test-download-data.R#58) ──────────────────────
     `dl_bikedata(city = "dc", data_dir = tempdir(), dates = d)` produced unexpected messages.
     Expected match: All data files already exist
     Actual values:
     * There are no dc files for those dates
    
    
     ── 5. Failure: dl_bikedata dc (@test-download-data.R#58) ──────────────────────
     `dl_bikedata(city = "dc", data_dir = tempdir(), dates = d)` produced unexpected messages.
     Expected match: All data files already exist
     Actual values:
     * There are no dc files for those dates
    
    
     ── 6. Failure: dl_bikedata dc (@test-download-data.R#58) ──────────────────────
     `dl_bikedata(city = "dc", data_dir = tempdir(), dates = d)` produced unexpected messages.
     Expected match: All data files already exist
     Actual values:
     * There are no dc files for those dates
    
    
     ── 7. Failure: dl_bikedata dc (@test-download-data.R#58) ──────────────────────
     `dl_bikedata(city = "dc", data_dir = tempdir(), dates = d)` produced unexpected messages.
     Expected match: All data files already exist
     Actual values:
     * There are no dc files for those dates
    
    
     ── 8. Failure: dl_bikedata dc (@test-download-data.R#58) ──────────────────────
     `dl_bikedata(city = "dc", data_dir = tempdir(), dates = d)` produced unexpected messages.
     Expected match: All data files already exist
     Actual values:
     * There are no dc files for those dates
    
    
     ── 9. Failure: dl_bikedata dc (@test-download-data.R#58) ──────────────────────
     `dl_bikedata(city = "dc", data_dir = tempdir(), dates = d)` produced unexpected messages.
     Expected match: All data files already exist
     Actual values:
     * There are no dc files for those dates
    
    
     ── 10. Failure: dl_bikedata dc (@test-download-data.R#58) ─────────────────────
     `dl_bikedata(city = "dc", data_dir = tempdir(), dates = d)` produced unexpected messages.
     Expected match: All data files already exist
     Actual values:
     * There are no dc files for those dates
    
    
     adding: tmp/RtmpofxVWD/Divvy_Trips_sample/ (stored 0%)
     adding: tmp/RtmpofxVWD/Divvy_Trips_sample/Divvy_Trips_sample.csv (deflated 79%)
     adding: tmp/RtmpofxVWD/Divvy_Trips_sample/Divvy_Stations.csv (deflated 68%)
     adding: tmp/RtmpofxVWD/201604-hubway-tripdata.csv (deflated 84%)
     adding: tmp/RtmpofxVWD/2017-Q1-Trips-History-Data.csv (deflated 78%)
     adding: tmp/RtmpofxVWD/la_metro_gbfs_trips_Q1_2017.csv (deflated 85%)
     adding: tmp/RtmpofxVWD/01aJourneyDataExtract10Jan16-23Jan16.csv (deflated 74%)
     adding: tmp/RtmpofxVWD/201612-citibike-tripdata.csv (deflated 74%)
     ══ testthat results ═══════════════════════════════════════════════════════════
     OK: 133 SKIPPED: 1 FAILED: 10
     1. Failure: dl_bikedata dc (@test-download-data.R#58)
     2. Failure: dl_bikedata dc (@test-download-data.R#58)
     3. Failure: dl_bikedata dc (@test-download-data.R#58)
     4. Failure: dl_bikedata dc (@test-download-data.R#58)
     5. Failure: dl_bikedata dc (@test-download-data.R#58)
     6. Failure: dl_bikedata dc (@test-download-data.R#58)
     7. Failure: dl_bikedata dc (@test-download-data.R#58)
     8. Failure: dl_bikedata dc (@test-download-data.R#58)
     9. Failure: dl_bikedata dc (@test-download-data.R#58)
     10. Failure: dl_bikedata dc (@test-download-data.R#58)
    
     Error: testthat unit tests failed
     Execution halted
Flavor: r-devel-linux-x86_64-debian-clang

Version: 0.1.0
Check: tests
Result: ERROR
     Running ‘testthat.R’ [19s/50s]
    Running the tests in ‘tests/testthat.R’ failed.
    Complete output:
     > library(testthat)
     > library(bikedata)
     Data for London, U.K. powered by TfL Open Data:
     Contains OS data Ⓒ Crown copyright and database rights 2016
     Data for New York City provided and owned by:
     NYC Bike Share, LLC and Jersey City Bike Share, LLC ("Bikeshare")
     see https://www.citibikenyc.com/data-sharing-policy
     Data for Washington DC (Captialbikeshare), Chiago (Divvybikes) and Boston (Hubway)
     provided and owned by Motivate International Inc.
     see https://www.capitalbikeshare.com/data-license-agreement
     and https://www.divvybikes.com/data-license-agreement
     and https://www.thehubway.com/data-license-agreement
     >
     > test_check("bikedata")
     ── 1. Failure: dl_bikedata dc (@test-download-data.R#58) ──────────────────────
     `dl_bikedata(city = "dc", data_dir = tempdir(), dates = d)` produced unexpected messages.
     Expected match: All data files already exist
     Actual values:
     * There are no dc files for those dates
    
    
     ── 2. Failure: dl_bikedata dc (@test-download-data.R#58) ──────────────────────
     `dl_bikedata(city = "dc", data_dir = tempdir(), dates = d)` produced unexpected messages.
     Expected match: All data files already exist
     Actual values:
     * There are no dc files for those dates
    
    
     ── 3. Failure: dl_bikedata dc (@test-download-data.R#58) ──────────────────────
     `dl_bikedata(city = "dc", data_dir = tempdir(), dates = d)` produced unexpected messages.
     Expected match: All data files already exist
     Actual values:
     * There are no dc files for those dates
    
    
     ── 4. Failure: dl_bikedata dc (@test-download-data.R#58) ──────────────────────
     `dl_bikedata(city = "dc", data_dir = tempdir(), dates = d)` produced unexpected messages.
     Expected match: All data files already exist
     Actual values:
     * There are no dc files for those dates
    
    
     ── 5. Failure: dl_bikedata dc (@test-download-data.R#58) ──────────────────────
     `dl_bikedata(city = "dc", data_dir = tempdir(), dates = d)` produced unexpected messages.
     Expected match: All data files already exist
     Actual values:
     * There are no dc files for those dates
    
    
     ── 6. Failure: dl_bikedata dc (@test-download-data.R#58) ──────────────────────
     `dl_bikedata(city = "dc", data_dir = tempdir(), dates = d)` produced unexpected messages.
     Expected match: All data files already exist
     Actual values:
     * There are no dc files for those dates
    
    
     ── 7. Failure: dl_bikedata dc (@test-download-data.R#58) ──────────────────────
     `dl_bikedata(city = "dc", data_dir = tempdir(), dates = d)` produced unexpected messages.
     Expected match: All data files already exist
     Actual values:
     * There are no dc files for those dates
    
    
     ── 8. Failure: dl_bikedata dc (@test-download-data.R#58) ──────────────────────
     `dl_bikedata(city = "dc", data_dir = tempdir(), dates = d)` produced unexpected messages.
     Expected match: All data files already exist
     Actual values:
     * There are no dc files for those dates
    
    
     ── 9. Failure: dl_bikedata dc (@test-download-data.R#58) ──────────────────────
     `dl_bikedata(city = "dc", data_dir = tempdir(), dates = d)` produced unexpected messages.
     Expected match: All data files already exist
     Actual values:
     * There are no dc files for those dates
    
    
     ── 10. Failure: dl_bikedata dc (@test-download-data.R#58) ─────────────────────
     `dl_bikedata(city = "dc", data_dir = tempdir(), dates = d)` produced unexpected messages.
     Expected match: All data files already exist
     Actual values:
     * There are no dc files for those dates
    
    
     adding: tmp/RtmpFoOxNO/Divvy_Trips_sample/ (stored 0%)
     adding: tmp/RtmpFoOxNO/Divvy_Trips_sample/Divvy_Stations.csv (deflated 68%)
     adding: tmp/RtmpFoOxNO/Divvy_Trips_sample/Divvy_Trips_sample.csv (deflated 79%)
     adding: tmp/RtmpFoOxNO/201604-hubway-tripdata.csv (deflated 84%)
     adding: tmp/RtmpFoOxNO/2017-Q1-Trips-History-Data.csv (deflated 78%)
     adding: tmp/RtmpFoOxNO/la_metro_gbfs_trips_Q1_2017.csv (deflated 85%)
     adding: tmp/RtmpFoOxNO/01aJourneyDataExtract10Jan16-23Jan16.csv (deflated 74%)
     adding: tmp/RtmpFoOxNO/201612-citibike-tripdata.csv (deflated 74%)
     ══ testthat results ═══════════════════════════════════════════════════════════
     OK: 133 SKIPPED: 1 FAILED: 10
     1. Failure: dl_bikedata dc (@test-download-data.R#58)
     2. Failure: dl_bikedata dc (@test-download-data.R#58)
     3. Failure: dl_bikedata dc (@test-download-data.R#58)
     4. Failure: dl_bikedata dc (@test-download-data.R#58)
     5. Failure: dl_bikedata dc (@test-download-data.R#58)
     6. Failure: dl_bikedata dc (@test-download-data.R#58)
     7. Failure: dl_bikedata dc (@test-download-data.R#58)
     8. Failure: dl_bikedata dc (@test-download-data.R#58)
     9. Failure: dl_bikedata dc (@test-download-data.R#58)
     10. Failure: dl_bikedata dc (@test-download-data.R#58)
    
     Error: testthat unit tests failed
     Execution halted
Flavor: r-devel-linux-x86_64-debian-gcc

Version: 0.1.0
Check: installed package size
Result: NOTE
     installed size is 10.9Mb
     sub-directories of 1Mb or more:
     doc 2.6Mb
     libs 7.6Mb
Flavors: r-devel-linux-x86_64-fedora-clang, r-devel-linux-x86_64-fedora-gcc, r-devel-windows-ix86+x86_64, r-release-windows-ix86+x86_64, r-release-osx-x86_64, r-oldrel-windows-ix86+x86_64, r-oldrel-osx-x86_64

Version: 0.1.0
Check: tests
Result: ERROR
     Running ‘testthat.R’ [27s/44s]
    Running the tests in ‘tests/testthat.R’ failed.
    Complete output:
     > library(testthat)
     > library(bikedata)
     Data for London, U.K. powered by TfL Open Data:
     Contains OS data Ⓒ Crown copyright and database rights 2016
     Data for New York City provided and owned by:
     NYC Bike Share, LLC and Jersey City Bike Share, LLC ("Bikeshare")
     see https://www.citibikenyc.com/data-sharing-policy
     Data for Washington DC (Captialbikeshare), Chiago (Divvybikes) and Boston (Hubway)
     provided and owned by Motivate International Inc.
     see https://www.capitalbikeshare.com/data-license-agreement
     and https://www.divvybikes.com/data-license-agreement
     and https://www.thehubway.com/data-license-agreement
     >
     > test_check("bikedata")
     ── 1. Failure: dl_bikedata dc (@test-download-data.R#58) ──────────────────────
     `dl_bikedata(city = "dc", data_dir = tempdir(), dates = d)` produced unexpected messages.
     Expected match: All data files already exist
     Actual values:
     * There are no dc files for those dates
    
    
     ── 2. Failure: dl_bikedata dc (@test-download-data.R#58) ──────────────────────
     `dl_bikedata(city = "dc", data_dir = tempdir(), dates = d)` produced unexpected messages.
     Expected match: All data files already exist
     Actual values:
     * There are no dc files for those dates
    
    
     ── 3. Failure: dl_bikedata dc (@test-download-data.R#58) ──────────────────────
     `dl_bikedata(city = "dc", data_dir = tempdir(), dates = d)` produced unexpected messages.
     Expected match: All data files already exist
     Actual values:
     * There are no dc files for those dates
    
    
     ── 4. Failure: dl_bikedata dc (@test-download-data.R#58) ──────────────────────
     `dl_bikedata(city = "dc", data_dir = tempdir(), dates = d)` produced unexpected messages.
     Expected match: All data files already exist
     Actual values:
     * There are no dc files for those dates
    
    
     ── 5. Failure: dl_bikedata dc (@test-download-data.R#58) ──────────────────────
     `dl_bikedata(city = "dc", data_dir = tempdir(), dates = d)` produced unexpected messages.
     Expected match: All data files already exist
     Actual values:
     * There are no dc files for those dates
    
    
     ── 6. Failure: dl_bikedata dc (@test-download-data.R#58) ──────────────────────
     `dl_bikedata(city = "dc", data_dir = tempdir(), dates = d)` produced unexpected messages.
     Expected match: All data files already exist
     Actual values:
     * There are no dc files for those dates
    
    
     ── 7. Failure: dl_bikedata dc (@test-download-data.R#58) ──────────────────────
     `dl_bikedata(city = "dc", data_dir = tempdir(), dates = d)` produced unexpected messages.
     Expected match: All data files already exist
     Actual values:
     * There are no dc files for those dates
    
    
     ── 8. Failure: dl_bikedata dc (@test-download-data.R#58) ──────────────────────
     `dl_bikedata(city = "dc", data_dir = tempdir(), dates = d)` produced unexpected messages.
     Expected match: All data files already exist
     Actual values:
     * There are no dc files for those dates
    
    
     ── 9. Failure: dl_bikedata dc (@test-download-data.R#58) ──────────────────────
     `dl_bikedata(city = "dc", data_dir = tempdir(), dates = d)` produced unexpected messages.
     Expected match: All data files already exist
     Actual values:
     * There are no dc files for those dates
    
    
     ── 10. Failure: dl_bikedata dc (@test-download-data.R#58) ─────────────────────
     `dl_bikedata(city = "dc", data_dir = tempdir(), dates = d)` produced unexpected messages.
     Expected match: All data files already exist
     Actual values:
     * There are no dc files for those dates
    
    
     adding: tmp/Rtmpc7eWx6/Divvy_Trips_sample/ (stored 0%)
     adding: tmp/Rtmpc7eWx6/Divvy_Trips_sample/Divvy_Trips_sample.csv (deflated 79%)
     adding: tmp/Rtmpc7eWx6/Divvy_Trips_sample/Divvy_Stations.csv (deflated 68%)
     adding: tmp/Rtmpc7eWx6/201604-hubway-tripdata.csv (deflated 84%)
     adding: tmp/Rtmpc7eWx6/2017-Q1-Trips-History-Data.csv (deflated 78%)
     adding: tmp/Rtmpc7eWx6/la_metro_gbfs_trips_Q1_2017.csv (deflated 85%)
     adding: tmp/Rtmpc7eWx6/01aJourneyDataExtract10Jan16-23Jan16.csv (deflated 74%)
     adding: tmp/Rtmpc7eWx6/201612-citibike-tripdata.csv (deflated 74%)
     ══ testthat results ═══════════════════════════════════════════════════════════
     OK: 133 SKIPPED: 1 FAILED: 10
     1. Failure: dl_bikedata dc (@test-download-data.R#58)
     2. Failure: dl_bikedata dc (@test-download-data.R#58)
     3. Failure: dl_bikedata dc (@test-download-data.R#58)
     4. Failure: dl_bikedata dc (@test-download-data.R#58)
     5. Failure: dl_bikedata dc (@test-download-data.R#58)
     6. Failure: dl_bikedata dc (@test-download-data.R#58)
     7. Failure: dl_bikedata dc (@test-download-data.R#58)
     8. Failure: dl_bikedata dc (@test-download-data.R#58)
     9. Failure: dl_bikedata dc (@test-download-data.R#58)
     10. Failure: dl_bikedata dc (@test-download-data.R#58)
    
     Error: testthat unit tests failed
     Execution halted
Flavor: r-devel-linux-x86_64-fedora-clang

Version: 0.1.0
Check: tests
Result: ERROR
     Running ‘testthat.R’ [26s/44s]
    Running the tests in ‘tests/testthat.R’ failed.
    Complete output:
     > library(testthat)
     > library(bikedata)
     Data for London, U.K. powered by TfL Open Data:
     Contains OS data Ⓒ Crown copyright and database rights 2016
     Data for New York City provided and owned by:
     NYC Bike Share, LLC and Jersey City Bike Share, LLC ("Bikeshare")
     see https://www.citibikenyc.com/data-sharing-policy
     Data for Washington DC (Captialbikeshare), Chiago (Divvybikes) and Boston (Hubway)
     provided and owned by Motivate International Inc.
     see https://www.capitalbikeshare.com/data-license-agreement
     and https://www.divvybikes.com/data-license-agreement
     and https://www.thehubway.com/data-license-agreement
     >
     > test_check("bikedata")
     ── 1. Failure: dl_bikedata dc (@test-download-data.R#58) ──────────────────────
     `dl_bikedata(city = "dc", data_dir = tempdir(), dates = d)` produced unexpected messages.
     Expected match: All data files already exist
     Actual values:
     * There are no dc files for those dates
    
    
     ── 2. Failure: dl_bikedata dc (@test-download-data.R#58) ──────────────────────
     `dl_bikedata(city = "dc", data_dir = tempdir(), dates = d)` produced unexpected messages.
     Expected match: All data files already exist
     Actual values:
     * There are no dc files for those dates
    
    
     ── 3. Failure: dl_bikedata dc (@test-download-data.R#58) ──────────────────────
     `dl_bikedata(city = "dc", data_dir = tempdir(), dates = d)` produced unexpected messages.
     Expected match: All data files already exist
     Actual values:
     * There are no dc files for those dates
    
    
     ── 4. Failure: dl_bikedata dc (@test-download-data.R#58) ──────────────────────
     `dl_bikedata(city = "dc", data_dir = tempdir(), dates = d)` produced unexpected messages.
     Expected match: All data files already exist
     Actual values:
     * There are no dc files for those dates
    
    
     ── 5. Failure: dl_bikedata dc (@test-download-data.R#58) ──────────────────────
     `dl_bikedata(city = "dc", data_dir = tempdir(), dates = d)` produced unexpected messages.
     Expected match: All data files already exist
     Actual values:
     * There are no dc files for those dates
    
    
     ── 6. Failure: dl_bikedata dc (@test-download-data.R#58) ──────────────────────
     `dl_bikedata(city = "dc", data_dir = tempdir(), dates = d)` produced unexpected messages.
     Expected match: All data files already exist
     Actual values:
     * There are no dc files for those dates
    
    
     ── 7. Failure: dl_bikedata dc (@test-download-data.R#58) ──────────────────────
     `dl_bikedata(city = "dc", data_dir = tempdir(), dates = d)` produced unexpected messages.
     Expected match: All data files already exist
     Actual values:
     * There are no dc files for those dates
    
    
     ── 8. Failure: dl_bikedata dc (@test-download-data.R#58) ──────────────────────
     `dl_bikedata(city = "dc", data_dir = tempdir(), dates = d)` produced unexpected messages.
     Expected match: All data files already exist
     Actual values:
     * There are no dc files for those dates
    
    
     ── 9. Failure: dl_bikedata dc (@test-download-data.R#58) ──────────────────────
     `dl_bikedata(city = "dc", data_dir = tempdir(), dates = d)` produced unexpected messages.
     Expected match: All data files already exist
     Actual values:
     * There are no dc files for those dates
    
    
     ── 10. Failure: dl_bikedata dc (@test-download-data.R#58) ─────────────────────
     `dl_bikedata(city = "dc", data_dir = tempdir(), dates = d)` produced unexpected messages.
     Expected match: All data files already exist
     Actual values:
     * There are no dc files for those dates
    
    
     adding: tmp/Rtmptcvodu/Divvy_Trips_sample/ (stored 0%)
     adding: tmp/Rtmptcvodu/Divvy_Trips_sample/Divvy_Trips_sample.csv (deflated 79%)
     adding: tmp/Rtmptcvodu/Divvy_Trips_sample/Divvy_Stations.csv (deflated 68%)
     adding: tmp/Rtmptcvodu/201604-hubway-tripdata.csv (deflated 84%)
     adding: tmp/Rtmptcvodu/2017-Q1-Trips-History-Data.csv (deflated 78%)
     adding: tmp/Rtmptcvodu/la_metro_gbfs_trips_Q1_2017.csv (deflated 85%)
     adding: tmp/Rtmptcvodu/01aJourneyDataExtract10Jan16-23Jan16.csv (deflated 74%)
     adding: tmp/Rtmptcvodu/201612-citibike-tripdata.csv (deflated 74%)
     ══ testthat results ═══════════════════════════════════════════════════════════
     OK: 133 SKIPPED: 1 FAILED: 10
     1. Failure: dl_bikedata dc (@test-download-data.R#58)
     2. Failure: dl_bikedata dc (@test-download-data.R#58)
     3. Failure: dl_bikedata dc (@test-download-data.R#58)
     4. Failure: dl_bikedata dc (@test-download-data.R#58)
     5. Failure: dl_bikedata dc (@test-download-data.R#58)
     6. Failure: dl_bikedata dc (@test-download-data.R#58)
     7. Failure: dl_bikedata dc (@test-download-data.R#58)
     8. Failure: dl_bikedata dc (@test-download-data.R#58)
     9. Failure: dl_bikedata dc (@test-download-data.R#58)
     10. Failure: dl_bikedata dc (@test-download-data.R#58)
    
     Error: testthat unit tests failed
     Execution halted
Flavor: r-devel-linux-x86_64-fedora-gcc

Version: 0.1.0
Check: running tests for arch ‘i386’
Result: ERROR
     Running 'testthat.R' [46s]
    Running the tests in 'tests/testthat.R' failed.
    Last 13 lines of output:
     == testthat results ===========================================================
     OK: 133 SKIPPED: 1 FAILED: 10
     1. Failure: dl_bikedata dc (@test-download-data.R#58)
     2. Failure: dl_bikedata dc (@test-download-data.R#58)
     3. Failure: dl_bikedata dc (@test-download-data.R#58)
     4. Failure: dl_bikedata dc (@test-download-data.R#58)
     5. Failure: dl_bikedata dc (@test-download-data.R#58)
     6. Failure: dl_bikedata dc (@test-download-data.R#58)
     7. Failure: dl_bikedata dc (@test-download-data.R#58)
     8. Failure: dl_bikedata dc (@test-download-data.R#58)
     9. Failure: dl_bikedata dc (@test-download-data.R#58)
     10. Failure: dl_bikedata dc (@test-download-data.R#58)
    
     Error: testthat unit tests failed
     Execution halted
Flavor: r-devel-windows-ix86+x86_64

Version: 0.1.0
Check: running tests for arch ‘x64’
Result: ERROR
     Running 'testthat.R' [45s]
    Running the tests in 'tests/testthat.R' failed.
    Last 13 lines of output:
     == testthat results ===========================================================
     OK: 133 SKIPPED: 1 FAILED: 10
     1. Failure: dl_bikedata dc (@test-download-data.R#58)
     2. Failure: dl_bikedata dc (@test-download-data.R#58)
     3. Failure: dl_bikedata dc (@test-download-data.R#58)
     4. Failure: dl_bikedata dc (@test-download-data.R#58)
     5. Failure: dl_bikedata dc (@test-download-data.R#58)
     6. Failure: dl_bikedata dc (@test-download-data.R#58)
     7. Failure: dl_bikedata dc (@test-download-data.R#58)
     8. Failure: dl_bikedata dc (@test-download-data.R#58)
     9. Failure: dl_bikedata dc (@test-download-data.R#58)
     10. Failure: dl_bikedata dc (@test-download-data.R#58)
    
     Error: testthat unit tests failed
     Execution halted
Flavor: r-devel-windows-ix86+x86_64

Version: 0.1.0
Check: tests
Result: ERROR
     Running ‘testthat.R’ [30s/53s]
    Running the tests in ‘tests/testthat.R’ failed.
    Complete output:
     > library(testthat)
     > library(bikedata)
     Data for London, U.K. powered by TfL Open Data:
     Contains OS data Ⓒ Crown copyright and database rights 2016
     Data for New York City provided and owned by:
     NYC Bike Share, LLC and Jersey City Bike Share, LLC ("Bikeshare")
     see https://www.citibikenyc.com/data-sharing-policy
     Data for Washington DC (Captialbikeshare), Chiago (Divvybikes) and Boston (Hubway)
     provided and owned by Motivate International Inc.
     see https://www.capitalbikeshare.com/data-license-agreement
     and https://www.divvybikes.com/data-license-agreement
     and https://www.thehubway.com/data-license-agreement
     >
     > test_check("bikedata")
     ── 1. Failure: dl_bikedata dc (@test-download-data.R#58) ──────────────────────
     `dl_bikedata(city = "dc", data_dir = tempdir(), dates = d)` produced unexpected messages.
     Expected match: All data files already exist
     Actual values:
     * There are no dc files for those dates
    
    
     ── 2. Failure: dl_bikedata dc (@test-download-data.R#58) ──────────────────────
     `dl_bikedata(city = "dc", data_dir = tempdir(), dates = d)` produced unexpected messages.
     Expected match: All data files already exist
     Actual values:
     * There are no dc files for those dates
    
    
     ── 3. Failure: dl_bikedata dc (@test-download-data.R#58) ──────────────────────
     `dl_bikedata(city = "dc", data_dir = tempdir(), dates = d)` produced unexpected messages.
     Expected match: All data files already exist
     Actual values:
     * There are no dc files for those dates
    
    
     ── 4. Failure: dl_bikedata dc (@test-download-data.R#58) ──────────────────────
     `dl_bikedata(city = "dc", data_dir = tempdir(), dates = d)` produced unexpected messages.
     Expected match: All data files already exist
     Actual values:
     * There are no dc files for those dates
    
    
     ── 5. Failure: dl_bikedata dc (@test-download-data.R#58) ──────────────────────
     `dl_bikedata(city = "dc", data_dir = tempdir(), dates = d)` produced unexpected messages.
     Expected match: All data files already exist
     Actual values:
     * There are no dc files for those dates
    
    
     ── 6. Failure: dl_bikedata dc (@test-download-data.R#58) ──────────────────────
     `dl_bikedata(city = "dc", data_dir = tempdir(), dates = d)` produced unexpected messages.
     Expected match: All data files already exist
     Actual values:
     * There are no dc files for those dates
    
    
     ── 7. Failure: dl_bikedata dc (@test-download-data.R#58) ──────────────────────
     `dl_bikedata(city = "dc", data_dir = tempdir(), dates = d)` produced unexpected messages.
     Expected match: All data files already exist
     Actual values:
     * There are no dc files for those dates
    
    
     ── 8. Failure: dl_bikedata dc (@test-download-data.R#58) ──────────────────────
     `dl_bikedata(city = "dc", data_dir = tempdir(), dates = d)` produced unexpected messages.
     Expected match: All data files already exist
     Actual values:
     * There are no dc files for those dates
    
    
     ── 9. Failure: dl_bikedata dc (@test-download-data.R#58) ──────────────────────
     `dl_bikedata(city = "dc", data_dir = tempdir(), dates = d)` produced unexpected messages.
     Expected match: All data files already exist
     Actual values:
     * There are no dc files for those dates
    
    
     ── 10. Failure: dl_bikedata dc (@test-download-data.R#58) ─────────────────────
     `dl_bikedata(city = "dc", data_dir = tempdir(), dates = d)` produced unexpected messages.
     Expected match: All data files already exist
     Actual values:
     * There are no dc files for those dates
    
    
     adding: tmp/RtmpILlzd5/Divvy_Trips_sample/ (stored 0%)
     adding: tmp/RtmpILlzd5/Divvy_Trips_sample/Divvy_Trips_sample.csv (deflated 79%)
     adding: tmp/RtmpILlzd5/Divvy_Trips_sample/Divvy_Stations.csv (deflated 68%)
     adding: tmp/RtmpILlzd5/201604-hubway-tripdata.csv (deflated 84%)
     adding: tmp/RtmpILlzd5/2017-Q1-Trips-History-Data.csv (deflated 78%)
     adding: tmp/RtmpILlzd5/la_metro_gbfs_trips_Q1_2017.csv (deflated 85%)
     adding: tmp/RtmpILlzd5/01aJourneyDataExtract10Jan16-23Jan16.csv (deflated 74%)
     adding: tmp/RtmpILlzd5/201612-citibike-tripdata.csv (deflated 74%)
     ══ testthat results ═══════════════════════════════════════════════════════════
     OK: 133 SKIPPED: 1 FAILED: 10
     1. Failure: dl_bikedata dc (@test-download-data.R#58)
     2. Failure: dl_bikedata dc (@test-download-data.R#58)
     3. Failure: dl_bikedata dc (@test-download-data.R#58)
     4. Failure: dl_bikedata dc (@test-download-data.R#58)
     5. Failure: dl_bikedata dc (@test-download-data.R#58)
     6. Failure: dl_bikedata dc (@test-download-data.R#58)
     7. Failure: dl_bikedata dc (@test-download-data.R#58)
     8. Failure: dl_bikedata dc (@test-download-data.R#58)
     9. Failure: dl_bikedata dc (@test-download-data.R#58)
     10. Failure: dl_bikedata dc (@test-download-data.R#58)
    
     Error: testthat unit tests failed
     Execution halted
Flavor: r-patched-linux-x86_64

Version: 0.1.0
Check: whether package can be installed
Result: ERROR
    Installation failed.
Flavor: r-patched-solaris-x86

Version: 0.1.0
Check: tests
Result: ERROR
     Running ‘testthat.R’ [30s/56s]
    Running the tests in ‘tests/testthat.R’ failed.
    Complete output:
     > library(testthat)
     > library(bikedata)
     Data for London, U.K. powered by TfL Open Data:
     Contains OS data Ⓒ Crown copyright and database rights 2016
     Data for New York City provided and owned by:
     NYC Bike Share, LLC and Jersey City Bike Share, LLC ("Bikeshare")
     see https://www.citibikenyc.com/data-sharing-policy
     Data for Washington DC (Captialbikeshare), Chiago (Divvybikes) and Boston (Hubway)
     provided and owned by Motivate International Inc.
     see https://www.capitalbikeshare.com/data-license-agreement
     and https://www.divvybikes.com/data-license-agreement
     and https://www.thehubway.com/data-license-agreement
     >
     > test_check("bikedata")
     ── 1. Failure: dl_bikedata dc (@test-download-data.R#58) ──────────────────────
     `dl_bikedata(city = "dc", data_dir = tempdir(), dates = d)` produced unexpected messages.
     Expected match: All data files already exist
     Actual values:
     * There are no dc files for those dates
    
    
     ── 2. Failure: dl_bikedata dc (@test-download-data.R#58) ──────────────────────
     `dl_bikedata(city = "dc", data_dir = tempdir(), dates = d)` produced unexpected messages.
     Expected match: All data files already exist
     Actual values:
     * There are no dc files for those dates
    
    
     ── 3. Failure: dl_bikedata dc (@test-download-data.R#58) ──────────────────────
     `dl_bikedata(city = "dc", data_dir = tempdir(), dates = d)` produced unexpected messages.
     Expected match: All data files already exist
     Actual values:
     * There are no dc files for those dates
    
    
     ── 4. Failure: dl_bikedata dc (@test-download-data.R#58) ──────────────────────
     `dl_bikedata(city = "dc", data_dir = tempdir(), dates = d)` produced unexpected messages.
     Expected match: All data files already exist
     Actual values:
     * There are no dc files for those dates
    
    
     ── 5. Failure: dl_bikedata dc (@test-download-data.R#58) ──────────────────────
     `dl_bikedata(city = "dc", data_dir = tempdir(), dates = d)` produced unexpected messages.
     Expected match: All data files already exist
     Actual values:
     * There are no dc files for those dates
    
    
     ── 6. Failure: dl_bikedata dc (@test-download-data.R#58) ──────────────────────
     `dl_bikedata(city = "dc", data_dir = tempdir(), dates = d)` produced unexpected messages.
     Expected match: All data files already exist
     Actual values:
     * There are no dc files for those dates
    
    
     ── 7. Failure: dl_bikedata dc (@test-download-data.R#58) ──────────────────────
     `dl_bikedata(city = "dc", data_dir = tempdir(), dates = d)` produced unexpected messages.
     Expected match: All data files already exist
     Actual values:
     * There are no dc files for those dates
    
    
     ── 8. Failure: dl_bikedata dc (@test-download-data.R#58) ──────────────────────
     `dl_bikedata(city = "dc", data_dir = tempdir(), dates = d)` produced unexpected messages.
     Expected match: All data files already exist
     Actual values:
     * There are no dc files for those dates
    
    
     ── 9. Failure: dl_bikedata dc (@test-download-data.R#58) ──────────────────────
     `dl_bikedata(city = "dc", data_dir = tempdir(), dates = d)` produced unexpected messages.
     Expected match: All data files already exist
     Actual values:
     * There are no dc files for those dates
    
    
     ── 10. Failure: dl_bikedata dc (@test-download-data.R#58) ─────────────────────
     `dl_bikedata(city = "dc", data_dir = tempdir(), dates = d)` produced unexpected messages.
     Expected match: All data files already exist
     Actual values:
     * There are no dc files for those dates
    
    
     adding: tmp/Rtmplh0VMC/Divvy_Trips_sample/ (stored 0%)
     adding: tmp/Rtmplh0VMC/Divvy_Trips_sample/Divvy_Trips_sample.csv (deflated 79%)
     adding: tmp/Rtmplh0VMC/Divvy_Trips_sample/Divvy_Stations.csv (deflated 68%)
     adding: tmp/Rtmplh0VMC/201604-hubway-tripdata.csv (deflated 84%)
     adding: tmp/Rtmplh0VMC/2017-Q1-Trips-History-Data.csv (deflated 78%)
     adding: tmp/Rtmplh0VMC/la_metro_gbfs_trips_Q1_2017.csv (deflated 85%)
     adding: tmp/Rtmplh0VMC/01aJourneyDataExtract10Jan16-23Jan16.csv (deflated 74%)
     adding: tmp/Rtmplh0VMC/201612-citibike-tripdata.csv (deflated 74%)
     ══ testthat results ═══════════════════════════════════════════════════════════
     OK: 133 SKIPPED: 1 FAILED: 10
     1. Failure: dl_bikedata dc (@test-download-data.R#58)
     2. Failure: dl_bikedata dc (@test-download-data.R#58)
     3. Failure: dl_bikedata dc (@test-download-data.R#58)
     4. Failure: dl_bikedata dc (@test-download-data.R#58)
     5. Failure: dl_bikedata dc (@test-download-data.R#58)
     6. Failure: dl_bikedata dc (@test-download-data.R#58)
     7. Failure: dl_bikedata dc (@test-download-data.R#58)
     8. Failure: dl_bikedata dc (@test-download-data.R#58)
     9. Failure: dl_bikedata dc (@test-download-data.R#58)
     10. Failure: dl_bikedata dc (@test-download-data.R#58)
    
     Error: testthat unit tests failed
     Execution halted
Flavor: r-release-linux-x86_64

Version: 0.1.0
Check: running tests for arch ‘i386’
Result: ERROR
     Running 'testthat.R' [38s]
    Running the tests in 'tests/testthat.R' failed.
    Last 13 lines of output:
     == testthat results ===========================================================
     OK: 133 SKIPPED: 1 FAILED: 10
     1. Failure: dl_bikedata dc (@test-download-data.R#58)
     2. Failure: dl_bikedata dc (@test-download-data.R#58)
     3. Failure: dl_bikedata dc (@test-download-data.R#58)
     4. Failure: dl_bikedata dc (@test-download-data.R#58)
     5. Failure: dl_bikedata dc (@test-download-data.R#58)
     6. Failure: dl_bikedata dc (@test-download-data.R#58)
     7. Failure: dl_bikedata dc (@test-download-data.R#58)
     8. Failure: dl_bikedata dc (@test-download-data.R#58)
     9. Failure: dl_bikedata dc (@test-download-data.R#58)
     10. Failure: dl_bikedata dc (@test-download-data.R#58)
    
     Error: testthat unit tests failed
     Execution halted
Flavor: r-release-windows-ix86+x86_64

Version: 0.1.0
Check: running tests for arch ‘x64’
Result: ERROR
     Running 'testthat.R' [48s]
    Running the tests in 'tests/testthat.R' failed.
    Last 13 lines of output:
     == testthat results ===========================================================
     OK: 133 SKIPPED: 1 FAILED: 10
     1. Failure: dl_bikedata dc (@test-download-data.R#58)
     2. Failure: dl_bikedata dc (@test-download-data.R#58)
     3. Failure: dl_bikedata dc (@test-download-data.R#58)
     4. Failure: dl_bikedata dc (@test-download-data.R#58)
     5. Failure: dl_bikedata dc (@test-download-data.R#58)
     6. Failure: dl_bikedata dc (@test-download-data.R#58)
     7. Failure: dl_bikedata dc (@test-download-data.R#58)
     8. Failure: dl_bikedata dc (@test-download-data.R#58)
     9. Failure: dl_bikedata dc (@test-download-data.R#58)
     10. Failure: dl_bikedata dc (@test-download-data.R#58)
    
     Error: testthat unit tests failed
     Execution halted
Flavor: r-release-windows-ix86+x86_64

Version: 0.1.0
Check: DESCRIPTION meta-information
Result: NOTE
    Authors@R field gives persons with no valid roles:
     Bea Hernández [rev] (Bea reviewed the package for ropensci, see https://github.com/ropensci/onboarding/issues/116)
     Elaine McVey [rev] (Elaine reviewed the package for ropensci, see https://github.com/ropensci/onboarding/issues/116)
Flavors: r-oldrel-windows-ix86+x86_64, r-oldrel-osx-x86_64

Version: 0.1.0
Check: running tests for arch ‘i386’
Result: ERROR
     Running 'testthat.R' [39s]
    Running the tests in 'tests/testthat.R' failed.
    Last 13 lines of output:
     == testthat results ===========================================================
     OK: 133 SKIPPED: 1 FAILED: 10
     1. Failure: dl_bikedata dc (@test-download-data.R#58)
     2. Failure: dl_bikedata dc (@test-download-data.R#58)
     3. Failure: dl_bikedata dc (@test-download-data.R#58)
     4. Failure: dl_bikedata dc (@test-download-data.R#58)
     5. Failure: dl_bikedata dc (@test-download-data.R#58)
     6. Failure: dl_bikedata dc (@test-download-data.R#58)
     7. Failure: dl_bikedata dc (@test-download-data.R#58)
     8. Failure: dl_bikedata dc (@test-download-data.R#58)
     9. Failure: dl_bikedata dc (@test-download-data.R#58)
     10. Failure: dl_bikedata dc (@test-download-data.R#58)
    
     Error: testthat unit tests failed
     Execution halted
Flavor: r-oldrel-windows-ix86+x86_64

Version: 0.1.0
Check: running tests for arch ‘x64’
Result: ERROR
     Running 'testthat.R' [46s]
    Running the tests in 'tests/testthat.R' failed.
    Last 13 lines of output:
     == testthat results ===========================================================
     OK: 133 SKIPPED: 1 FAILED: 10
     1. Failure: dl_bikedata dc (@test-download-data.R#58)
     2. Failure: dl_bikedata dc (@test-download-data.R#58)
     3. Failure: dl_bikedata dc (@test-download-data.R#58)
     4. Failure: dl_bikedata dc (@test-download-data.R#58)
     5. Failure: dl_bikedata dc (@test-download-data.R#58)
     6. Failure: dl_bikedata dc (@test-download-data.R#58)
     7. Failure: dl_bikedata dc (@test-download-data.R#58)
     8. Failure: dl_bikedata dc (@test-download-data.R#58)
     9. Failure: dl_bikedata dc (@test-download-data.R#58)
     10. Failure: dl_bikedata dc (@test-download-data.R#58)
    
     Error: testthat unit tests failed
     Execution halted
Flavor: r-oldrel-windows-ix86+x86_64