CRAN Package Check Results for Package bikedata

Last updated on 2018-08-21 08:48:44 CEST.

Flavor Version Tinstall Tcheck Ttotal Status Flags
r-devel-linux-x86_64-debian-clang 0.2.0 103.19 114.26 217.45 OK
r-devel-linux-x86_64-debian-gcc 0.2.0 91.92 87.55 179.47 OK
r-devel-linux-x86_64-fedora-clang 0.2.0 312.86 NOTE
r-devel-linux-x86_64-fedora-gcc 0.2.0 266.29 OK
r-devel-windows-ix86+x86_64 0.2.0 271.00 273.00 544.00 NOTE
r-patched-linux-x86_64 0.2.0 103.45 102.35 205.80 OK
r-patched-solaris-x86 0.2.0 110.80 ERROR
r-release-linux-x86_64 0.2.0 110.30 101.89 212.19 OK
r-release-windows-ix86+x86_64 0.2.0 257.00 328.00 585.00 NOTE
r-release-osx-x86_64 0.2.0 NOTE
r-oldrel-windows-ix86+x86_64 0.2.0 204.00 300.00 504.00 NOTE
r-oldrel-osx-x86_64 0.2.0 NOTE

Additional issues

clang-UBSAN gcc-UBSAN valgrind

Check Details

Version: 0.2.0
Check: installed package size
Result: NOTE
     installed size is 11.8Mb
     sub-directories of 1Mb or more:
     doc 2.6Mb
     libs 8.4Mb
Flavors: r-devel-linux-x86_64-fedora-clang, r-devel-windows-ix86+x86_64, r-release-windows-ix86+x86_64, r-release-osx-x86_64, r-oldrel-windows-ix86+x86_64, r-oldrel-osx-x86_64

Version: 0.2.0
Check: whether package can be installed
Result: ERROR
    Installation failed.
Flavor: r-patched-solaris-x86