CRAN Package Check Results for Package bikedata

Last updated on 2019-02-16 13:46:10 CET.

Flavor Version Tinstall Tcheck Ttotal Status Flags
r-devel-linux-x86_64-debian-clang 0.2.2 123.16 96.33 219.49 OK
r-devel-linux-x86_64-debian-gcc 0.2.2 82.52 72.71 155.23 OK
r-devel-linux-x86_64-fedora-clang 0.2.2 326.55 NOTE
r-devel-linux-x86_64-fedora-gcc 0.2.2 256.73 OK
r-devel-windows-ix86+x86_64 0.2.2 271.00 406.00 677.00 NOTE
r-patched-linux-x86_64 0.2.2 95.63 89.71 185.34 OK
r-patched-solaris-x86 0.2.2 293.60 OK
r-release-linux-x86_64 0.2.2 OK
r-release-windows-ix86+x86_64 0.2.2 181.00 215.00 396.00 NOTE
r-release-osx-x86_64 0.2.2 NOTE
r-oldrel-windows-ix86+x86_64 0.2.2 298.00 424.00 722.00 NOTE
r-oldrel-osx-x86_64 0.2.2 NOTE

Additional issues

clang-UBSAN gcc-UBSAN valgrind

Check Details

Version: 0.2.2
Check: installed package size
Result: NOTE
     installed size is 11.5Mb
     sub-directories of 1Mb or more:
     doc 1.9Mb
     libs 8.8Mb
Flavors: r-devel-linux-x86_64-fedora-clang, r-devel-windows-ix86+x86_64, r-release-windows-ix86+x86_64, r-release-osx-x86_64, r-oldrel-windows-ix86+x86_64, r-oldrel-osx-x86_64