CRAN Package Check Results for Package bikedata

Last updated on 2018-05-21 07:46:52 CEST.

Flavor Version Tinstall Tcheck Ttotal Status Flags
r-devel-linux-x86_64-debian-clang 0.2.0 121.53 104.27 225.80 OK
r-devel-linux-x86_64-debian-gcc 0.2.0 88.63 85.07 173.70 OK
r-devel-linux-x86_64-fedora-clang 0.2.0 316.79 NOTE
r-devel-linux-x86_64-fedora-gcc 0.2.0 261.45 NOTE
r-devel-windows-ix86+x86_64 0.2.0 193.00 267.00 460.00 NOTE
r-patched-linux-x86_64 0.2.0 103.39 102.73 206.12 OK
r-patched-solaris-x86 0.2.0 109.20 ERROR
r-release-linux-x86_64 0.2.0 108.67 101.40 210.07 OK
r-release-windows-ix86+x86_64 0.2.0 216.00 244.00 460.00 NOTE
r-release-osx-x86_64 0.2.0 NOTE
r-oldrel-windows-ix86+x86_64 0.2.0 202.00 247.00 449.00 NOTE
r-oldrel-osx-x86_64 0.1.1 NOTE

Additional issues

clang-UBSAN gcc-UBSAN valgrind

Check Details

Version: 0.2.0
Check: installed package size
Result: NOTE
     installed size is 11.8Mb
     sub-directories of 1Mb or more:
     doc 2.6Mb
     libs 8.4Mb
Flavors: r-devel-linux-x86_64-fedora-clang, r-devel-linux-x86_64-fedora-gcc, r-devel-windows-ix86+x86_64, r-release-windows-ix86+x86_64, r-release-osx-x86_64, r-oldrel-windows-ix86+x86_64

Version: 0.2.0
Check: whether package can be installed
Result: ERROR
    Installation failed.
Flavor: r-patched-solaris-x86

Version: 0.1.1
Check: installed package size
Result: NOTE
     installed size is 9.5Mb
     sub-directories of 1Mb or more:
     doc 2.6Mb
     libs 6.2Mb
Flavor: r-oldrel-osx-x86_64