CRAN Package Check Results for Package billboarder

Last updated on 2018-11-17 10:50:59 CET.

Flavor Version Tinstall Tcheck Ttotal Status Flags
r-devel-linux-x86_64-debian-clang 0.2.4 4.54 56.55 61.09 OK
r-devel-linux-x86_64-debian-gcc 0.2.4 3.46 44.45 47.91 OK
r-devel-linux-x86_64-fedora-clang 0.2.4 74.14 OK
r-devel-linux-x86_64-fedora-gcc 0.2.4 68.23 OK
r-devel-windows-ix86+x86_64 0.2.4 12.00 101.00 113.00 OK
r-patched-linux-x86_64 0.2.4 3.98 53.69 57.67 OK
r-patched-solaris-x86 0.2.4 98.60 WARN
r-release-linux-x86_64 0.2.4 3.53 54.08 57.61 OK
r-release-windows-ix86+x86_64 0.2.4 16.00 83.00 99.00 OK
r-release-osx-x86_64 0.2.4 WARN
r-oldrel-windows-ix86+x86_64 0.2.4 13.00 95.00 108.00 OK
r-oldrel-osx-x86_64 0.2.4 WARN

Check Details

Version: 0.2.4
Check: re-building of vignette outputs
Result: WARN
    Error in re-building vignettes:
     ...
    Warning in engine$weave(file, quiet = quiet, encoding = enc) :
     Pandoc (>= 1.12.3) and/or pandoc-citeproc not available. Falling back to R Markdown v1.
    Quitting from lines 37-44 (billboarder-intro.Rmd)
    Error: processing vignette 'billboarder-intro.Rmd' failed with diagnostics:
    there is no package called 'webshot'
    Execution halted
Flavor: r-patched-solaris-x86

Version: 0.2.4
Check: re-building of vignette outputs
Result: WARN
    Error in re-building vignettes:
     ...
    Warning in engine$weave(file, quiet = quiet, encoding = enc) :
     Pandoc (>= 1.12.3) and/or pandoc-citeproc not available. Falling back to R Markdown v1.
    Quitting from lines 37-44 (billboarder-intro.Rmd)
    Error: processing vignette 'billboarder-intro.Rmd' failed with diagnostics:
    cannot open the connection
    Execution halted
Flavors: r-release-osx-x86_64, r-oldrel-osx-x86_64