CRAN Package Check Results for Package billboarder

Last updated on 2019-02-16 13:46:10 CET.

Flavor Version Tinstall Tcheck Ttotal Status Flags
r-devel-linux-x86_64-debian-clang 0.2.5 4.59 62.31 66.90 OK
r-devel-linux-x86_64-debian-gcc 0.2.5 3.54 47.31 50.85 OK
r-devel-linux-x86_64-fedora-clang 0.2.5 79.92 OK
r-devel-linux-x86_64-fedora-gcc 0.2.5 75.14 OK
r-devel-windows-ix86+x86_64 0.2.5 16.00 179.00 195.00 OK
r-patched-linux-x86_64 0.2.5 3.88 54.40 58.28 OK
r-patched-solaris-x86 0.2.5 98.80 WARN
r-release-linux-x86_64 0.2.5 OK
r-release-windows-ix86+x86_64 0.2.5 10.00 82.00 92.00 OK
r-release-osx-x86_64 0.2.5 WARN
r-oldrel-windows-ix86+x86_64 0.2.5 16.00 218.00 234.00 OK
r-oldrel-osx-x86_64 0.2.5 WARN

Check Details

Version: 0.2.5
Check: re-building of vignette outputs
Result: WARN
    Error in re-building vignettes:
     ...
    Warning in engine$weave(file, quiet = quiet, encoding = enc) :
     Pandoc (>= 1.12.3) and/or pandoc-citeproc not available. Falling back to R Markdown v1.
    Quitting from lines 41-48 (billboarder-intro.Rmd)
    Error: processing vignette 'billboarder-intro.Rmd' failed with diagnostics:
    there is no package called 'webshot'
    Execution halted
Flavor: r-patched-solaris-x86

Version: 0.2.5
Check: re-building of vignette outputs
Result: WARN
    Error in re-building vignettes:
     ...
    Warning in engine$weave(file, quiet = quiet, encoding = enc) :
     Pandoc (>= 1.12.3) and/or pandoc-citeproc not available. Falling back to R Markdown v1.
    Quitting from lines 41-48 (billboarder-intro.Rmd)
    Error: processing vignette 'billboarder-intro.Rmd' failed with diagnostics:
    cannot open the connection
    Execution halted
Flavors: r-release-osx-x86_64, r-oldrel-osx-x86_64