CRAN Package Check Results for Package billboarder

Last updated on 2018-02-24 11:50:57 CET.

Flavor Version Tinstall Tcheck Ttotal Status Flags
r-devel-linux-x86_64-debian-clang 0.2.1 4.13 48.27 52.40 OK
r-devel-linux-x86_64-debian-gcc 0.2.1 2.97 38.37 41.34 OK
r-devel-linux-x86_64-fedora-clang 0.2.1 63.09 OK
r-devel-linux-x86_64-fedora-gcc 0.2.1 61.21 OK
r-devel-windows-ix86+x86_64 0.2.1 11.00 99.00 110.00 OK
r-patched-linux-x86_64 0.2.1 3.00 57.09 60.09 OK
r-patched-solaris-x86 0.2.1 85.90 WARN
r-release-linux-x86_64 0.2.1 2.87 56.38 59.25 OK
r-release-windows-ix86+x86_64 0.2.1 10.00 89.00 99.00 OK
r-release-osx-x86_64 0.2.1 WARN
r-oldrel-windows-ix86+x86_64 0.2.1 7.00 72.00 79.00 OK
r-oldrel-osx-x86_64 0.1.0 WARN

Check Details

Version: 0.2.1
Check: installed package size
Result: NOTE
     installed size is 5.1Mb
     sub-directories of 1Mb or more:
     doc 2.3Mb
     htmlwidgets 1.6Mb
Flavor: r-patched-solaris-x86

Version: 0.2.1
Check: re-building of vignette outputs
Result: WARN
    Error in re-building vignettes:
     ...
    Warning in engine$weave(file, quiet = quiet, encoding = enc) :
     Pandoc (>= 1.12.3) and/or pandoc-citeproc not available. Falling back to R Markdown v1.
    Quitting from lines 37-44 (billboarder-intro.Rmd)
    Error: processing vignette 'billboarder-intro.Rmd' failed with diagnostics:
    cannot open the connection
    Execution halted
Flavors: r-patched-solaris-x86, r-release-osx-x86_64

Version: 0.1.0
Check: re-building of vignette outputs
Result: WARN
    Error in re-building vignettes:
     ...
    Warning in engine$weave(file, quiet = quiet, encoding = enc) :
     Pandoc (>= 1.12.3) and/or pandoc-citeproc not available. Falling back to R Markdown v1.
    Quitting from lines 37-44 (billboarder-intro.Rmd)
    Error: processing vignette 'billboarder-intro.Rmd' failed with diagnostics:
    cannot open the connection
    Execution halted
Flavor: r-oldrel-osx-x86_64