CRAN Package Check Results for Package billboarder

Last updated on 2018-05-21 07:46:52 CEST.

Flavor Version Tinstall Tcheck Ttotal Status Flags
r-devel-linux-x86_64-debian-clang 0.2.1 4.47 47.13 51.60 OK
r-devel-linux-x86_64-debian-gcc 0.2.1 3.41 41.12 44.53 OK
r-devel-linux-x86_64-fedora-clang 0.2.1 66.26 OK
r-devel-linux-x86_64-fedora-gcc 0.2.1 64.44 OK
r-devel-windows-ix86+x86_64 0.2.1 10.00 80.00 90.00 OK
r-patched-linux-x86_64 0.2.1 2.94 48.56 51.50 OK
r-patched-solaris-x86 0.2.1 89.40 WARN
r-release-linux-x86_64 0.2.1 3.63 48.29 51.92 OK
r-release-windows-ix86+x86_64 0.2.1 13.00 104.00 117.00 OK
r-release-osx-x86_64 0.2.1 WARN
r-oldrel-windows-ix86+x86_64 0.2.1 8.00 88.00 96.00 OK
r-oldrel-osx-x86_64 0.2.1 WARN

Check Details

Version: 0.2.1
Check: installed package size
Result: NOTE
     installed size is 5.1Mb
     sub-directories of 1Mb or more:
     doc 2.3Mb
     htmlwidgets 1.6Mb
Flavor: r-patched-solaris-x86

Version: 0.2.1
Check: re-building of vignette outputs
Result: WARN
    Error in re-building vignettes:
     ...
    Warning in engine$weave(file, quiet = quiet, encoding = enc) :
     Pandoc (>= 1.12.3) and/or pandoc-citeproc not available. Falling back to R Markdown v1.
    Quitting from lines 37-44 (billboarder-intro.Rmd)
    Error: processing vignette 'billboarder-intro.Rmd' failed with diagnostics:
    there is no package called 'webshot'
    Execution halted
Flavor: r-patched-solaris-x86

Version: 0.2.1
Check: re-building of vignette outputs
Result: WARN
    Error in re-building vignettes:
     ...
    Warning in engine$weave(file, quiet = quiet, encoding = enc) :
     Pandoc (>= 1.12.3) and/or pandoc-citeproc not available. Falling back to R Markdown v1.
    Quitting from lines 37-44 (billboarder-intro.Rmd)
    Error: processing vignette 'billboarder-intro.Rmd' failed with diagnostics:
    cannot open the connection
    Execution halted
Flavors: r-release-osx-x86_64, r-oldrel-osx-x86_64