CRAN Package Check Results for Package billboarder

Last updated on 2018-08-21 20:46:19 CEST.

Flavor Version Tinstall Tcheck Ttotal Status Flags
r-devel-linux-x86_64-debian-clang 0.2.3 4.84 59.01 63.85 OK
r-devel-linux-x86_64-debian-gcc 0.2.3 3.61 46.01 49.62 OK
r-devel-linux-x86_64-fedora-clang 0.2.3 72.97 OK
r-devel-linux-x86_64-fedora-gcc 0.2.3 70.54 OK
r-devel-windows-ix86+x86_64 0.2.3 15.00 86.00 101.00 OK
r-patched-linux-x86_64 0.2.3 4.55 52.60 57.15 OK
r-patched-solaris-x86 0.2.3 95.50 WARN
r-release-linux-x86_64 0.2.3 3.07 52.90 55.97 OK
r-release-windows-ix86+x86_64 0.2.3 11.00 80.00 91.00 OK
r-release-osx-x86_64 0.2.3 WARN
r-oldrel-windows-ix86+x86_64 0.2.3 10.00 104.00 114.00 OK
r-oldrel-osx-x86_64 0.2.3 WARN

Check Details

Version: 0.2.3
Check: re-building of vignette outputs
Result: WARN
    Error in re-building vignettes:
     ...
    Warning in engine$weave(file, quiet = quiet, encoding = enc) :
     Pandoc (>= 1.12.3) and/or pandoc-citeproc not available. Falling back to R Markdown v1.
    Quitting from lines 37-44 (billboarder-intro.Rmd)
    Error: processing vignette 'billboarder-intro.Rmd' failed with diagnostics:
    there is no package called 'webshot'
    Execution halted
Flavor: r-patched-solaris-x86

Version: 0.2.3
Check: re-building of vignette outputs
Result: WARN
    Error in re-building vignettes:
     ...
    Warning in engine$weave(file, quiet = quiet, encoding = enc) :
     Pandoc (>= 1.12.3) and/or pandoc-citeproc not available. Falling back to R Markdown v1.
    Quitting from lines 37-44 (billboarder-intro.Rmd)
    Error: processing vignette 'billboarder-intro.Rmd' failed with diagnostics:
    cannot open the connection
    Execution halted
Flavors: r-release-osx-x86_64, r-oldrel-osx-x86_64