CRAN Package Check Results for Package bindata

Last updated on 2019-01-22 00:46:17 CET.

Flavor Version Tinstall Tcheck Ttotal Status Flags
r-devel-linux-x86_64-debian-clang 0.9-19 1.18 24.43 25.61 NOTE
r-devel-linux-x86_64-debian-gcc 0.9-19 1.04 19.53 20.57 NOTE
r-devel-linux-x86_64-fedora-clang 0.9-19 30.32 NOTE
r-devel-linux-x86_64-fedora-gcc 0.9-19 28.42 NOTE
r-devel-windows-ix86+x86_64 0.9-19 4.00 44.00 48.00 NOTE
r-patched-linux-x86_64 0.9-19 1.19 22.98 24.17 NOTE
r-patched-solaris-x86 0.9-19 42.30 NOTE
r-release-linux-x86_64 0.9-19 1.20 22.61 23.81 NOTE
r-release-windows-ix86+x86_64 0.9-19 3.00 45.00 48.00 NOTE
r-release-osx-x86_64 0.9-19 NOTE
r-oldrel-windows-ix86+x86_64 0.9-19 4.00 35.00 39.00 NOTE
r-oldrel-osx-x86_64 0.9-19 NOTE

Check Details

Version: 0.9-19
Check: R code for possible problems
Result: NOTE
    commonprob2sigma: no visible global function definition for ‘approxfun’
    rmvbin: no visible global function definition for ‘qnorm’
    simul.commonprob: no visible global function definition for ‘qnorm’
    Undefined global functions or variables:
     approxfun qnorm
    Consider adding
     importFrom("stats", "approxfun", "qnorm")
    to your NAMESPACE file.
Flavors: r-devel-linux-x86_64-debian-clang, r-devel-linux-x86_64-debian-gcc, r-devel-linux-x86_64-fedora-clang, r-devel-linux-x86_64-fedora-gcc, r-devel-windows-ix86+x86_64, r-patched-linux-x86_64, r-patched-solaris-x86, r-release-linux-x86_64, r-release-windows-ix86+x86_64, r-release-osx-x86_64, r-oldrel-windows-ix86+x86_64, r-oldrel-osx-x86_64