CRAN Package Check Results for Package bindata

Last updated on 2018-02-19 11:48:49 CET.

Flavor Version Tinstall Tcheck Ttotal Status Flags
r-devel-linux-x86_64-debian-clang 0.9-19 1.28 19.44 20.72 NOTE
r-devel-linux-x86_64-debian-gcc 0.9-19 0.76 17.29 18.05 NOTE
r-devel-linux-x86_64-fedora-clang 0.9-19 28.30 NOTE
r-devel-linux-x86_64-fedora-gcc 0.9-19 27.34 NOTE
r-devel-windows-ix86+x86_64 0.9-19 3.00 30.00 33.00 NOTE
r-patched-linux-x86_64 0.9-19 0.91 21.24 22.15 NOTE
r-patched-solaris-x86 0.9-19 34.90 NOTE
r-release-linux-x86_64 0.9-19 0.73 21.52 22.25 NOTE
r-release-windows-ix86+x86_64 0.9-19 3.00 32.00 35.00 NOTE
r-release-osx-x86_64 0.9-19 NOTE
r-oldrel-windows-ix86+x86_64 0.9-19 3.00 37.00 40.00 NOTE
r-oldrel-osx-x86_64 0.9-19 NOTE

Check Details

Version: 0.9-19
Check: R code for possible problems
Result: NOTE
    commonprob2sigma: no visible global function definition for ‘approxfun’
    rmvbin: no visible global function definition for ‘qnorm’
    simul.commonprob: no visible global function definition for ‘qnorm’
    Undefined global functions or variables:
     approxfun qnorm
    Consider adding
     importFrom("stats", "approxfun", "qnorm")
    to your NAMESPACE file.
Flavors: r-devel-linux-x86_64-debian-clang, r-devel-linux-x86_64-debian-gcc, r-devel-linux-x86_64-fedora-clang, r-devel-linux-x86_64-fedora-gcc, r-devel-windows-ix86+x86_64, r-patched-linux-x86_64, r-patched-solaris-x86, r-release-linux-x86_64, r-release-windows-ix86+x86_64, r-release-osx-x86_64, r-oldrel-windows-ix86+x86_64, r-oldrel-osx-x86_64