CRAN Package Check Results for Package bingat

Last updated on 2020-02-20 19:48:19 CET.

Flavor Version Tinstall Tcheck Ttotal Status Flags
r-devel-linux-x86_64-debian-clang 1.3 9.30 73.51 82.81 OK
r-devel-linux-x86_64-debian-gcc 1.3 7.88 57.67 65.55 OK
r-devel-linux-x86_64-fedora-clang 1.3 95.95 WARN
r-devel-linux-x86_64-fedora-gcc 1.3 96.93 OK
r-devel-windows-ix86+x86_64 1.3 21.00 78.00 99.00 OK
r-devel-windows-ix86+x86_64-gcc8 1.3 43.00 121.00 164.00 OK
r-patched-linux-x86_64 1.3 7.83 63.22 71.05 OK
r-patched-solaris-x86 1.3 131.70 OK
r-release-linux-x86_64 1.3 7.64 62.13 69.77 OK
r-release-windows-ix86+x86_64 1.3 14.00 80.00 94.00 OK
r-release-osx-x86_64 1.3 OK
r-oldrel-windows-ix86+x86_64 1.3 11.00 76.00 87.00 OK
r-oldrel-osx-x86_64 1.3 OK

Check Details

Version: 1.3
Check: package dependencies
Result: WARN
    Requires orphaned package: ‘gplots’
Flavor: r-devel-linux-x86_64-fedora-clang