CRAN Package Check Results for Package bingat

Last updated on 2021-05-06 21:49:22 CEST.

Flavor Version Tinstall Tcheck Ttotal Status Flags
r-devel-linux-x86_64-debian-clang 1.3 10.49 82.29 92.78 OK
r-devel-linux-x86_64-debian-gcc 1.3 7.79 61.62 69.41 OK
r-devel-linux-x86_64-fedora-clang 1.3 119.90 NOTE
r-devel-linux-x86_64-fedora-gcc 1.3 108.10 OK
r-devel-windows-ix86+x86_64 1.3 17.00 103.00 120.00 OK
r-devel-windows-x86_64-gcc10-UCRT 1.3 OK
r-patched-linux-x86_64 1.3 10.70 78.37 89.07 OK
r-patched-solaris-x86 1.3 156.70 OK
r-release-linux-x86_64 1.3 9.84 74.31 84.15 OK
r-release-macos-x86_64 1.3 OK
r-release-windows-ix86+x86_64 1.3 17.00 80.00 97.00 OK
r-oldrel-macos-x86_64 1.3 OK

Check Details

Version: 1.3
Check: Rd cross-references
Result: NOTE
    Undeclared package ‘genalg’ in Rd xrefs
Flavor: r-devel-linux-x86_64-fedora-clang