CRAN Package Check Results for Package binman

Last updated on 2018-05-22 08:49:11 CEST.

Flavor Version Tinstall Tcheck Ttotal Status Flags
r-release-osx-x86_64 0.1.0 ERROR
r-oldrel-osx-x86_64 0.1.0 OK

Check Details

Version: 0.1.0
Check: tests
Result: ERROR
     Running ‘testthat.R’ [7s/10s]
    Running the tests in ‘tests/testthat.R’ failed.
    Last 13 lines of output:
     stop("Function ", name, " not found in environment ", environmentName(env),
     ".", call. = FALSE)
     mock(name = name, env = env, new = eval(new_values[[qual_name]], eval_env, eval_env))
     })
     4: FUN(X[[i]], ...)
     5: stop("Can't mock functions in base packages (", pkg_name, ")", call. = FALSE)
    
     ══ testthat results ═══════════════════════════════════════════════════════════
     OK: 28 SKIPPED: 0 FAILED: 3
     1. Error: canDownloadFiles (@test-download_files.R#9)
     2. Error: canReturnEmptyDFWhenEmptyDownloadFiles (@test-download_files.R#27)
     3. Error: canProcessYaml (@test-process_yaml.R#7)
    
     Error: testthat unit tests failed
     Execution halted
Flavor: r-release-osx-x86_64