CRAN Package Check Results for Package binman

Last updated on 2018-11-12 22:51:02 CET.

Flavor Version Tinstall Tcheck Ttotal Status Flags
r-devel-linux-x86_64-debian-clang 0.1.1 2.01 30.78 32.79 OK
r-devel-linux-x86_64-debian-gcc 0.1.1 1.82 25.06 26.88 OK
r-devel-linux-x86_64-fedora-clang 0.1.1 38.22 OK
r-devel-linux-x86_64-fedora-gcc 0.1.1 36.91 OK
r-devel-windows-ix86+x86_64 0.1.1 4.00 41.00 45.00 OK
r-patched-linux-x86_64 0.1.1 1.93 27.16 29.09 OK
r-patched-solaris-x86 0.1.1 58.30 OK
r-release-linux-x86_64 0.1.1 1.98 27.25 29.23 OK
r-release-windows-ix86+x86_64 0.1.1 6.00 42.00 48.00 OK
r-release-osx-x86_64 0.1.1 OK
r-oldrel-windows-ix86+x86_64 0.1.1 4.00 64.00 68.00 WARN
r-oldrel-osx-x86_64 0.1.1 OK

Check Details

Version: 0.1.1
Check: re-building of vignette outputs
Result: WARN
    Error in re-building vignettes:
     ...
    Error: processing vignette 'binman-Basics.Rmd' failed with diagnostics:
    undefined exports: %s!=%, %s!==%, %s+%, %s<%, %s<=%, %s==%, %s===%, %s>%, %s>=%, %stri!=%, %stri!==%, %stri+%, %stri<%, %stri<=%, %stri==%, %stri===%, %stri>%, %stri>=%, stri_datetime_add<-, stri_sub<-, stri_subset<-, stri_subset_charclass<-, stri_subset_coll<-, stri_subset_fixed<-, stri_subset_regex<-, stri_c, stri_c_list, stri_cmp, stri_cmp_eq, stri_cmp_equiv, stri_cmp_ge, stri_cmp_gt, stri_cmp_le, stri_cmp_lt, stri_cmp_neq, stri_cmp_nequiv, stri_compare, stri_conv, stri_count, stri_count_boundaries, stri_count_charclass, stri_count_coll, stri_count_fixed, stri_count_regex, stri_count_words, stri_datetime_add, stri_datetime_create, stri_datetime_fields, stri_datetime_format, stri_datetime_fstr, stri_datetime_now, stri_datetime_parse, stri_datetime_symbols, stri_detect, stri_detect_charclass, stri_detect_coll, stri_detect_fixed, stri_detect_regex, stri_dup, stri_duplicated, stri_duplicated_any, stri_enc_detect, s
    Execution halted
Flavor: r-oldrel-windows-ix86+x86_64