CRAN Package Check Results for Package binom

Last updated on 2023-09-25 14:00:54 CEST.

Flavor Version Tinstall Tcheck Ttotal Status Flags
r-devel-linux-x86_64-debian-clang 1.1-1.1 5.05 47.48 52.53 OK
r-devel-linux-x86_64-debian-gcc 1.1-1.1 4.04 36.33 40.37 OK
r-devel-linux-x86_64-fedora-clang 1.1-1.1 64.98 NOTE
r-devel-linux-x86_64-fedora-gcc 1.1-1.1 63.44 NOTE
r-devel-windows-x86_64 1.1-1.1 7.00 59.00 66.00 OK
r-patched-linux-x86_64 1.1-1.1 6.13 46.17 52.30 OK
r-release-linux-x86_64 1.1-1.1 5.20 46.91 52.11 OK
r-release-macos-arm64 1.1-1.1 26.00 OK
r-release-macos-x86_64 1.1-1.1 36.00 OK
r-release-windows-x86_64 1.1-1.1 7.00 65.00 72.00 OK
r-oldrel-macos-arm64 1.1-1.1 23.00 OK
r-oldrel-macos-x86_64 1.1-1.1 32.00 OK
r-oldrel-windows-x86_64 1.1-1.1 9.00 66.00 75.00 OK

Check Details

Version: 1.1-1.1
Check: compiled code
Result: NOTE
    File ‘binom/libs/binom.so’:
     Found no calls to: ‘R_registerRoutines’, ‘R_useDynamicSymbols’
    
    It is good practice to register native routines and to disable symbol
    search.
    
    See ‘Writing portable packages’ in the ‘Writing R Extensions’ manual.
Flavors: r-devel-linux-x86_64-fedora-clang, r-devel-linux-x86_64-fedora-gcc