CRAN Package Check Results for Package binom

Last updated on 2022-10-07 10:53:00 CEST.

Flavor Version Tinstall Tcheck Ttotal Status Flags
r-devel-linux-x86_64-debian-clang 1.1-1.1 4.61 48.53 53.14 OK
r-devel-linux-x86_64-debian-gcc 1.1-1.1 4.06 35.90 39.96 NOTE
r-devel-linux-x86_64-fedora-clang 1.1-1.1 76.50 NOTE
r-devel-linux-x86_64-fedora-gcc 1.1-1.1 74.55 NOTE
r-devel-windows-x86_64 1.1-1.1 15.00 77.00 92.00 OK
r-patched-linux-x86_64 1.1-1.1 6.08 46.34 52.42 OK
r-release-linux-x86_64 1.1-1.1 4.78 45.49 50.27 OK
r-release-macos-arm64 1.1-1.1 31.00 OK
r-release-macos-x86_64 1.1-1.1 32.00 OK
r-release-windows-x86_64 1.1-1.1 15.00 83.00 98.00 OK
r-oldrel-macos-arm64 1.1-1.1 31.00 OK
r-oldrel-macos-x86_64 1.1-1.1 29.00 OK
r-oldrel-windows-ix86+x86_64 1.1-1.1 12.00 84.00 96.00 OK

Check Details

Version: 1.1-1.1
Check: compilation flags used
Result: NOTE
    Compilation used the following non-portable flag(s):
     ‘-Wstrict-prototypes’
Flavor: r-devel-linux-x86_64-debian-gcc

Version: 1.1-1.1
Check: compiled code
Result: NOTE
    File ‘binom/libs/binom.so’:
     Found no calls to: ‘R_registerRoutines’, ‘R_useDynamicSymbols’
    
    It is good practice to register native routines and to disable symbol
    search.
    
    See ‘Writing portable packages’ in the ‘Writing R Extensions’ manual.
Flavors: r-devel-linux-x86_64-fedora-clang, r-devel-linux-x86_64-fedora-gcc