CRAN Package Check Results for Package binst

Last updated on 2022-11-28 17:52:50 CET.

Flavor Version Tinstall Tcheck Ttotal Status Flags
r-devel-linux-x86_64-debian-clang 0.2.1 1.63 26.45 28.08 NOTE
r-devel-linux-x86_64-debian-gcc 0.2.1 1.51 20.91 22.42 NOTE
r-devel-linux-x86_64-fedora-clang 0.2.1 48.09 NOTE
r-devel-linux-x86_64-fedora-gcc 0.2.1 46.82 NOTE
r-devel-windows-x86_64 0.2.1 14.00 56.00 70.00 NOTE
r-patched-linux-x86_64 0.2.1 1.66 25.87 27.53 NOTE
r-release-linux-x86_64 0.2.1 1.85 24.88 26.73 NOTE
r-release-macos-arm64 0.2.1 17.00 NOTE
r-release-macos-x86_64 0.2.1 22.00 NOTE
r-release-windows-x86_64 0.2.1 11.00 57.00 68.00 NOTE
r-oldrel-macos-arm64 0.2.1 18.00 NOTE
r-oldrel-macos-x86_64 0.2.1 30.00 NOTE
r-oldrel-windows-ix86+x86_64 0.2.1 5.00 51.00 56.00 NOTE

Check Details

Version: 0.2.1
Check: LazyData
Result: NOTE
     'LazyData' is specified without a 'data' directory
Flavors: r-devel-linux-x86_64-debian-clang, r-devel-linux-x86_64-debian-gcc, r-devel-linux-x86_64-fedora-clang, r-devel-linux-x86_64-fedora-gcc, r-devel-windows-x86_64, r-patched-linux-x86_64, r-release-linux-x86_64, r-release-macos-arm64, r-release-macos-x86_64, r-release-windows-x86_64, r-oldrel-macos-arm64, r-oldrel-macos-x86_64, r-oldrel-windows-ix86+x86_64