CRAN Package Check Results for Package bio3d

Last updated on 2018-08-19 06:46:35 CEST.

Flavor Version Tinstall Tcheck Ttotal Status Flags
r-devel-linux-x86_64-debian-clang 2.3-4 60.21 157.10 217.31 OK
r-devel-linux-x86_64-debian-gcc 2.3-4 53.56 121.26 174.82 OK
r-devel-linux-x86_64-fedora-clang 2.3-4 275.66 NOTE
r-devel-linux-x86_64-fedora-gcc 2.3-4 270.96 OK
r-devel-windows-ix86+x86_64 2.3-4 151.00 230.00 381.00 NOTE
r-patched-linux-x86_64 2.3-4 72.77 151.40 224.17 OK
r-patched-solaris-x86 2.3-4 355.90 OK
r-release-linux-x86_64 2.3-4 65.72 150.66 216.38 OK
r-release-windows-ix86+x86_64 2.3-4 147.00 271.00 418.00 NOTE
r-release-osx-x86_64 2.3-4 NOTE
r-oldrel-windows-ix86+x86_64 2.3-4 98.00 217.00 315.00 OK
r-oldrel-osx-x86_64 2.3-4 OK

Check Details

Version: 2.3-4
Check: installed package size
Result: NOTE
     installed size is 6.0Mb
     sub-directories of 1Mb or more:
     libs 2.4Mb
Flavors: r-devel-linux-x86_64-fedora-clang, r-devel-windows-ix86+x86_64, r-release-windows-ix86+x86_64, r-release-osx-x86_64