CRAN Package Check Results for Package bio3d

Last updated on 2019-02-21 07:48:28 CET.

Flavor Version Tinstall Tcheck Ttotal Status Flags
r-devel-linux-x86_64-debian-clang 2.3-4 64.34 160.83 225.17 OK
r-devel-linux-x86_64-debian-gcc 2.3-4 56.10 122.77 178.87 OK
r-devel-linux-x86_64-fedora-clang 2.3-4 300.54 NOTE
r-devel-linux-x86_64-fedora-gcc 2.3-4 282.65 OK
r-devel-windows-ix86+x86_64 2.3-4 148.00 280.00 428.00 NOTE
r-patched-linux-x86_64 2.3-4 OK
r-patched-solaris-x86 2.3-4 349.40 OK
r-release-linux-x86_64 2.3-4 OK
r-release-windows-ix86+x86_64 2.3-4 122.00 276.00 398.00 NOTE
r-release-osx-x86_64 2.3-4 NOTE
r-oldrel-windows-ix86+x86_64 2.3-4 99.00 245.00 344.00 OK
r-oldrel-osx-x86_64 2.3-4 OK

Check Details

Version: 2.3-4
Check: installed package size
Result: NOTE
     installed size is 6.1Mb
     sub-directories of 1Mb or more:
     libs 2.5Mb
Flavors: r-devel-linux-x86_64-fedora-clang, r-devel-windows-ix86+x86_64, r-release-windows-ix86+x86_64, r-release-osx-x86_64