CRAN Package Check Results for Package bio3d

Last updated on 2018-02-24 14:47:47 CET.

Flavor Version Tinstall Tcheck Ttotal Status Flags
r-devel-linux-x86_64-debian-clang 2.3-3 62.37 155.33 217.70 OK
r-devel-linux-x86_64-debian-gcc 2.3-3 40.13 118.51 158.64 OK
r-devel-linux-x86_64-fedora-clang 2.3-3 272.76 NOTE
r-devel-linux-x86_64-fedora-gcc 2.3-3 259.42 NOTE
r-devel-windows-ix86+x86_64 2.3-3 150.00 281.00 431.00 NOTE
r-patched-linux-x86_64 2.3-3 48.57 169.19 217.76 OK
r-patched-solaris-x86 2.3-3 306.60 OK
r-release-linux-x86_64 2.3-3 41.96 168.82 210.78 OK
r-release-windows-ix86+x86_64 2.3-3 91.00 256.00 347.00 OK
r-release-osx-x86_64 2.3-3 OK
r-oldrel-windows-ix86+x86_64 2.3-3 95.00 217.00 312.00 OK
r-oldrel-osx-x86_64 2.3-3 OK

Check Details

Version: 2.3-3
Check: installed package size
Result: NOTE
     installed size is 5.9Mb
     sub-directories of 1Mb or more:
     libs 2.3Mb
Flavors: r-devel-linux-x86_64-fedora-clang, r-devel-linux-x86_64-fedora-gcc, r-devel-windows-ix86+x86_64