CRAN Package Check Results for Package bio3d

Last updated on 2018-05-23 12:48:00 CEST.

Flavor Version Tinstall Tcheck Ttotal Status Flags
r-devel-linux-x86_64-debian-clang 2.3-4 63.69 155.82 219.51 OK
r-devel-linux-x86_64-debian-gcc 2.3-4 48.36 116.77 165.13 OK
r-devel-linux-x86_64-fedora-clang 2.3-4 275.20 NOTE
r-devel-linux-x86_64-fedora-gcc 2.3-4 259.76 NOTE
r-devel-windows-ix86+x86_64 2.3-4 152.00 276.00 428.00 NOTE
r-patched-linux-x86_64 2.3-4 65.63 151.68 217.31 OK
r-patched-solaris-x86 2.3-4 361.00 OK
r-release-linux-x86_64 2.3-4 68.22 151.40 219.62 OK
r-release-windows-ix86+x86_64 2.3-4 155.00 208.00 363.00 NOTE
r-release-osx-x86_64 2.3-4 NOTE
r-oldrel-windows-ix86+x86_64 2.3-4 119.00 287.00 406.00 OK
r-oldrel-osx-x86_64 2.3-4 OK

Check Details

Version: 2.3-4
Check: installed package size
Result: NOTE
     installed size is 5.9Mb
     sub-directories of 1Mb or more:
     libs 2.3Mb
Flavors: r-devel-linux-x86_64-fedora-clang, r-devel-linux-x86_64-fedora-gcc, r-devel-windows-ix86+x86_64, r-release-windows-ix86+x86_64, r-release-osx-x86_64