CRAN Package Check Results for Package bioOED

Last updated on 2018-02-19 19:47:30 CET.

Flavor Version Tinstall Tcheck Ttotal Status Flags
r-devel-linux-x86_64-debian-clang 0.1.1 2.54 128.62 131.16 OK
r-devel-linux-x86_64-debian-gcc 0.1.1 2.25 109.11 111.36 OK
r-devel-windows-ix86+x86_64 0.1.1 7.00 154.00 161.00 OK
r-patched-linux-x86_64 0.1.1 2.85 143.34 146.19 OK
r-patched-solaris-x86 0.1.1 178.50 OK
r-release-linux-x86_64 0.1.1 2.06 152.63 154.69 OK
r-release-windows-ix86+x86_64 0.1.1 14.00 209.00 223.00 OK
r-release-osx-x86_64 0.1.1 ERROR
r-oldrel-windows-ix86+x86_64 0.1.1 14.00 192.00 206.00 OK
r-oldrel-osx-x86_64 0.1.1 OK

Check Details

Version: 0.1.1
Check: package dependencies
Result: ERROR
    Package required but not available: ‘MEIGOR’
    
    See section ‘The DESCRIPTION file’ in the ‘Writing R Extensions’
    manual.
Flavor: r-release-osx-x86_64