CRAN Package Check Results for Package bioacoustics

Last updated on 2019-04-20 16:49:38 CEST.

Flavor Version Tinstall Tcheck Ttotal Status Flags
r-devel-linux-x86_64-debian-clang 0.2.0 110.67 48.09 158.76 OK
r-devel-linux-x86_64-debian-gcc 0.2.0 99.20 41.07 140.27 OK
r-devel-linux-x86_64-fedora-clang 0.2.0 245.53 NOTE
r-devel-linux-x86_64-fedora-gcc 0.2.0 221.90 NOTE
r-devel-windows-ix86+x86_64 0.2.0 273.00 142.00 415.00 NOTE
r-patched-linux-x86_64 0.2.0 113.37 47.79 161.16 OK
r-patched-solaris-x86 0.2.0 245.60 NOTE
r-release-linux-x86_64 0.2.0 112.65 43.32 155.97 OK
r-release-windows-ix86+x86_64 0.2.0 208.00 133.00 341.00 NOTE
r-release-osx-x86_64 0.2.0 ERROR
r-oldrel-windows-ix86+x86_64 0.2.0 203.00 128.00 331.00 NOTE
r-oldrel-osx-x86_64 0.2.0 ERROR

Check Details

Version: 0.2.0
Check: installed package size
Result: NOTE
     installed size is 5.7Mb
     sub-directories of 1Mb or more:
     libs 4.1Mb
Flavors: r-devel-linux-x86_64-fedora-clang, r-devel-windows-ix86+x86_64, r-patched-solaris-x86, r-release-windows-ix86+x86_64, r-oldrel-windows-ix86+x86_64

Version: 0.2.0
Check: for GNU extensions in Makefiles
Result: NOTE
    GNU make is a SystemRequirements.
Flavors: r-devel-linux-x86_64-fedora-clang, r-devel-linux-x86_64-fedora-gcc

Version: 0.2.0
Check: whether package can be installed
Result: ERROR
    Installation failed.
Flavors: r-release-osx-x86_64, r-oldrel-osx-x86_64