CRAN Package Check Results for Package bioacoustics

Last updated on 2019-06-17 10:48:05 CEST.

Flavor Version Tinstall Tcheck Ttotal Status Flags
r-devel-linux-x86_64-debian-clang 0.2.0.1 111.91 47.66 159.57 NOTE
r-devel-linux-x86_64-debian-gcc 0.2.0.1 97.79 37.50 135.29 NOTE
r-devel-linux-x86_64-fedora-clang 0.2.0.1 242.91 NOTE
r-devel-linux-x86_64-fedora-gcc 0.2.0.1 219.62 NOTE
r-devel-windows-ix86+x86_64 0.2.0.1 281.00 134.00 415.00 NOTE
r-patched-linux-x86_64 0.2.0.1 113.78 46.98 160.76 OK
r-patched-solaris-x86 0.2.0.1 250.20 NOTE
r-release-linux-x86_64 0.2.0.1 116.00 47.55 163.55 OK
r-release-windows-ix86+x86_64 0.2.0.1 209.00 102.00 311.00 NOTE
r-release-osx-x86_64 0.2.0.1 ERROR
r-oldrel-windows-ix86+x86_64 0.2.0.1 206.00 97.00 303.00 NOTE
r-oldrel-osx-x86_64 0.2.0.1 ERROR

Check Details

Version: 0.2.0.1
Check: use of PKG_*FLAGS in Makefiles
Result: NOTE
     PKG_CFLAGS set in 'src/Makevars.in' without any corresponding files
     PKG_CFLAGS set in 'src/Makevars.win' without any corresponding files
Flavors: r-devel-linux-x86_64-debian-clang, r-devel-linux-x86_64-debian-gcc, r-devel-windows-ix86+x86_64

Version: 0.2.0.1
Check: installed package size
Result: NOTE
     installed size is 5.6Mb
     sub-directories of 1Mb or more:
     libs 4.1Mb
Flavors: r-devel-linux-x86_64-fedora-clang, r-devel-windows-ix86+x86_64, r-patched-solaris-x86, r-release-windows-ix86+x86_64, r-oldrel-windows-ix86+x86_64

Version: 0.2.0.1
Check: for GNU extensions in Makefiles
Result: NOTE
    GNU make is a SystemRequirements.
Flavors: r-devel-linux-x86_64-fedora-clang, r-devel-linux-x86_64-fedora-gcc

Version: 0.2.0.1
Check: use of PKG_*FLAGS in Makefiles
Result: NOTE
     PKG_CFLAGS set in ‘src/Makevars’ without any corresponding files
     PKG_CFLAGS set in ‘src/Makevars.in’ without any corresponding files
     PKG_CFLAGS set in ‘src/Makevars.win’ without any corresponding files
Flavors: r-devel-linux-x86_64-fedora-clang, r-devel-linux-x86_64-fedora-gcc

Version: 0.2.0.1
Check: whether package can be installed
Result: ERROR
    Installation failed.
Flavors: r-release-osx-x86_64, r-oldrel-osx-x86_64