CRAN Package Check Results for Package biofiles

Last updated on 2018-02-25 09:50:09 CET.

Flavor Version Tinstall Tcheck Ttotal Status Flags
r-devel-linux-x86_64-debian-clang 1.0.0 42.11 120.90 163.01 NOTE
r-devel-linux-x86_64-debian-gcc 1.0.0 40.05 95.96 136.01 NOTE
r-devel-windows-ix86+x86_64 1.0.0 117.00 235.00 352.00 OK
r-patched-linux-x86_64 1.0.0 39.37 121.68 161.05 OK
r-patched-solaris-x86 1.0.0 230.00 OK
r-release-linux-x86_64 1.0.0 39.86 121.64 161.50 OK
r-release-windows-ix86+x86_64 1.0.0 106.00 202.00 308.00 OK
r-release-osx-x86_64 1.0.0 ERROR
r-oldrel-windows-ix86+x86_64 1.0.0 84.00 169.00 253.00 OK
r-oldrel-osx-x86_64 1.0.0 OK

Check Details

Version: 1.0.0
Check: DESCRIPTION meta-information
Result: NOTE
    Dependence on R version ‘3.3.1’ not with patchlevel 0
Flavors: r-devel-linux-x86_64-debian-clang, r-devel-linux-x86_64-debian-gcc

Version: 1.0.0
Check: package dependencies
Result: ERROR
    Packages required but not available:
     ‘Biostrings’ ‘GenomeInfoDb’ ‘GenomicRanges’
    
    Package suggested but not available for checking: ‘BiocStyle’
    
    See section ‘The DESCRIPTION file’ in the ‘Writing R Extensions’
    manual.
Flavor: r-release-osx-x86_64