CRAN Package Check Results for Package biofiles

Last updated on 2018-05-22 18:46:39 CEST.

Flavor Version Tinstall Tcheck Ttotal Status Flags
r-devel-linux-x86_64-debian-clang 1.0.0 42.41 142.84 185.25 OK
r-devel-linux-x86_64-debian-gcc 1.0.0 40.66 112.15 152.81 OK
r-devel-linux-x86_64-fedora-clang 1.0.0 242.74 OK
r-devel-linux-x86_64-fedora-gcc 1.0.0 237.78 NOTE
r-devel-windows-ix86+x86_64 1.0.0 84.00 273.00 357.00 OK
r-patched-linux-x86_64 1.0.0 52.87 122.18 175.05 NOTE
r-patched-solaris-x86 1.0.0 273.10 OK
r-release-linux-x86_64 1.0.0 45.08 119.61 164.69 NOTE
r-release-windows-ix86+x86_64 1.0.0 124.00 174.00 298.00 OK
r-release-osx-x86_64 1.0.0 ERROR
r-oldrel-windows-ix86+x86_64 1.0.0 109.00 229.00 338.00 OK
r-oldrel-osx-x86_64 1.0.0 ERROR

Check Details

Version: 1.0.0
Check: installed package size
Result: NOTE
     installed size is 5.7Mb
     sub-directories of 1Mb or more:
     libs 4.0Mb
Flavor: r-devel-linux-x86_64-fedora-gcc

Version: 1.0.0
Check: DESCRIPTION meta-information
Result: NOTE
    Dependence on R version ‘3.3.1’ not with patchlevel 0
Flavors: r-patched-linux-x86_64, r-release-linux-x86_64

Version: 1.0.0
Check: package dependencies
Result: NOTE
    Package suggested but not available for checking: ‘BiocStyle’
Flavors: r-release-osx-x86_64, r-oldrel-osx-x86_64

Version: 1.0.0
Check: tests
Result: ERROR
     Running ‘test-all.R’ [9s/13s]
    Running the tests in ‘tests/test-all.R’ failed.
    Last 13 lines of output:
     ── 5. Failure: Location descriptors parse correctly (@test-01-gbLocation.r#17)
     `gbLocation("123^125")` threw an error with unexpected message.
     Expected match: "Inadmissible range"
     Actual message: "c++ exception (unknown reason)"
    
     ══ testthat results ═══════════════════════════════════════════════════════════
     OK: 267 SKIPPED: 1 FAILED: 5
     1. Failure: Location descriptors parse correctly (@test-01-gbLocation.r#6)
     2. Failure: Location descriptors parse correctly (@test-01-gbLocation.r#9)
     3. Failure: Location descriptors parse correctly (@test-01-gbLocation.r#13)
     4. Failure: Location descriptors parse correctly (@test-01-gbLocation.r#14)
     5. Failure: Location descriptors parse correctly (@test-01-gbLocation.r#17)
    
     Error: testthat unit tests failed
     Execution halted
Flavor: r-release-osx-x86_64

Version: 1.0.0
Check: re-building of vignette outputs
Result: WARN
    Error in re-building vignettes:
     ...
    Quitting from lines 10-11 (IntroBiofiles.Rnw)
    Error: processing vignette 'IntroBiofiles.Rnw' failed with diagnostics:
    there is no package called 'BiocStyle'
    Execution halted
Flavors: r-release-osx-x86_64, r-oldrel-osx-x86_64

Version: 1.0.0
Check: tests
Result: ERROR
     Running ‘test-all.R’ [7s/7s]
    Running the tests in ‘tests/test-all.R’ failed.
    Last 13 lines of output:
     ── 5. Failure: Location descriptors parse correctly (@test-01-gbLocation.r#17)
     `gbLocation("123^125")` threw an error with unexpected message.
     Expected match: "Inadmissible range"
     Actual message: "c++ exception (unknown reason)"
    
     ══ testthat results ═══════════════════════════════════════════════════════════
     OK: 267 SKIPPED: 1 FAILED: 5
     1. Failure: Location descriptors parse correctly (@test-01-gbLocation.r#6)
     2. Failure: Location descriptors parse correctly (@test-01-gbLocation.r#9)
     3. Failure: Location descriptors parse correctly (@test-01-gbLocation.r#13)
     4. Failure: Location descriptors parse correctly (@test-01-gbLocation.r#14)
     5. Failure: Location descriptors parse correctly (@test-01-gbLocation.r#17)
    
     Error: testthat unit tests failed
     Execution halted
Flavor: r-oldrel-osx-x86_64