CRAN Package Check Results for Package biogeo

Last updated on 2021-05-13 22:50:51 CEST.

Flavor Version Tinstall Tcheck Ttotal Status Flags
r-devel-linux-x86_64-debian-clang 1.0 17.33 142.15 159.48 NOTE
r-devel-linux-x86_64-debian-gcc 1.0 15.12 108.60 123.72 NOTE
r-devel-linux-x86_64-fedora-clang 1.0 199.22 NOTE
r-devel-linux-x86_64-fedora-gcc 1.0 188.46 NOTE
r-devel-windows-ix86+x86_64 1.0 48.00 161.00 209.00 OK
r-devel-windows-x86_64-gcc10-UCRT 1.0 OK
r-patched-linux-x86_64 1.0 15.17 139.45 154.62 NOTE
r-patched-solaris-x86 1.0 269.80 NOTE
r-release-linux-x86_64 1.0 18.69 132.02 150.71 NOTE
r-release-macos-x86_64 1.0 OK
r-release-windows-ix86+x86_64 1.0 34.00 181.00 215.00 OK
r-oldrel-macos-x86_64 1.0 OK
r-oldrel-windows-ix86+x86_64 1.0 38.00 187.00 225.00 OK

Check Details

Version: 1.0
Check: for non-standard things in the check directory
Result: NOTE
    Found the following files/directories:
     'pointshape.dbf' 'pointshape.shp' 'pointshape.shx'
Flavors: r-devel-linux-x86_64-debian-clang, r-devel-linux-x86_64-debian-gcc, r-devel-linux-x86_64-fedora-clang, r-devel-linux-x86_64-fedora-gcc, r-patched-linux-x86_64, r-patched-solaris-x86, r-release-linux-x86_64