CRAN Package Check Results for Package bioimagetools

Last updated on 2018-02-21 15:48:45 CET.

Flavor Version Tinstall Tcheck Ttotal Status Flags
r-devel-linux-x86_64-debian-clang 1.1.0 7.71 82.26 89.97 OK
r-devel-linux-x86_64-debian-gcc 1.1.0 5.94 40.06 46.00 OK
r-devel-windows-ix86+x86_64 1.1.0 17.00 113.00 130.00 OK
r-patched-linux-x86_64 1.1.0 4.92 85.75 90.67 OK
r-patched-solaris-x86 1.1.0 161.50 OK
r-release-linux-x86_64 1.1.0 4.68 84.34 89.02 OK
r-release-windows-ix86+x86_64 1.1.0 26.00 151.00 177.00 OK
r-release-osx-x86_64 1.1.0 ERROR
r-oldrel-windows-ix86+x86_64 1.1.0 14.00 102.00 116.00 OK
r-oldrel-osx-x86_64 1.1.0 OK

Check Details

Version: 1.1.0
Check: package dependencies
Result: ERROR
    Package required but not available: ‘EBImage’
    
    See section ‘The DESCRIPTION file’ in the ‘Writing R Extensions’
    manual.
Flavor: r-release-osx-x86_64