CRAN Package Check Results for Package biokNN

Last updated on 2022-08-09 23:53:50 CEST.

Flavor Version Tinstall Tcheck Ttotal Status Flags
r-devel-linux-x86_64-debian-clang 0.1.0 6.64 63.51 70.15 OK
r-devel-linux-x86_64-debian-gcc 0.1.0 4.65 47.34 51.99 OK
r-devel-linux-x86_64-fedora-clang 0.1.0 92.62 NOTE
r-devel-linux-x86_64-fedora-gcc 0.1.0 89.18 NOTE
r-devel-windows-x86_64 0.1.0 15.00 92.00 107.00 OK
r-patched-linux-x86_64 0.1.0 5.49 57.75 63.24 OK
r-release-linux-x86_64 0.1.0 OK
r-release-macos-arm64 0.1.0 26.00 NOTE
r-release-macos-x86_64 0.1.0 45.00 NOTE
r-release-windows-x86_64 0.1.0 13.00 91.00 104.00 OK
r-oldrel-macos-arm64 0.1.0 35.00 NOTE
r-oldrel-macos-x86_64 0.1.0 37.00 NOTE
r-oldrel-windows-ix86+x86_64 0.1.0 17.00 86.00 103.00 OK

Check Details

Version: 0.1.0
Check: dependencies in R code
Result: NOTE
    Namespaces in Imports field not imported from:
     ‘desc’ ‘lme4’ ‘mitml’
     All declared Imports should be used.
Flavors: r-devel-linux-x86_64-fedora-clang, r-devel-linux-x86_64-fedora-gcc, r-release-macos-arm64, r-release-macos-x86_64, r-oldrel-macos-arm64, r-oldrel-macos-x86_64