CRAN Package Check Results for Package biomartr

Last updated on 2018-05-25 06:48:39 CEST.

Flavor Version Tinstall Tcheck Ttotal Status Flags
r-devel-linux-x86_64-debian-clang 0.7.0 14.86 179.13 193.99 WARN
r-devel-linux-x86_64-debian-gcc 0.7.0 13.71 159.02 172.73 WARN
r-devel-linux-x86_64-fedora-clang 0.7.0 262.32 OK
r-devel-linux-x86_64-fedora-gcc 0.7.0 278.69 OK
r-devel-windows-ix86+x86_64 0.7.0 26.00 298.00 324.00 OK
r-patched-linux-x86_64 0.7.0 10.82 168.24 179.06 OK
r-patched-solaris-x86 0.7.0 326.30 OK
r-release-linux-x86_64 0.7.0 13.30 167.69 180.99 OK
r-release-windows-ix86+x86_64 0.7.0 32.00 303.00 335.00 OK
r-release-osx-x86_64 0.7.0 OK
r-oldrel-windows-ix86+x86_64 0.7.0 26.00 285.00 311.00 OK
r-oldrel-osx-x86_64 0.7.0 OK

Check Details

Version: 0.7.0
Check: for unstated dependencies in ‘tests’
Result: WARN
    'library' or 'require' call not declared from: ‘magrittr’
Flavors: r-devel-linux-x86_64-debian-clang, r-devel-linux-x86_64-debian-gcc