CRAN Package Check Results for Package biomartr

Last updated on 2018-02-25 17:48:39 CET.

Flavor Version Tinstall Tcheck Ttotal Status Flags
r-devel-linux-x86_64-debian-clang 0.7.0 11.78 170.95 182.73 OK
r-devel-linux-x86_64-debian-gcc 0.7.0 11.08 136.11 147.19 OK
r-devel-windows-ix86+x86_64 0.7.0 29.00 276.00 305.00 OK
r-patched-linux-x86_64 0.7.0 8.66 174.17 182.83 OK
r-patched-solaris-x86 0.7.0 281.60 OK
r-release-linux-x86_64 0.7.0 8.96 175.11 184.07 OK
r-release-windows-ix86+x86_64 0.7.0 28.00 285.00 313.00 OK
r-release-osx-x86_64 0.7.0 ERROR
r-oldrel-windows-ix86+x86_64 0.7.0 7.00 5.00 12.00 ERROR
r-oldrel-osx-x86_64 0.7.0 OK

Check Details

Version: 0.7.0
Check: package dependencies
Result: ERROR
    Packages required but not available: ‘biomaRt’ ‘Biostrings’
    
    See section ‘The DESCRIPTION file’ in the ‘Writing R Extensions’
    manual.
Flavor: r-release-osx-x86_64

Version: 0.7.0
Check: whether package can be installed
Result: ERROR
    Installation failed.
Flavor: r-oldrel-windows-ix86+x86_64