CRAN Package Check Results for Package biometryassist

Last updated on 2022-12-05 20:53:04 CET.

Flavor Version Tinstall Tcheck Ttotal Status Flags
r-devel-linux-x86_64-debian-clang 1.1.2 20.37 231.49 251.86 NOTE
r-devel-linux-x86_64-debian-gcc 1.1.2 12.46 169.79 182.25 NOTE
r-devel-linux-x86_64-fedora-clang 1.1.2 311.10 NOTE
r-devel-linux-x86_64-fedora-gcc 1.1.2 305.71 NOTE
r-devel-windows-x86_64 1.1.2 178.00 218.00 396.00 NOTE
r-patched-linux-x86_64 1.1.2 13.53 211.14 224.67 NOTE
r-release-linux-x86_64 1.1.2 17.83 213.33 231.16 NOTE
r-release-macos-arm64 1.1.2 71.00 NOTE
r-release-macos-x86_64 1.1.2 92.00 NOTE
r-release-windows-x86_64 1.1.2 212.00 218.00 430.00 NOTE
r-oldrel-macos-arm64 1.1.2 67.00 NOTE
r-oldrel-macos-x86_64 1.1.2 90.00 NOTE
r-oldrel-windows-ix86+x86_64 1.1.2 41.00 205.00 246.00 NOTE

Check Details

Version: 1.1.2
Check: package dependencies
Result: NOTE
    Package which this enhances but not available for checking: 'asreml'
Flavors: r-devel-linux-x86_64-debian-clang, r-devel-linux-x86_64-debian-gcc, r-devel-linux-x86_64-fedora-clang, r-devel-linux-x86_64-fedora-gcc, r-devel-windows-x86_64, r-patched-linux-x86_64, r-release-linux-x86_64, r-release-macos-arm64, r-release-macos-x86_64, r-release-windows-x86_64, r-oldrel-macos-arm64, r-oldrel-macos-x86_64, r-oldrel-windows-ix86+x86_64