CRAN Package Check Results for Package biomod2

Last updated on 2018-09-24 15:50:04 CEST.

Flavor Version Tinstall Tcheck Ttotal Status Flags
r-devel-linux-x86_64-debian-clang 3.3-7 26.94 214.40 241.34 NOTE
r-devel-linux-x86_64-debian-gcc 3.3-7 23.45 166.28 189.73 NOTE
r-devel-linux-x86_64-fedora-clang 3.3-7 289.78 NOTE
r-devel-linux-x86_64-fedora-gcc 3.3-7 285.71 NOTE
r-devel-windows-ix86+x86_64 3.3-7 59.00 286.00 345.00 NOTE
r-patched-linux-x86_64 3.3-7 25.08 114.49 139.57 NOTE
r-patched-solaris-x86 3.3-7 357.80 NOTE
r-release-linux-x86_64 3.3-7 27.35 191.20 218.55 NOTE
r-release-windows-ix86+x86_64 3.3-7 60.00 258.00 318.00 NOTE
r-release-osx-x86_64 3.3-7 NOTE
r-oldrel-windows-ix86+x86_64 3.3-7 18.00 204.00 222.00 NOTE
r-oldrel-osx-x86_64 3.3-7 NOTE

Check Details

Version: 3.3-7
Check: DESCRIPTION meta-information
Result: NOTE
    BugReports field is not a suitable URL but contains an email address
     which will be used as from R 3.4.0
Flavors: r-devel-linux-x86_64-debian-clang, r-devel-linux-x86_64-debian-gcc, r-devel-linux-x86_64-fedora-clang, r-devel-linux-x86_64-fedora-gcc, r-devel-windows-ix86+x86_64, r-patched-linux-x86_64, r-patched-solaris-x86, r-release-linux-x86_64, r-release-windows-ix86+x86_64, r-release-osx-x86_64, r-oldrel-windows-ix86+x86_64, r-oldrel-osx-x86_64

Version: 3.3-7
Check: dependencies in R code
Result: NOTE
    Missing or unexported object: ‘gam::step.gam’
Flavors: r-devel-linux-x86_64-debian-clang, r-devel-linux-x86_64-debian-gcc, r-devel-linux-x86_64-fedora-clang, r-devel-linux-x86_64-fedora-gcc, r-devel-windows-ix86+x86_64, r-patched-linux-x86_64, r-patched-solaris-x86, r-release-linux-x86_64, r-release-windows-ix86+x86_64, r-release-osx-x86_64, r-oldrel-windows-ix86+x86_64