CRAN Package Check Results for Package biomod2

Last updated on 2018-12-18 14:47:12 CET.

Flavor Version Tinstall Tcheck Ttotal Status Flags
r-devel-linux-x86_64-debian-clang 3.3-7 26.69 213.15 239.84 NOTE
r-devel-linux-x86_64-debian-gcc 3.3-7 22.29 160.08 182.37 NOTE
r-devel-linux-x86_64-fedora-clang 3.3-7 274.97 NOTE
r-devel-linux-x86_64-fedora-gcc 3.3-7 264.82 NOTE
r-devel-windows-ix86+x86_64 3.3-7 55.00 257.00 312.00 NOTE
r-patched-linux-x86_64 3.3-7 26.41 197.74 224.15 NOTE
r-patched-solaris-x86 3.3-7 367.00 NOTE
r-release-linux-x86_64 3.3-7 24.95 196.41 221.36 NOTE
r-release-windows-ix86+x86_64 3.3-7 46.00 274.00 320.00 NOTE
r-release-osx-x86_64 3.3-7 NOTE
r-oldrel-windows-ix86+x86_64 3.3-7 37.00 285.00 322.00 NOTE
r-oldrel-osx-x86_64 3.3-7 NOTE

Check Details

Version: 3.3-7
Check: DESCRIPTION meta-information
Result: NOTE
    BugReports field is not a suitable URL but contains an email address
     which will be used as from R 3.4.0
Flavors: r-devel-linux-x86_64-debian-clang, r-devel-linux-x86_64-debian-gcc, r-devel-linux-x86_64-fedora-clang, r-devel-linux-x86_64-fedora-gcc, r-devel-windows-ix86+x86_64, r-patched-linux-x86_64, r-patched-solaris-x86, r-release-linux-x86_64, r-release-windows-ix86+x86_64, r-release-osx-x86_64, r-oldrel-windows-ix86+x86_64, r-oldrel-osx-x86_64

Version: 3.3-7
Check: dependencies in R code
Result: NOTE
    Missing or unexported object: ‘gam::step.gam’
Flavors: r-devel-linux-x86_64-debian-clang, r-devel-linux-x86_64-debian-gcc, r-devel-linux-x86_64-fedora-clang, r-devel-linux-x86_64-fedora-gcc, r-devel-windows-ix86+x86_64, r-patched-linux-x86_64, r-patched-solaris-x86, r-release-linux-x86_64, r-release-windows-ix86+x86_64, r-release-osx-x86_64, r-oldrel-windows-ix86+x86_64