CRAN Package Check Results for Package biostat3

Last updated on 2024-03-04 05:54:47 CET.

Flavor Version Tinstall Tcheck Ttotal Status Flags
r-devel-linux-x86_64-debian-clang 0.1.9 10.77 73.93 84.70 OK
r-devel-linux-x86_64-debian-gcc 0.1.9 7.44 57.85 65.29 OK
r-devel-linux-x86_64-fedora-clang 0.1.9 104.78 NOTE
r-devel-linux-x86_64-fedora-gcc 0.1.9 98.78 OK
r-devel-windows-x86_64 0.1.9 10.00 76.00 86.00 NOTE
r-patched-linux-x86_64 0.1.9 12.17 75.85 88.02 OK
r-release-linux-x86_64 0.1.9 8.18 74.04 82.22 OK
r-release-macos-arm64 0.1.9 40.00 NOTE
r-release-macos-x86_64 0.1.9 88.00 NOTE
r-release-windows-x86_64 0.1.9 11.00 91.00 102.00 NOTE
r-oldrel-macos-arm64 0.1.9 41.00 NOTE
r-oldrel-windows-x86_64 0.1.9 11.00 94.00 105.00 NOTE

Check Details

Version: 0.1.9
Check: installed package size
Result: NOTE installed size is 6.1Mb sub-directories of 1Mb or more: doc 5.5Mb Flavors: r-devel-linux-x86_64-fedora-clang, r-devel-windows-x86_64, r-release-macos-arm64, r-release-macos-x86_64, r-release-windows-x86_64, r-oldrel-macos-arm64, r-oldrel-windows-x86_64