CRAN Package Check Results for Package bipartite

Last updated on 2018-05-25 20:46:28 CEST.

Flavor Version Tinstall Tcheck Ttotal Status Flags
r-devel-linux-x86_64-debian-clang 2.08 20.78 137.81 158.59 WARN
r-devel-linux-x86_64-debian-gcc 2.08 14.64 106.54 121.18 OK
r-devel-linux-x86_64-fedora-clang 2.08 197.63 OK
r-devel-linux-x86_64-fedora-gcc 2.08 203.30 OK
r-devel-windows-ix86+x86_64 2.08 36.00 176.00 212.00 NOTE
r-patched-linux-x86_64 2.08 19.46 118.91 138.37 OK
r-patched-solaris-x86 2.08 207.70 OK
r-release-linux-x86_64 2.08 17.67 118.55 136.22 OK
r-release-windows-ix86+x86_64 2.08 47.00 142.00 189.00 NOTE
r-release-osx-x86_64 2.08 WARN
r-oldrel-windows-ix86+x86_64 2.08 39.00 153.00 192.00 OK
r-oldrel-osx-x86_64 2.08 OK

Check Details

Version: 2.08
Check: whether package can be installed
Result: WARN
    Found the following significant warnings:
     ./MersenneTwister.h:187:2: warning: 'register' storage class specifier is deprecated and incompatible with C++17 [-Wdeprecated-register]
     ./MersenneTwister.h:232:2: warning: 'register' storage class specifier is deprecated and incompatible with C++17 [-Wdeprecated-register]
     ./MersenneTwister.h:233:2: warning: 'register' storage class specifier is deprecated and incompatible with C++17 [-Wdeprecated-register]
     ./MersenneTwister.h:234:2: warning: 'register' storage class specifier is deprecated and incompatible with C++17 [-Wdeprecated-register]
     ./MersenneTwister.h:269:3: warning: 'register' storage class specifier is deprecated and incompatible with C++17 [-Wdeprecated-register]
     ./MersenneTwister.h:270:3: warning: 'register' storage class specifier is deprecated and incompatible with C++17 [-Wdeprecated-register]
     ./MersenneTwister.h:271:3: warning: 'register' storage class specifier is deprecated and incompatible with C++17 [-Wdeprecated-register]
     ./MersenneTwister.h:289:2: warning: 'register' storage class specifier is deprecated and incompatible with C++17 [-Wdeprecated-register]
     ./MersenneTwister.h:290:2: warning: 'register' storage class specifier is deprecated and incompatible with C++17 [-Wdeprecated-register]
     ./MersenneTwister.h:291:2: warning: 'register' storage class specifier is deprecated and incompatible with C++17 [-Wdeprecated-register]
     ./MersenneTwister.h:305:2: warning: 'register' storage class specifier is deprecated and incompatible with C++17 [-Wdeprecated-register]
     ./MersenneTwister.h:306:2: warning: 'register' storage class specifier is deprecated and incompatible with C++17 [-Wdeprecated-register]
     ./MersenneTwister.h:345:2: warning: 'register' storage class specifier is deprecated and incompatible with C++17 [-Wdeprecated-register]
     ./MersenneTwister.h:346:2: warning: 'register' storage class specifier is deprecated and incompatible with C++17 [-Wdeprecated-register]
     ./MersenneTwister.h:347:2: warning: 'register' storage class specifier is deprecated and incompatible with C++17 [-Wdeprecated-register]
     ./MersenneTwister.h:355:2: warning: 'register' storage class specifier is deprecated and incompatible with C++17 [-Wdeprecated-register]
     ./MersenneTwister.h:356:2: warning: 'register' storage class specifier is deprecated and incompatible with C++17 [-Wdeprecated-register]
     ./MersenneTwister.h:357:2: warning: 'register' storage class specifier is deprecated and incompatible with C++17 [-Wdeprecated-register]
     ./MersenneTwister.h:366:2: warning: 'register' storage class specifier is deprecated and incompatible with C++17 [-Wdeprecated-register]
     ./MersenneTwister.h:367:2: warning: 'register' storage class specifier is deprecated and incompatible with C++17 [-Wdeprecated-register]
     ./MersenneTwister.h:375:2: warning: 'register' storage class specifier is deprecated and incompatible with C++17 [-Wdeprecated-register]
     ./MersenneTwister.h:376:2: warning: 'register' storage class specifier is deprecated and incompatible with C++17 [-Wdeprecated-register]
Flavors: r-devel-linux-x86_64-debian-clang, r-release-osx-x86_64

Version: 2.08
Check: installed package size
Result: NOTE
     installed size is 5.0Mb
     sub-directories of 1Mb or more:
     doc 2.7Mb
     libs 1.5Mb
Flavors: r-devel-windows-ix86+x86_64, r-release-windows-ix86+x86_64