CRAN Package Check Results for Package bipartite

Last updated on 2018-08-15 08:48:35 CEST.

Flavor Version Tinstall Tcheck Ttotal Status Flags
r-devel-linux-x86_64-debian-clang 2.11 20.65 138.26 158.91 OK
r-devel-linux-x86_64-debian-gcc 2.11 17.76 109.01 126.77 OK
r-devel-linux-x86_64-fedora-clang 2.11 191.17 OK
r-devel-linux-x86_64-fedora-gcc 2.11 184.64 OK
r-devel-windows-ix86+x86_64 2.11 38.00 163.00 201.00 NOTE
r-patched-linux-x86_64 2.11 19.89 121.30 141.19 OK
r-patched-solaris-x86 2.11 216.90 OK
r-release-linux-x86_64 2.11 17.27 120.55 137.82 OK
r-release-windows-ix86+x86_64 2.11 43.00 164.00 207.00 NOTE
r-release-osx-x86_64 2.11 OK
r-oldrel-windows-ix86+x86_64 2.11 49.00 164.00 213.00 NOTE
r-oldrel-osx-x86_64 2.11 OK

Check Details

Version: 2.11
Check: installed package size
Result: NOTE
     installed size is 5.0Mb
     sub-directories of 1Mb or more:
     doc 2.7Mb
     libs 1.5Mb
Flavors: r-devel-windows-ix86+x86_64, r-release-windows-ix86+x86_64, r-oldrel-windows-ix86+x86_64