CRAN Package Check Results for Package bipartite

Last updated on 2019-01-23 08:48:57 CET.

Flavor Version Tinstall Tcheck Ttotal Status Flags
r-devel-linux-x86_64-debian-clang 2.11 22.65 129.59 152.24 OK
r-devel-linux-x86_64-debian-gcc 2.11 16.36 98.97 115.33 OK
r-devel-linux-x86_64-fedora-clang 2.11 206.34 OK
r-devel-linux-x86_64-fedora-gcc 2.11 197.37 OK
r-devel-windows-ix86+x86_64 2.11 45.00 204.00 249.00 NOTE
r-patched-linux-x86_64 2.11 22.42 121.71 144.13 OK
r-patched-solaris-x86 2.11 228.70 OK
r-release-linux-x86_64 2.11 19.00 121.78 140.78 OK
r-release-windows-ix86+x86_64 2.11 36.00 199.00 235.00 NOTE
r-release-osx-x86_64 2.11 OK
r-oldrel-windows-ix86+x86_64 2.11 38.00 206.00 244.00 NOTE
r-oldrel-osx-x86_64 2.11 OK

Check Details

Version: 2.11
Check: installed package size
Result: NOTE
     installed size is 5.0Mb
     sub-directories of 1Mb or more:
     doc 2.7Mb
     libs 1.5Mb
Flavors: r-devel-windows-ix86+x86_64, r-release-windows-ix86+x86_64, r-oldrel-windows-ix86+x86_64