CRAN Package Check Results for Package bipartite

Last updated on 2018-10-16 21:49:58 CEST.

Flavor Version Tinstall Tcheck Ttotal Status Flags
r-devel-linux-x86_64-debian-clang 2.11 19.98 162.54 182.52 OK
r-devel-linux-x86_64-debian-gcc 2.11 18.58 126.27 144.85 OK
r-devel-linux-x86_64-fedora-clang 2.11 221.05 OK
r-devel-linux-x86_64-fedora-gcc 2.11 214.23 OK
r-devel-windows-ix86+x86_64 2.11 38.00 219.00 257.00 NOTE
r-patched-linux-x86_64 2.11 21.56 141.62 163.18 OK
r-patched-solaris-x86 2.11 211.80 OK
r-release-linux-x86_64 2.11 23.08 142.98 166.06 OK
r-release-windows-ix86+x86_64 2.11 51.00 194.00 245.00 NOTE
r-release-osx-x86_64 2.11 OK
r-oldrel-windows-ix86+x86_64 2.11 52.00 198.00 250.00 NOTE
r-oldrel-osx-x86_64 2.11 OK

Check Details

Version: 2.11
Check: installed package size
Result: NOTE
     installed size is 5.0Mb
     sub-directories of 1Mb or more:
     doc 2.7Mb
     libs 1.5Mb
Flavors: r-devel-windows-ix86+x86_64, r-release-windows-ix86+x86_64, r-oldrel-windows-ix86+x86_64