CRAN Package Check Results for Package bipartite

Last updated on 2024-06-13 00:55:08 CEST.

Flavor Version Tinstall Tcheck Ttotal Status Flags
r-devel-linux-x86_64-debian-clang 2.20 31.09 272.35 303.44 OK
r-devel-linux-x86_64-debian-gcc 2.20 0.48 1.82 2.30 ERROR
r-devel-linux-x86_64-fedora-clang 2.20 386.54 OK
r-devel-linux-x86_64-fedora-gcc 2.20 376.89 OK
r-devel-windows-x86_64 2.20 32.00 268.00 300.00 OK
r-patched-linux-x86_64 2.20 37.70 266.25 303.95 OK
r-release-linux-x86_64 2.20 33.48 262.09 295.57 OK
r-release-macos-arm64 2.20 102.00 OK
r-release-macos-x86_64 2.20 157.00 OK
r-release-windows-x86_64 2.20 33.00 273.00 306.00 OK
r-oldrel-macos-arm64 2.20 121.00 OK
r-oldrel-macos-x86_64 2.20 292.00 OK
r-oldrel-windows-x86_64 2.20 41.00 312.00 353.00 OK

Check Details

Version: 2.20
Check: package dependencies
Result: ERROR Packages required but not available: 'sna', 'igraph' See section ‘The DESCRIPTION file’ in the ‘Writing R Extensions’ manual. Flavor: r-devel-linux-x86_64-debian-gcc