CRAN Package Check Results for Package bisque

Last updated on 2022-12-04 18:53:43 CET.

Flavor Version Tinstall Tcheck Ttotal Status Flags
r-devel-linux-x86_64-debian-clang 1.0.2 144.75 47.09 191.84 OK
r-devel-linux-x86_64-debian-gcc 1.0.2 112.28 36.11 148.39 OK
r-devel-linux-x86_64-fedora-clang 1.0.2 317.10 OK
r-devel-linux-x86_64-fedora-gcc 1.0.2 256.20 OK
r-devel-windows-x86_64 1.0.2 112.00 96.00 208.00 OK
r-patched-linux-x86_64 1.0.2 118.90 43.41 162.31 OK
r-release-linux-x86_64 1.0.2 116.84 43.99 160.83 OK
r-release-macos-arm64 1.0.2 60.00 NOTE
r-release-macos-x86_64 1.0.2 77.00 NOTE
r-release-windows-x86_64 1.0.2 117.00 101.00 218.00 OK
r-oldrel-macos-arm64 1.0.2 59.00 NOTE
r-oldrel-macos-x86_64 1.0.2 108.00 NOTE
r-oldrel-windows-ix86+x86_64 1.0.2 343.00 106.00 449.00 OK

Check Details

Version: 1.0.2
Check: installed package size
Result: NOTE
     installed size is 6.6Mb
     sub-directories of 1Mb or more:
     libs 6.5Mb
Flavors: r-release-macos-arm64, r-release-macos-x86_64, r-oldrel-macos-arm64, r-oldrel-macos-x86_64