Last updated on 2021-01-23 20:46:43 CET.
Flavor | Version | Tinstall | Tcheck | Ttotal | Status | Flags |
---|---|---|---|---|---|---|
r-devel-linux-x86_64-debian-clang | 0.3 | 13.64 | 110.20 | 123.84 | OK | |
r-devel-linux-x86_64-debian-gcc | 0.3 | 11.15 | 84.31 | 95.46 | OK | |
r-devel-linux-x86_64-fedora-clang | 0.3 | 160.71 | NOTE | |||
r-devel-linux-x86_64-fedora-gcc | 0.3 | 150.30 | NOTE | |||
r-devel-windows-ix86+x86_64 | 0.3 | 28.00 | 127.00 | 155.00 | OK | |
r-patched-linux-x86_64 | 0.3 | 13.88 | 104.42 | 118.30 | OK | |
r-patched-solaris-x86 | 0.3 | 209.90 | NOTE | |||
r-release-linux-x86_64 | 0.3 | 13.20 | 103.47 | 116.67 | OK | |
r-release-macos-x86_64 | 0.3 | NOTE | ||||
r-release-windows-ix86+x86_64 | 0.3 | 28.00 | 129.00 | 157.00 | OK | |
r-oldrel-macos-x86_64 | 0.3 | WARN | ||||
r-oldrel-windows-ix86+x86_64 | 0.3 | 20.00 | 128.00 | 148.00 | OK |
Version: 0.3
Check: dependencies in R code
Result: NOTE
Namespace in Imports field not imported from: ‘MASS’
All declared Imports should be used.
Flavors: r-devel-linux-x86_64-fedora-clang, r-devel-linux-x86_64-fedora-gcc, r-patched-solaris-x86, r-release-macos-x86_64
Version: 0.3
Check: dependencies in R code
Result: NOTE
No protocol specified
No protocol specified
Namespace in Imports field not imported from: ‘MASS’
All declared Imports should be used.
Flavor: r-oldrel-macos-x86_64
Version: 0.3
Check: S3 generic/method consistency
Result: WARN
No protocol specified
No protocol specified
See section ‘Generic functions and methods’ in the ‘Writing R
Extensions’ manual.
Flavor: r-oldrel-macos-x86_64
Version: 0.3
Check: replacement functions
Result: WARN
No protocol specified
No protocol specified
The argument of a replacement function which corresponds to the right
hand side must be named ‘value’.
Flavor: r-oldrel-macos-x86_64
Version: 0.3
Check: foreign function calls
Result: NOTE
No protocol specified
No protocol specified
See chapter ‘System and foreign language interfaces’ in the ‘Writing R
Extensions’ manual.
Flavor: r-oldrel-macos-x86_64
Version: 0.3
Check: R code for possible problems
Result: NOTE
No protocol specified
No protocol specified
Flavor: r-oldrel-macos-x86_64
Version: 0.3
Check: for missing documentation entries
Result: WARN
No protocol specified
No protocol specified
All user-level objects in a package should have documentation entries.
See chapter ‘Writing R documentation files’ in the ‘Writing R
Extensions’ manual.
Flavor: r-oldrel-macos-x86_64
Version: 0.3
Check: for code/documentation mismatches
Result: WARN
No protocol specified
No protocol specified
No protocol specified
No protocol specified
No protocol specified
No protocol specified
Flavor: r-oldrel-macos-x86_64
Version: 0.3
Check: Rd \usage sections
Result: NOTE
No protocol specified
No protocol specified
The \usage entries for S3 methods should use the \method markup and not
their full name.
See chapter ‘Writing R documentation files’ in the ‘Writing R
Extensions’ manual.
Flavor: r-oldrel-macos-x86_64