CRAN Package Check Results for Package bite

Last updated on 2022-10-02 01:50:27 CEST.

Flavor Version Tinstall Tcheck Ttotal Status Flags
r-devel-linux-x86_64-debian-clang 0.3 12.48 123.86 136.34 OK
r-devel-linux-x86_64-debian-gcc 0.3 11.50 92.20 103.70 OK
r-devel-linux-x86_64-fedora-clang 0.3 189.02 NOTE
r-devel-linux-x86_64-fedora-gcc 0.3 176.71 NOTE
r-devel-windows-x86_64 0.3 24.00 149.00 173.00 OK
r-patched-linux-x86_64 0.3 16.72 119.36 136.08 OK
r-release-linux-x86_64 0.3 13.14 120.05 133.19 OK
r-release-macos-arm64 0.3 43.00 NOTE
r-release-macos-x86_64 0.3 65.00 NOTE
r-release-windows-x86_64 0.3 27.00 148.00 175.00 OK
r-oldrel-macos-arm64 0.3 98.00 NOTE
r-oldrel-macos-x86_64 0.3 109.00 NOTE
r-oldrel-windows-ix86+x86_64 0.3 29.00 144.00 173.00 OK

Check Details

Version: 0.3
Check: dependencies in R code
Result: NOTE
    Namespace in Imports field not imported from: ‘MASS’
     All declared Imports should be used.
Flavors: r-devel-linux-x86_64-fedora-clang, r-devel-linux-x86_64-fedora-gcc, r-release-macos-arm64, r-release-macos-x86_64, r-oldrel-macos-arm64, r-oldrel-macos-x86_64