CRAN Package Check Results for Package bitsqueezr

Last updated on 2022-12-01 07:54:59 CET.

Flavor Version Tinstall Tcheck Ttotal Status Flags
r-devel-linux-x86_64-debian-clang 0.1.1 2.33 25.39 27.72 NOTE
r-devel-linux-x86_64-debian-gcc 0.1.1 1.83 20.61 22.44 NOTE
r-devel-linux-x86_64-fedora-clang 0.1.1 48.57 NOTE
r-devel-linux-x86_64-fedora-gcc 0.1.1 45.58 NOTE
r-devel-windows-x86_64 0.1.1 13.00 63.00 76.00 NOTE
r-patched-linux-x86_64 0.1.1 2.19 25.18 27.37 NOTE
r-release-linux-x86_64 0.1.1 2.33 24.91 27.24 NOTE
r-release-macos-arm64 0.1.1 19.00 NOTE
r-release-macos-x86_64 0.1.1 24.00 NOTE
r-release-windows-x86_64 0.1.1 16.00 56.00 72.00 NOTE
r-oldrel-macos-arm64 0.1.1 19.00 NOTE
r-oldrel-macos-x86_64 0.1.1 29.00 NOTE
r-oldrel-windows-ix86+x86_64 0.1.1 9.00 59.00 68.00 NOTE

Check Details

Version: 0.1.1
Check: LazyData
Result: NOTE
     'LazyData' is specified without a 'data' directory
Flavors: r-devel-linux-x86_64-debian-clang, r-devel-linux-x86_64-debian-gcc, r-devel-linux-x86_64-fedora-clang, r-devel-linux-x86_64-fedora-gcc, r-devel-windows-x86_64, r-patched-linux-x86_64, r-release-linux-x86_64, r-release-macos-arm64, r-release-macos-x86_64, r-release-windows-x86_64, r-oldrel-macos-arm64, r-oldrel-macos-x86_64, r-oldrel-windows-ix86+x86_64