CRAN Package Check Results for Package biwt

Last updated on 2019-11-18 14:47:37 CET.

Flavor Version Tinstall Tcheck Ttotal Status Flags
r-devel-linux-x86_64-debian-clang 1.0 3.35 30.67 34.02 NOTE
r-devel-linux-x86_64-debian-gcc 1.0 2.84 25.76 28.60 NOTE
r-devel-linux-x86_64-fedora-clang 1.0 40.88 NOTE
r-devel-linux-x86_64-fedora-gcc 1.0 40.42 NOTE
r-devel-windows-ix86+x86_64 1.0 17.00 66.00 83.00 NOTE
r-patched-linux-x86_64 1.0 3.39 29.47 32.86 NOTE
r-patched-solaris-x86 1.0 64.20 NOTE
r-release-linux-x86_64 1.0 3.15 28.95 32.10 NOTE
r-release-windows-ix86+x86_64 1.0 8.00 70.00 78.00 NOTE
r-release-osx-x86_64 1.0 NOTE
r-oldrel-windows-ix86+x86_64 1.0 8.00 65.00 73.00 NOTE
r-oldrel-osx-x86_64 1.0 NOTE

Check Details

Version: 1.0
Check: R code for possible problems
Result: NOTE
    biwt.cor: no visible global function definition for 'covMcd'
    biwt.cor: no visible binding for global variable 'mad'
    biwt.est: no visible global function definition for 'covMcd'
    biwt.est: no visible global function definition for 'mahalanobis'
    chi.int: no visible global function definition for 'pchisq'
    chi.int.p: no visible global function definition for 'dchisq'
    chi.int2: no visible global function definition for 'pchisq'
    chi.int2.p: no visible global function definition for 'dchisq'
    rejpt.bw: no visible global function definition for 'pchisq'
    Undefined global functions or variables:
     covMcd dchisq mad mahalanobis pchisq
    Consider adding
     importFrom("stats", "dchisq", "mad", "mahalanobis", "pchisq")
    to your NAMESPACE file.
Flavors: r-devel-linux-x86_64-debian-clang, r-devel-linux-x86_64-debian-gcc, r-devel-linux-x86_64-fedora-clang, r-devel-linux-x86_64-fedora-gcc, r-devel-windows-ix86+x86_64, r-patched-linux-x86_64, r-patched-solaris-x86, r-release-linux-x86_64, r-release-windows-ix86+x86_64, r-release-osx-x86_64, r-oldrel-windows-ix86+x86_64, r-oldrel-osx-x86_64