CRAN Package Check Results for Package biwt

Last updated on 2019-08-25 10:46:14 CEST.

Flavor Version Tinstall Tcheck Ttotal Status Flags
r-devel-linux-x86_64-debian-clang 1.0 3.31 29.44 32.75 NOTE
r-devel-linux-x86_64-debian-gcc 1.0 2.51 24.03 26.54 NOTE
r-devel-linux-x86_64-fedora-clang 1.0 41.36 NOTE
r-devel-linux-x86_64-fedora-gcc 1.0 39.48 NOTE
r-devel-windows-ix86+x86_64 1.0 10.00 47.00 57.00 NOTE
r-patched-linux-x86_64 1.0 2.73 29.49 32.22 NOTE
r-patched-solaris-x86 1.0 65.30 NOTE
r-release-linux-x86_64 1.0 3.06 29.15 32.21 NOTE
r-release-windows-ix86+x86_64 1.0 7.00 70.00 77.00 NOTE
r-release-osx-x86_64 1.0 NOTE
r-oldrel-windows-ix86+x86_64 1.0 8.00 63.00 71.00 NOTE
r-oldrel-osx-x86_64 1.0 NOTE

Check Details

Version: 1.0
Check: R code for possible problems
Result: NOTE
    biwt.cor: no visible global function definition for 'covMcd'
    biwt.cor: no visible binding for global variable 'mad'
    biwt.est: no visible global function definition for 'covMcd'
    biwt.est: no visible global function definition for 'mahalanobis'
    chi.int: no visible global function definition for 'pchisq'
    chi.int.p: no visible global function definition for 'dchisq'
    chi.int2: no visible global function definition for 'pchisq'
    chi.int2.p: no visible global function definition for 'dchisq'
    rejpt.bw: no visible global function definition for 'pchisq'
    Undefined global functions or variables:
     covMcd dchisq mad mahalanobis pchisq
    Consider adding
     importFrom("stats", "dchisq", "mad", "mahalanobis", "pchisq")
    to your NAMESPACE file.
Flavors: r-devel-linux-x86_64-debian-clang, r-devel-linux-x86_64-debian-gcc, r-devel-linux-x86_64-fedora-clang, r-devel-linux-x86_64-fedora-gcc, r-devel-windows-ix86+x86_64, r-patched-linux-x86_64, r-patched-solaris-x86, r-release-linux-x86_64, r-release-windows-ix86+x86_64, r-release-osx-x86_64, r-oldrel-windows-ix86+x86_64, r-oldrel-osx-x86_64