CRAN Package Check Results for Package bizdays

Last updated on 2019-01-22 05:49:03 CET.

Flavor Version Tinstall Tcheck Ttotal Status Flags
r-devel-linux-x86_64-debian-clang 1.0.6 3.34 47.01 50.35 OK
r-devel-linux-x86_64-debian-gcc 1.0.6 3.06 36.63 39.69 OK
r-devel-linux-x86_64-fedora-clang 1.0.6 58.40 NOTE
r-devel-linux-x86_64-fedora-gcc 1.0.6 55.74 NOTE
r-devel-windows-ix86+x86_64 1.0.6 12.00 108.00 120.00 OK
r-patched-linux-x86_64 1.0.6 3.39 43.19 46.58 OK
r-patched-solaris-x86 1.0.6 86.70 NOTE
r-release-linux-x86_64 1.0.6 3.63 43.03 46.66 OK
r-release-windows-ix86+x86_64 1.0.6 9.00 104.00 113.00 OK
r-release-osx-x86_64 1.0.6 NOTE
r-oldrel-windows-ix86+x86_64 1.0.6 10.00 98.00 108.00 OK
r-oldrel-osx-x86_64 1.0.6 NOTE

Check Details

Version: 1.0.6
Check: package dependencies
Result: NOTE
    Package suggested but not available for checking: ‘RQuantLib’
Flavors: r-devel-linux-x86_64-fedora-clang, r-devel-linux-x86_64-fedora-gcc, r-patched-solaris-x86, r-release-osx-x86_64, r-oldrel-osx-x86_64