CRAN Package Check Results for Package bizdays

Last updated on 2018-05-28 01:46:19 CEST.

Flavor Version Tinstall Tcheck Ttotal Status Flags
r-devel-linux-x86_64-debian-clang 1.0.5 2.62 35.11 37.73 OK
r-devel-linux-x86_64-debian-gcc 1.0.5 2.05 30.41 32.46 OK
r-devel-linux-x86_64-fedora-clang 1.0.5 48.53 NOTE
r-devel-linux-x86_64-fedora-gcc 1.0.5 50.96 NOTE
r-devel-windows-ix86+x86_64 1.0.5 5.00 69.00 74.00 NOTE
r-patched-linux-x86_64 1.0.5 2.18 38.12 40.30 OK
r-patched-solaris-x86 1.0.5 70.50 NOTE
r-release-linux-x86_64 1.0.5 2.36 38.03 40.39 OK
r-release-windows-ix86+x86_64 1.0.5 7.00 63.00 70.00 NOTE
r-release-osx-x86_64 1.0.5 NOTE
r-oldrel-windows-ix86+x86_64 1.0.5 7.00 58.00 65.00 OK
r-oldrel-osx-x86_64 1.0.5 NOTE

Check Details

Version: 1.0.5
Check: package dependencies
Result: NOTE
    Package suggested but not available for checking: ‘RQuantLib’
Flavors: r-devel-linux-x86_64-fedora-clang, r-devel-linux-x86_64-fedora-gcc, r-devel-windows-ix86+x86_64, r-patched-solaris-x86, r-release-windows-ix86+x86_64, r-release-osx-x86_64, r-oldrel-osx-x86_64