CRAN Package Check Results for Package bizdays

Last updated on 2018-02-25 05:47:16 CET.

Flavor Version Tinstall Tcheck Ttotal Status Flags
r-devel-linux-x86_64-debian-clang 1.0.4 2.61 36.85 39.46 OK
r-devel-linux-x86_64-debian-gcc 1.0.4 1.87 27.88 29.75 OK
r-devel-linux-x86_64-fedora-clang 1.0.4 45.19 NOTE
r-devel-linux-x86_64-fedora-gcc 1.0.4 43.38 NOTE
r-devel-windows-ix86+x86_64 1.0.4 8.00 66.00 74.00 NOTE
r-patched-linux-x86_64 1.0.4 1.65 43.56 45.21 OK
r-patched-solaris-x86 1.0.4 64.30 NOTE
r-release-linux-x86_64 1.0.4 1.77 44.18 45.95 OK
r-release-windows-ix86+x86_64 1.0.4 4.00 68.00 72.00 OK
r-release-osx-x86_64 1.0.4 NOTE
r-oldrel-windows-ix86+x86_64 1.0.4 4.00 50.00 54.00 OK
r-oldrel-osx-x86_64 1.0.4 NOTE

Check Details

Version: 1.0.4
Check: package dependencies
Result: NOTE
    Package suggested but not available for checking: ‘RQuantLib’
Flavors: r-devel-linux-x86_64-fedora-clang, r-devel-linux-x86_64-fedora-gcc, r-devel-windows-ix86+x86_64, r-patched-solaris-x86, r-release-osx-x86_64, r-oldrel-osx-x86_64