CRAN Package Check Results for Package bizdays

Last updated on 2018-10-16 10:50:59 CEST.

Flavor Version Tinstall Tcheck Ttotal Status Flags
r-devel-linux-x86_64-debian-clang 1.0.6 3.01 45.39 48.40 OK
r-devel-linux-x86_64-debian-gcc 1.0.6 3.25 35.47 38.72 OK
r-devel-linux-x86_64-fedora-clang 1.0.6 56.30 NOTE
r-devel-linux-x86_64-fedora-gcc 1.0.6 54.40 NOTE
r-devel-windows-ix86+x86_64 1.0.6 11.00 105.00 116.00 OK
r-patched-linux-x86_64 1.0.6 3.72 42.71 46.43 OK
r-patched-solaris-x86 1.0.6 81.00 NOTE
r-release-linux-x86_64 1.0.6 3.80 42.72 46.52 OK
r-release-windows-ix86+x86_64 1.0.6 9.00 109.00 118.00 OK
r-release-osx-x86_64 1.0.6 NOTE
r-oldrel-windows-ix86+x86_64 1.0.6 10.00 115.00 125.00 OK
r-oldrel-osx-x86_64 1.0.6 NOTE

Check Details

Version: 1.0.6
Check: package dependencies
Result: NOTE
    Package suggested but not available for checking: ‘RQuantLib’
Flavors: r-devel-linux-x86_64-fedora-clang, r-devel-linux-x86_64-fedora-gcc, r-patched-solaris-x86, r-release-osx-x86_64, r-oldrel-osx-x86_64