CRAN Package Check Results for Package bizdays

Last updated on 2018-08-17 19:49:03 CEST.

Flavor Version Tinstall Tcheck Ttotal Status Flags
r-devel-linux-x86_64-debian-clang 1.0.6 3.21 45.23 48.44 OK
r-devel-linux-x86_64-debian-gcc 1.0.6 3.05 35.49 38.54 OK
r-devel-linux-x86_64-fedora-clang 1.0.6 57.28 NOTE
r-devel-linux-x86_64-fedora-gcc 1.0.6 54.88 NOTE
r-devel-windows-ix86+x86_64 1.0.6 8.00 102.00 110.00 OK
r-patched-linux-x86_64 1.0.6 3.50 43.05 46.55 OK
r-patched-solaris-x86 1.0.6 84.00 NOTE
r-release-linux-x86_64 1.0.6 3.47 42.24 45.71 OK
r-release-windows-ix86+x86_64 1.0.6 11.00 106.00 117.00 OK
r-release-osx-x86_64 1.0.6 NOTE
r-oldrel-windows-ix86+x86_64 1.0.6 8.00 112.00 120.00 OK
r-oldrel-osx-x86_64 1.0.6 NOTE

Check Details

Version: 1.0.6
Check: package dependencies
Result: NOTE
    Package suggested but not available for checking: ‘RQuantLib’
Flavors: r-devel-linux-x86_64-fedora-clang, r-devel-linux-x86_64-fedora-gcc, r-patched-solaris-x86, r-release-osx-x86_64, r-oldrel-osx-x86_64