CRAN Package Check Results for Package blackbox

Last updated on 2018-02-23 13:47:25 CET.

Flavor Version Tinstall Tcheck Ttotal Status Flags
r-devel-linux-x86_64-debian-clang 1.1.7 51.90 84.10 136.00 OK
r-devel-linux-x86_64-debian-gcc 1.1.7 38.86 65.88 104.74 OK
r-devel-linux-x86_64-fedora-clang 1.1.7 176.99 NOTE
r-devel-linux-x86_64-fedora-gcc 1.1.7 166.91 NOTE
r-devel-windows-ix86+x86_64 1.1.7 88.00 166.00 254.00 OK
r-patched-linux-x86_64 1.1.7 42.81 95.58 138.39 OK
r-patched-solaris-x86 1.1.7 193.30 OK
r-release-linux-x86_64 1.1.7 41.37 96.06 137.43 OK
r-release-windows-ix86+x86_64 1.1.7 112.00 188.00 300.00 OK
r-release-osx-x86_64 1.1.7 NOTE
r-oldrel-windows-ix86+x86_64 1.1.7 82.00 116.00 198.00 OK
r-oldrel-osx-x86_64 1.1.7 NOTE

Check Details

Version: 1.1.7
Check: installed package size
Result: NOTE
     installed size is 6.8Mb
     sub-directories of 1Mb or more:
     libs 6.3Mb
Flavors: r-devel-linux-x86_64-fedora-clang, r-devel-linux-x86_64-fedora-gcc, r-release-osx-x86_64, r-oldrel-osx-x86_64