CRAN Package Check Results for Package blackbox

Last updated on 2018-08-21 10:50:17 CEST.

Flavor Version Tinstall Tcheck Ttotal Status Flags
r-devel-linux-x86_64-debian-clang 1.1.25 50.09 96.96 147.05 OK
r-devel-linux-x86_64-debian-gcc 1.1.25 47.40 77.49 124.89 OK
r-devel-linux-x86_64-fedora-clang 1.1.25 196.34 NOTE
r-devel-linux-x86_64-fedora-gcc 1.1.25 189.17 OK
r-devel-windows-ix86+x86_64 1.1.25 116.00 130.00 246.00 OK
r-patched-linux-x86_64 1.1.25 56.95 87.00 143.95 OK
r-patched-solaris-x86 1.1.25 201.80 OK
r-release-linux-x86_64 1.1.25 58.78 85.93 144.71 OK
r-release-windows-ix86+x86_64 1.1.25 124.00 165.00 289.00 OK
r-release-osx-x86_64 1.1.25 NOTE
r-oldrel-windows-ix86+x86_64 1.1.25 84.00 138.00 222.00 OK
r-oldrel-osx-x86_64 1.1.25 NOTE

Check Details

Version: 1.1.25
Check: installed package size
Result: NOTE
     installed size is 7.0Mb
     sub-directories of 1Mb or more:
     libs 6.3Mb
Flavors: r-devel-linux-x86_64-fedora-clang, r-release-osx-x86_64, r-oldrel-osx-x86_64