CRAN Package Check Results for Package blackbox

Last updated on 2019-02-15 21:51:07 CET.

Flavor Version Tinstall Tcheck Ttotal Status Flags
r-devel-linux-x86_64-debian-clang 1.1.25 53.09 94.24 147.33 OK
r-devel-linux-x86_64-debian-gcc 1.1.25 44.56 73.40 117.96 OK
r-devel-linux-x86_64-fedora-clang 1.1.25 203.05 NOTE
r-devel-linux-x86_64-fedora-gcc 1.1.25 180.15 OK
r-devel-windows-ix86+x86_64 1.1.25 122.00 170.00 292.00 OK
r-patched-linux-x86_64 1.1.25 50.07 89.22 139.29 OK
r-patched-solaris-x86 1.1.25 203.50 OK
r-release-linux-x86_64 1.1.25 51.23 89.34 140.57 OK
r-release-windows-ix86+x86_64 1.1.25 83.00 125.00 208.00 OK
r-release-osx-x86_64 1.1.25 NOTE
r-oldrel-windows-ix86+x86_64 1.1.25 125.00 170.00 295.00 OK
r-oldrel-osx-x86_64 1.1.25 NOTE

Check Details

Version: 1.1.25
Check: installed package size
Result: NOTE
     installed size is 6.5Mb
     sub-directories of 1Mb or more:
     libs 5.9Mb
Flavors: r-devel-linux-x86_64-fedora-clang, r-release-osx-x86_64, r-oldrel-osx-x86_64