CRAN Package Check Results for Package blackbox

Last updated on 2018-05-23 01:46:16 CEST.

Flavor Version Tinstall Tcheck Ttotal Status Flags
r-devel-linux-x86_64-debian-clang 1.1.7 53.12 94.80 147.92 OK
r-devel-linux-x86_64-debian-gcc 1.1.7 44.39 73.65 118.04 OK
r-devel-linux-x86_64-fedora-clang 1.1.7 192.98 NOTE
r-devel-linux-x86_64-fedora-gcc 1.1.7 179.02 NOTE
r-devel-windows-ix86+x86_64 1.1.7 102.00 182.00 284.00 OK
r-patched-linux-x86_64 1.1.7 52.38 85.43 137.81 OK
r-patched-solaris-x86 1.1.7 198.00 OK
r-release-linux-x86_64 1.1.7 53.24 85.32 138.56 OK
r-release-windows-ix86+x86_64 1.1.7 121.00 117.00 238.00 OK
r-release-osx-x86_64 1.1.7 NOTE
r-oldrel-windows-ix86+x86_64 1.1.7 107.00 151.00 258.00 OK
r-oldrel-osx-x86_64 1.1.7 NOTE

Check Details

Version: 1.1.7
Check: installed package size
Result: NOTE
     installed size is 6.8Mb
     sub-directories of 1Mb or more:
     libs 6.3Mb
Flavors: r-devel-linux-x86_64-fedora-clang, r-devel-linux-x86_64-fedora-gcc, r-release-osx-x86_64, r-oldrel-osx-x86_64