CRAN Package Check Results for Package blandr

Last updated on 2018-11-17 06:46:34 CET.

Flavor Version Tinstall Tcheck Ttotal Status Flags
r-devel-linux-x86_64-debian-clang 0.5.1 9.28 49.94 59.22 OK
r-devel-linux-x86_64-debian-gcc 0.5.1 9.08 39.72 48.80 OK
r-devel-linux-x86_64-fedora-clang 0.5.1 78.37 NOTE
r-devel-linux-x86_64-fedora-gcc 0.5.1 70.70 NOTE
r-devel-windows-ix86+x86_64 0.5.1 21.00 89.00 110.00 OK
r-patched-linux-x86_64 0.5.1 9.84 48.66 58.50 OK
r-patched-solaris-x86 0.5.1 105.60 NOTE
r-release-linux-x86_64 0.5.1 10.16 48.45 58.61 OK
r-release-windows-ix86+x86_64 0.5.1 25.00 67.00 92.00 OK
r-release-osx-x86_64 0.5.1 NOTE
r-oldrel-windows-ix86+x86_64 0.5.1 10.00 80.00 90.00 OK
r-oldrel-osx-x86_64 0.5.1 NOTE

Check Details

Version: 0.5.1
Check: dependencies in R code
Result: NOTE
    Namespaces in Imports field not imported from:
     ‘R6’ ‘knitr’
     All declared Imports should be used.
Flavors: r-devel-linux-x86_64-fedora-clang, r-devel-linux-x86_64-fedora-gcc, r-patched-solaris-x86, r-release-osx-x86_64, r-oldrel-osx-x86_64