CRAN Package Check Results for Package blandr

Last updated on 2018-08-19 02:47:39 CEST.

Flavor Version Tinstall Tcheck Ttotal Status Flags
r-devel-linux-x86_64-debian-clang 0.5.1 7.22 52.68 59.90 OK
r-devel-linux-x86_64-debian-gcc 0.5.1 7.80 41.58 49.38 OK
r-devel-linux-x86_64-fedora-clang 0.5.1 75.09 NOTE
r-devel-linux-x86_64-fedora-gcc 0.5.1 71.56 NOTE
r-devel-windows-ix86+x86_64 0.5.1 21.00 71.00 92.00 OK
r-patched-linux-x86_64 0.5.1 10.00 47.98 57.98 OK
r-patched-solaris-x86 0.5.1 101.80 NOTE
r-release-linux-x86_64 0.5.1 10.50 47.30 57.80 OK
r-release-windows-ix86+x86_64 0.5.1 17.00 87.00 104.00 OK
r-release-osx-x86_64 0.5.1 NOTE
r-oldrel-windows-ix86+x86_64 0.5.1 6.00 71.00 77.00 OK
r-oldrel-osx-x86_64 0.5.1 NOTE

Check Details

Version: 0.5.1
Check: dependencies in R code
Result: NOTE
    Namespaces in Imports field not imported from:
     ‘R6’ ‘knitr’
     All declared Imports should be used.
Flavors: r-devel-linux-x86_64-fedora-clang, r-devel-linux-x86_64-fedora-gcc, r-patched-solaris-x86, r-release-osx-x86_64, r-oldrel-osx-x86_64