CRAN Package Check Results for Package blandr

Last updated on 2018-02-20 05:47:43 CET.

Flavor Version Tinstall Tcheck Ttotal Status Flags
r-devel-linux-x86_64-debian-clang 0.4.3 2.31 37.54 39.85 OK
r-devel-linux-x86_64-debian-gcc 0.4.3 1.58 30.94 32.52 OK
r-devel-linux-x86_64-fedora-clang 0.4.3 49.11 NOTE
r-devel-linux-x86_64-fedora-gcc 0.4.3 47.37 NOTE
r-devel-windows-ix86+x86_64 0.4.3 5.00 49.00 54.00 OK
r-patched-linux-x86_64 0.4.3 1.55 44.98 46.53 OK
r-patched-solaris-x86 0.4.3 69.90 NOTE
r-release-linux-x86_64 0.4.3 1.83 45.04 46.87 OK
r-release-windows-ix86+x86_64 0.4.3 6.00 75.00 81.00 OK
r-release-osx-x86_64 0.4.3 NOTE
r-oldrel-osx-x86_64 0.4.3 ERROR

Check Details

Version: 0.4.3
Check: dependencies in R code
Result: NOTE
    Namespace in Imports field not imported from: ‘knitr’
     All declared Imports should be used.
Flavors: r-devel-linux-x86_64-fedora-clang, r-devel-linux-x86_64-fedora-gcc, r-patched-solaris-x86, r-release-osx-x86_64

Version: 0.4.3
Check: whether package can be installed
Result: ERROR
    Installation failed.
Flavor: r-oldrel-osx-x86_64