CRAN Package Check Results for Package blandr

Last updated on 2018-05-25 16:48:07 CEST.

Flavor Version Tinstall Tcheck Ttotal Status Flags
r-devel-linux-x86_64-debian-clang 0.5.1 8.27 47.04 55.31 OK
r-devel-linux-x86_64-debian-gcc 0.5.1 8.22 37.32 45.54 OK
r-devel-linux-x86_64-fedora-clang 0.5.1 70.70 NOTE
r-devel-linux-x86_64-fedora-gcc 0.5.1 75.36 NOTE
r-devel-windows-ix86+x86_64 0.5.1 13.00 62.00 75.00 OK
r-patched-linux-x86_64 0.5.1 9.75 44.02 53.77 OK
r-patched-solaris-x86 0.5.1 94.00 NOTE
r-release-linux-x86_64 0.5.1 7.91 44.50 52.41 OK
r-release-windows-ix86+x86_64 0.5.1 17.00 91.00 108.00 OK
r-release-osx-x86_64 0.5.1 NOTE
r-oldrel-windows-ix86+x86_64 0.5.1 7.00 59.00 66.00 OK
r-oldrel-osx-x86_64 0.4.3 NOTE

Check Details

Version: 0.5.1
Check: dependencies in R code
Result: NOTE
    Namespaces in Imports field not imported from:
     ‘R6’ ‘knitr’
     All declared Imports should be used.
Flavors: r-devel-linux-x86_64-fedora-clang, r-devel-linux-x86_64-fedora-gcc, r-patched-solaris-x86, r-release-osx-x86_64

Version: 0.4.3
Check: dependencies in R code
Result: NOTE
    Namespace in Imports field not imported from: ‘knitr’
     All declared Imports should be used.
Flavor: r-oldrel-osx-x86_64