Last updated on 2022-05-21 03:54:57 CEST.
Flavor | Version | Tinstall | Tcheck | Ttotal | Status | Flags |
---|---|---|---|---|---|---|
r-devel-linux-x86_64-debian-clang | 1.0.4 | 64.75 | 35.32 | 100.07 | OK | |
r-devel-linux-x86_64-debian-gcc | 1.0.4 | 49.69 | 27.91 | 77.60 | OK | |
r-devel-linux-x86_64-fedora-clang | 1.0.4 | 144.82 | OK | |||
r-devel-linux-x86_64-fedora-gcc | 1.0.4 | 119.16 | OK | |||
r-devel-windows-x86_64 | 1.0.4 | 47.00 | 73.00 | 120.00 | OK | |
r-patched-linux-x86_64 | 1.0.4 | 57.07 | 34.67 | 91.74 | OK | |
r-release-linux-x86_64 | 1.0.4 | 53.99 | 34.57 | 88.56 | OK | |
r-release-macos-arm64 | 1.0.4 | 36.00 | NOTE | |||
r-release-macos-x86_64 | 1.0.4 | 49.00 | NOTE | |||
r-release-windows-x86_64 | 1.0.4 | 47.00 | 74.00 | 121.00 | OK | |
r-oldrel-macos-arm64 | 1.0.4 | 36.00 | NOTE | |||
r-oldrel-macos-x86_64 | 1.0.4 | 50.00 | NOTE | |||
r-oldrel-windows-ix86+x86_64 | 1.0.4 | 124.00 | 77.00 | 201.00 | OK |
Version: 1.0.4
Check: installed package size
Result: NOTE
installed size is 6.5Mb
sub-directories of 1Mb or more:
libs 6.4Mb
Flavors: r-release-macos-arm64, r-release-macos-x86_64, r-oldrel-macos-arm64, r-oldrel-macos-x86_64