CRAN Package Check Results for Package blastula

Last updated on 2018-05-26 11:49:46 CEST.

Flavor Version Tinstall Tcheck Ttotal Status Flags
r-devel-linux-x86_64-debian-clang 0.2.0 3.71 40.10 43.81 OK
r-devel-linux-x86_64-debian-gcc 0.2.0 2.80 31.69 34.49 OK
r-devel-linux-x86_64-fedora-clang 0.2.0 52.64 NOTE
r-devel-linux-x86_64-fedora-gcc 0.2.0 54.70 NOTE
r-devel-windows-ix86+x86_64 0.2.0 7.00 58.00 65.00 OK
r-patched-linux-x86_64 0.2.0 2.13 36.58 38.71 OK
r-patched-solaris-x86 0.2.0 77.80 NOTE
r-release-linux-x86_64 0.2.0 2.53 36.60 39.13 OK
r-release-windows-ix86+x86_64 0.2.0 12.00 75.00 87.00 OK
r-release-osx-x86_64 0.2.0 NOTE
r-oldrel-windows-ix86+x86_64 0.2.0 14.00 54.00 68.00 OK
r-oldrel-osx-x86_64 0.2.0 NOTE

Check Details

Version: 0.2.0
Check: dependencies in R code
Result: NOTE
    Namespaces in Imports field not imported from:
     ‘purrr’ ‘rlang’ ‘tibble’
     All declared Imports should be used.
Flavors: r-devel-linux-x86_64-fedora-clang, r-devel-linux-x86_64-fedora-gcc, r-patched-solaris-x86, r-release-osx-x86_64, r-oldrel-osx-x86_64