CRAN Package Check Results for Package blatent

Last updated on 2022-12-08 22:59:44 CET.

Flavor Version Tinstall Tcheck Ttotal Status Flags
r-devel-linux-x86_64-debian-clang 0.1.1 131.66 47.01 178.67 NOTE
r-devel-linux-x86_64-debian-gcc 0.1.1 98.17 43.53 141.70 NOTE
r-devel-linux-x86_64-fedora-clang 0.1.1 293.84 NOTE
r-devel-linux-x86_64-fedora-gcc 0.1.1 257.08 NOTE
r-devel-windows-x86_64 0.1.1 113.00 116.00 229.00 NOTE
r-patched-linux-x86_64 0.1.1 96.63 45.72 142.35 NOTE
r-release-linux-x86_64 0.1.1 108.39 46.34 154.73 NOTE
r-release-macos-arm64 0.1.1 56.00 NOTE
r-release-macos-x86_64 0.1.1 70.00 NOTE
r-release-windows-x86_64 0.1.1 122.00 94.00 216.00 NOTE
r-oldrel-macos-arm64 0.1.1 65.00 NOTE
r-oldrel-macos-x86_64 0.1.1 106.00 NOTE
r-oldrel-windows-ix86+x86_64 0.1.1 309.00 94.00 403.00 NOTE

Check Details

Version: 0.1.1
Check: LazyData
Result: NOTE
     'LazyData' is specified without a 'data' directory
Flavors: r-devel-linux-x86_64-debian-clang, r-devel-linux-x86_64-debian-gcc, r-devel-linux-x86_64-fedora-clang, r-devel-linux-x86_64-fedora-gcc, r-devel-windows-x86_64, r-patched-linux-x86_64, r-release-linux-x86_64, r-release-macos-arm64, r-release-macos-x86_64, r-release-windows-x86_64, r-oldrel-macos-arm64, r-oldrel-macos-x86_64, r-oldrel-windows-ix86+x86_64

Version: 0.1.1
Check: installed package size
Result: NOTE
     installed size is 5.4Mb
     sub-directories of 1Mb or more:
     libs 5.0Mb
Flavor: r-oldrel-macos-arm64