CRAN Package Check Results for Package blatent

Last updated on 2023-09-25 14:00:54 CEST.

Flavor Version Tinstall Tcheck Ttotal Status Flags
r-devel-linux-x86_64-debian-clang 0.1.1 121.24 46.59 167.83 NOTE
r-devel-linux-x86_64-debian-gcc 0.1.1 86.02 36.21 122.23 NOTE
r-devel-linux-x86_64-fedora-clang 0.1.1 272.43 NOTE
r-devel-linux-x86_64-fedora-gcc 0.1.1 261.72 NOTE
r-devel-windows-x86_64 0.1.1 99.00 79.00 178.00 NOTE
r-patched-linux-x86_64 0.1.1 130.40 45.18 175.58 NOTE
r-release-linux-x86_64 0.1.1 121.56 46.40 167.96 NOTE
r-release-macos-arm64 0.1.1 61.00 NOTE
r-release-macos-x86_64 0.1.1 101.00 NOTE
r-release-windows-x86_64 0.1.1 127.00 87.00 214.00 NOTE
r-oldrel-macos-arm64 0.1.1 61.00 NOTE
r-oldrel-macos-x86_64 0.1.1 70.00 NOTE
r-oldrel-windows-x86_64 0.1.1 121.00 85.00 206.00 NOTE

Check Details

Version: 0.1.1
Check: C++ specification
Result: NOTE
     Specified C++11: please drop specification unless essential
Flavors: r-devel-linux-x86_64-debian-clang, r-devel-linux-x86_64-debian-gcc, r-devel-linux-x86_64-fedora-clang, r-devel-linux-x86_64-fedora-gcc, r-devel-windows-x86_64, r-patched-linux-x86_64, r-release-linux-x86_64, r-release-macos-arm64, r-release-macos-x86_64, r-release-windows-x86_64

Version: 0.1.1
Check: LazyData
Result: NOTE
     'LazyData' is specified without a 'data' directory
Flavors: r-devel-linux-x86_64-debian-clang, r-devel-linux-x86_64-debian-gcc, r-devel-linux-x86_64-fedora-clang, r-devel-linux-x86_64-fedora-gcc, r-devel-windows-x86_64, r-patched-linux-x86_64, r-release-linux-x86_64, r-release-macos-arm64, r-release-macos-x86_64, r-release-windows-x86_64, r-oldrel-macos-arm64, r-oldrel-macos-x86_64, r-oldrel-windows-x86_64