CRAN Package Check Results for Package blavaan

Last updated on 2018-12-17 15:48:57 CET.

Flavor Version Tinstall Tcheck Ttotal Status Flags
r-devel-linux-x86_64-debian-clang 0.3-3 13.60 3.66 17.26 ERROR
r-devel-linux-x86_64-debian-gcc 0.3-3 9.82 2.70 12.52 ERROR
r-devel-linux-x86_64-fedora-clang 0.3-3 142.26 OK
r-devel-linux-x86_64-fedora-gcc 0.3-3 135.85 OK
r-devel-windows-ix86+x86_64 0.3-3 26.00 143.00 169.00 OK
r-patched-linux-x86_64 0.3-3 9.57 2.35 11.92 ERROR
r-patched-solaris-x86 0.3-3 196.40 OK
r-release-linux-x86_64 0.3-3 12.72 100.43 113.15 OK
r-release-windows-ix86+x86_64 0.3-3 25.00 148.00 173.00 OK
r-release-osx-x86_64 0.3-3 OK
r-oldrel-windows-ix86+x86_64 0.3-3 14.00 153.00 167.00 OK
r-oldrel-osx-x86_64 0.3-3 OK

Check Details

Version: 0.3-3
Check: whether the package can be loaded
Result: ERROR
    Loading this package had a fatal error status code 1
    Loading log:
    Loading required package: lavaan
    Error: package or namespace load failed for ‘lavaan’:
     .onLoad failed in loadNamespace() for ‘mnormt’, details:
     call: dyn.load(file, DLLpath = DLLpath, ...)
     error: unable to load shared object ‘/home/hornik/tmp/R.check/r-devel-clang/Work/build/Packages/mnormt/libs/mnormt.so’:
     /home/hornik/tmp/R.check/r-devel-clang/Work/build/Packages/mnormt/libs/mnormt.so: failed to map segment from shared object
    Error: package ‘lavaan’ could not be loaded
    Execution halted
Flavor: r-devel-linux-x86_64-debian-clang

Version: 0.3-3
Check: whether the package can be loaded
Result: ERROR
    Loading this package had a fatal error status code 1
    Loading log:
    Loading required package: lavaan
    Error: package or namespace load failed for ‘lavaan’:
     .onLoad failed in loadNamespace() for ‘mnormt’, details:
     call: dyn.load(file, DLLpath = DLLpath, ...)
     error: unable to load shared object ‘/home/hornik/tmp/R.check/r-devel-gcc/Work/build/Packages/mnormt/libs/mnormt.so’:
     /home/hornik/tmp/R.check/r-devel-gcc/Work/build/Packages/mnormt/libs/mnormt.so: failed to map segment from shared object
    Error: package ‘lavaan’ could not be loaded
    Execution halted
Flavor: r-devel-linux-x86_64-debian-gcc

Version: 0.3-3
Check: whether the package can be loaded
Result: ERROR
    Loading this package had a fatal error status code 1
    Loading log:
    Loading required package: lavaan
    Error: package or namespace load failed for ‘lavaan’:
     .onLoad failed in loadNamespace() for ‘mnormt’, details:
     call: dyn.load(file, DLLpath = DLLpath, ...)
     error: unable to load shared object ‘/home/hornik/tmp/R.check/r-patched-gcc/Work/build/Packages/mnormt/libs/mnormt.so’:
     /home/hornik/tmp/R.check/r-patched-gcc/Work/build/Packages/mnormt/libs/mnormt.so: failed to map segment from shared object
    Error: package ‘lavaan’ could not be loaded
    Execution halted
Flavor: r-patched-linux-x86_64