CRAN Package Check Results for Package blkbox

Last updated on 2018-02-19 21:49:23 CET.

Flavor Version Tinstall Tcheck Ttotal Status Flags
r-devel-linux-x86_64-debian-clang 1.0 3.18 35.09 38.27 NOTE
r-devel-linux-x86_64-debian-gcc 1.0 2.61 31.19 33.80 NOTE
r-devel-linux-x86_64-fedora-clang 1.0 49.99 NOTE
r-devel-linux-x86_64-fedora-gcc 1.0 48.28 NOTE
r-devel-windows-ix86+x86_64 1.0 5.00 48.00 53.00 NOTE
r-patched-linux-x86_64 1.0 1.95 41.52 43.47 NOTE
r-patched-solaris-x86 1.0 65.90 NOTE
r-release-linux-x86_64 1.0 1.67 41.77 43.44 NOTE
r-release-windows-ix86+x86_64 1.0 10.00 70.00 80.00 NOTE
r-release-osx-x86_64 1.0 NOTE
r-oldrel-windows-ix86+x86_64 1.0 12.00 63.00 75.00 NOTE
r-oldrel-osx-x86_64 1.0 NOTE

Check Details

Version: 1.0
Check: package dependencies
Result: NOTE
    Package suggested but not available for checking: ‘bigrf’
Flavors: r-devel-linux-x86_64-debian-clang, r-devel-linux-x86_64-debian-gcc, r-devel-linux-x86_64-fedora-clang, r-devel-linux-x86_64-fedora-gcc, r-devel-windows-ix86+x86_64, r-patched-linux-x86_64, r-patched-solaris-x86, r-release-linux-x86_64, r-release-windows-ix86+x86_64, r-release-osx-x86_64, r-oldrel-windows-ix86+x86_64, r-oldrel-osx-x86_64

Version: 1.0
Check: dependencies in R code
Result: NOTE
    Missing or unexported object: ‘xgboost::predict’
Flavors: r-devel-linux-x86_64-debian-clang, r-devel-linux-x86_64-debian-gcc, r-devel-windows-ix86+x86_64, r-patched-linux-x86_64, r-release-linux-x86_64, r-release-windows-ix86+x86_64, r-oldrel-windows-ix86+x86_64

Version: 1.0
Check: dependencies in R code
Result: NOTE
    Namespaces in Imports field not imported from:
     ‘glmnet’ ‘gtools’ ‘knitr’ ‘nnet’ ‘parallel’ ‘rJava’ ‘reshape’
     ‘rmarkdown’ ‘shinyjs’
     All declared Imports should be used.
    Missing or unexported object: ‘xgboost::predict’
Flavors: r-devel-linux-x86_64-fedora-clang, r-devel-linux-x86_64-fedora-gcc, r-release-osx-x86_64

Version: 1.0
Check: dependencies in R code
Result: NOTE
    Invalid maximum heap size: -Xmx4G
    The specified size exceeds the maximum representable size.
    Namespaces in Imports field not imported from:
     ‘glmnet’ ‘gtools’ ‘knitr’ ‘nnet’ ‘parallel’ ‘rJava’ ‘reshape’
     ‘rmarkdown’ ‘shinyjs’
     All declared Imports should be used.
    Missing or unexported object: ‘xgboost::predict’
Flavor: r-patched-solaris-x86

Version: 1.0
Check: dependencies in R code
Result: NOTE
    Namespaces in Imports field not imported from:
     ‘glmnet’ ‘gtools’ ‘knitr’ ‘nnet’ ‘parallel’ ‘rJava’ ‘reshape’
     ‘rmarkdown’ ‘shinyjs’
     All declared Imports should be used.
Flavor: r-oldrel-osx-x86_64