CRAN Package Check Results for Package blkbox

Last updated on 2018-05-27 06:46:35 CEST.

Flavor Version Tinstall Tcheck Ttotal Status Flags
r-devel-linux-x86_64-debian-clang 1.0 3.45 44.17 47.62 NOTE
r-devel-linux-x86_64-debian-gcc 1.0 2.75 34.97 37.72 NOTE
r-devel-linux-x86_64-fedora-clang 1.0 56.12 NOTE
r-devel-linux-x86_64-fedora-gcc 1.0 60.85 NOTE
r-devel-windows-ix86+x86_64 1.0 6.00 56.00 62.00 NOTE
r-patched-linux-x86_64 1.0 3.46 39.19 42.65 NOTE
r-patched-solaris-x86 1.0 4.10 ERROR
r-release-linux-x86_64 1.0 2.82 39.05 41.87 NOTE
r-release-windows-ix86+x86_64 1.0 14.00 72.00 86.00 NOTE
r-release-osx-x86_64 1.0 NOTE
r-oldrel-windows-ix86+x86_64 1.0 9.00 51.00 60.00 NOTE
r-oldrel-osx-x86_64 1.0 NOTE

Check Details

Version: 1.0
Check: package dependencies
Result: NOTE
    Package suggested but not available for checking: ‘bigrf’
Flavors: r-devel-linux-x86_64-debian-clang, r-devel-linux-x86_64-debian-gcc, r-devel-linux-x86_64-fedora-clang, r-devel-linux-x86_64-fedora-gcc, r-devel-windows-ix86+x86_64, r-patched-linux-x86_64, r-release-linux-x86_64, r-release-windows-ix86+x86_64, r-release-osx-x86_64, r-oldrel-windows-ix86+x86_64, r-oldrel-osx-x86_64

Version: 1.0
Check: dependencies in R code
Result: NOTE
    Missing or unexported object: ‘xgboost::predict’
Flavors: r-devel-linux-x86_64-debian-clang, r-devel-linux-x86_64-debian-gcc, r-devel-windows-ix86+x86_64, r-patched-linux-x86_64, r-release-linux-x86_64, r-release-windows-ix86+x86_64, r-oldrel-windows-ix86+x86_64

Version: 1.0
Check: dependencies in R code
Result: NOTE
    Namespaces in Imports field not imported from:
     ‘glmnet’ ‘gtools’ ‘knitr’ ‘nnet’ ‘parallel’ ‘rJava’ ‘reshape’
     ‘rmarkdown’ ‘shinyjs’
     All declared Imports should be used.
    Missing or unexported object: ‘xgboost::predict’
Flavors: r-devel-linux-x86_64-fedora-clang, r-devel-linux-x86_64-fedora-gcc, r-release-osx-x86_64, r-oldrel-osx-x86_64

Version: 1.0
Check: package dependencies
Result: ERROR
    Package required but not available: ‘xgboost’
    
    Package suggested but not available for checking: ‘bigrf’
    
    See section ‘The DESCRIPTION file’ in the ‘Writing R Extensions’
    manual.
Flavor: r-patched-solaris-x86