CRAN Package Check Results for Package blkbox

Last updated on 2018-10-21 17:53:59 CEST.

Flavor Version Tinstall Tcheck Ttotal Status Flags
r-devel-linux-x86_64-debian-clang 1.0 4.17 53.02 57.19 NOTE
r-devel-linux-x86_64-debian-gcc 1.0 3.58 41.26 44.84 NOTE
r-devel-linux-x86_64-fedora-clang 1.0 65.84 NOTE
r-devel-linux-x86_64-fedora-gcc 1.0 63.19 NOTE
r-devel-windows-ix86+x86_64 1.0 13.00 94.00 107.00 NOTE
r-patched-linux-x86_64 1.0 2.95 43.56 46.51 NOTE
r-patched-solaris-x86 1.0 85.40 NOTE
r-release-linux-x86_64 1.0 2.82 44.01 46.83 NOTE
r-release-windows-ix86+x86_64 1.0 14.00 81.00 95.00 NOTE
r-release-osx-x86_64 1.0 NOTE
r-oldrel-windows-ix86+x86_64 1.0 8.00 87.00 95.00 NOTE
r-oldrel-osx-x86_64 1.0 NOTE

Check Details

Version: 1.0
Check: package dependencies
Result: NOTE
    Package suggested but not available for checking: ‘bigrf’
Flavors: r-devel-linux-x86_64-debian-clang, r-devel-linux-x86_64-debian-gcc, r-devel-linux-x86_64-fedora-clang, r-devel-linux-x86_64-fedora-gcc, r-devel-windows-ix86+x86_64, r-patched-linux-x86_64, r-patched-solaris-x86, r-release-linux-x86_64, r-release-windows-ix86+x86_64, r-release-osx-x86_64, r-oldrel-windows-ix86+x86_64, r-oldrel-osx-x86_64

Version: 1.0
Check: dependencies in R code
Result: NOTE
    Missing or unexported object: ‘xgboost::predict’
Flavors: r-devel-linux-x86_64-debian-clang, r-devel-linux-x86_64-debian-gcc, r-devel-windows-ix86+x86_64, r-patched-linux-x86_64, r-release-linux-x86_64, r-release-windows-ix86+x86_64, r-oldrel-windows-ix86+x86_64

Version: 1.0
Check: dependencies in R code
Result: NOTE
    Namespaces in Imports field not imported from:
     ‘glmnet’ ‘gtools’ ‘knitr’ ‘nnet’ ‘parallel’ ‘rJava’ ‘reshape’
     ‘rmarkdown’ ‘shinyjs’
     All declared Imports should be used.
    Missing or unexported object: ‘xgboost::predict’
Flavors: r-devel-linux-x86_64-fedora-clang, r-devel-linux-x86_64-fedora-gcc, r-release-osx-x86_64, r-oldrel-osx-x86_64

Version: 1.0
Check: dependencies in R code
Result: NOTE
    Invalid maximum heap size: -Xmx4G
    The specified size exceeds the maximum representable size.
    Namespaces in Imports field not imported from:
     ‘glmnet’ ‘gtools’ ‘knitr’ ‘nnet’ ‘parallel’ ‘rJava’ ‘reshape’
     ‘rmarkdown’ ‘shinyjs’
     All declared Imports should be used.
    Missing or unexported object: ‘xgboost::predict’
Flavor: r-patched-solaris-x86