Last updated on 2022-05-27 06:51:18 CEST.
Flavor | Version | Tinstall | Tcheck | Ttotal | Status | Flags |
---|---|---|---|---|---|---|
r-devel-linux-x86_64-debian-clang | 0.2.4 | 106.12 | 119.35 | 225.47 | WARN | |
r-devel-linux-x86_64-debian-gcc | 0.2.4 | 85.82 | 92.65 | 178.47 | OK | |
r-devel-linux-x86_64-fedora-clang | 0.2.4 | 306.37 | WARN | |||
r-devel-linux-x86_64-fedora-gcc | 0.2.4 | 285.86 | OK | |||
r-devel-windows-x86_64 | 0.2.4 | 124.00 | 162.00 | 286.00 | OK | |
r-patched-linux-x86_64 | 0.2.4 | 92.87 | 117.20 | 210.07 | OK | |
r-release-linux-x86_64 | 0.2.4 | 88.01 | 115.86 | 203.87 | OK | |
r-release-macos-arm64 | 0.2.4 | 68.00 | NOTE | |||
r-release-macos-x86_64 | 0.2.4 | 94.00 | NOTE | |||
r-release-windows-x86_64 | 0.2.4 | 110.00 | 160.00 | 270.00 | OK | |
r-oldrel-macos-arm64 | 0.2.4 | 81.00 | NOTE | |||
r-oldrel-macos-x86_64 | 0.2.4 | 130.00 | NOTE | |||
r-oldrel-windows-ix86+x86_64 | 0.2.4 | 243.00 | 216.00 | 459.00 | OK |
Version: 0.2.4
Check: whether package can be installed
Result: WARN
Found the following significant warnings:
Forest.cpp:350:9: warning: use of bitwise '&' with boolean operands [-Wbitwise-instead-of-logical]
Flavors: r-devel-linux-x86_64-debian-clang, r-devel-linux-x86_64-fedora-clang
Version: 0.2.4
Check: installed package size
Result: NOTE
installed size is 6.7Mb
sub-directories of 1Mb or more:
libs 6.4Mb
Flavors: r-release-macos-arm64, r-release-macos-x86_64, r-oldrel-macos-arm64, r-oldrel-macos-x86_64