CRAN Package Check Results for Package blockTools

Last updated on 2019-09-19 08:50:50 CEST.

Flavor Version Tinstall Tcheck Ttotal Status Flags
r-devel-linux-x86_64-debian-clang 0.6-3 6.42 42.59 49.01 NOTE
r-devel-linux-x86_64-debian-gcc 0.6-3 5.31 32.86 38.17 NOTE
r-devel-linux-x86_64-fedora-clang 0.6-3 60.06 NOTE
r-devel-linux-x86_64-fedora-gcc 0.6-3 58.41 NOTE
r-devel-windows-ix86+x86_64 0.6-3 24.00 69.00 93.00 OK
r-patched-linux-x86_64 0.6-3 5.91 41.18 47.09 OK
r-patched-solaris-x86 0.6-3 84.60 OK
r-release-linux-x86_64 0.6-3 6.62 41.80 48.42 OK
r-release-windows-ix86+x86_64 0.6-3 15.00 70.00 85.00 OK
r-release-osx-x86_64 0.6-3 OK
r-oldrel-windows-ix86+x86_64 0.6-3 12.00 61.00 73.00 OK
r-oldrel-osx-x86_64 0.6-3 OK

Check Details

Version: 0.6-3
Check: for non-standard things in the check directory
Result: NOTE
    Found the following files/directories:
     'Groupa.csv' 'Groupa.tex' 'Groupb.csv' 'Groupb.tex' 'Groupc.csv'
     'Groupc.tex' 'file1.csv' 'file1.tex' 'file2.csv' 'file2.tex'
     'file3.csv' 'file3.tex'
Flavors: r-devel-linux-x86_64-debian-clang, r-devel-linux-x86_64-debian-gcc, r-devel-linux-x86_64-fedora-clang, r-devel-linux-x86_64-fedora-gcc

Version: 0.6-3
Check: compiled code
Result: NOTE
    File ‘blockTools/libs/blockTools.so’:
     Found no calls to: ‘R_registerRoutines’, ‘R_useDynamicSymbols’
    
    It is good practice to register native routines and to disable symbol
    search.
    
    See ‘Writing portable packages’ in the ‘Writing R Extensions’ manual.
Flavors: r-devel-linux-x86_64-fedora-clang, r-devel-linux-x86_64-fedora-gcc