CRAN Package Check Results for Package blockmodels

Last updated on 2024-02-27 17:49:13 CET.

Flavor Version Tinstall Tcheck Ttotal Status Flags
r-devel-linux-x86_64-debian-clang 1.1.5 98.35 63.75 162.10 OK
r-devel-linux-x86_64-debian-gcc 1.1.5 76.87 48.04 124.91 OK
r-devel-linux-x86_64-fedora-clang 1.1.5 217.81 OK
r-devel-linux-x86_64-fedora-gcc 1.1.5 227.58 OK
r-devel-windows-x86_64 1.1.5 72.00 92.00 164.00 OK
r-patched-linux-x86_64 1.1.5 97.28 63.16 160.44 OK
r-release-linux-x86_64 1.1.5 88.50 62.09 150.59 OK
r-release-macos-arm64 1.1.5 65.00 NOTE
r-release-macos-x86_64 1.1.5 110.00 NOTE
r-release-windows-x86_64 1.1.5 92.00 105.00 197.00 OK
r-oldrel-macos-arm64 1.1.5 60.00 NOTE
r-oldrel-windows-x86_64 1.1.5 89.00 104.00 193.00 OK

Check Details

Version: 1.1.5
Check: installed package size
Result: NOTE installed size is 14.1Mb sub-directories of 1Mb or more: libs 13.6Mb Flavors: r-release-macos-arm64, r-release-macos-x86_64, r-oldrel-macos-arm64