CRAN Package Check Results for Package blogdown

Last updated on 2018-02-25 16:48:09 CET.

Flavor Version Tinstall Tcheck Ttotal Status Flags
r-devel-linux-x86_64-debian-clang 0.5 1.53 22.48 24.01 OK
r-devel-linux-x86_64-debian-gcc 0.5 1.29 17.69 18.98 OK
r-devel-linux-x86_64-fedora-clang 0.5 29.09 OK
r-devel-linux-x86_64-fedora-gcc 0.5 27.26 OK
r-devel-windows-ix86+x86_64 0.5 6.00 48.00 54.00 OK
r-patched-linux-x86_64 0.5 0.87 22.03 22.90 OK
r-patched-solaris-x86 0.5 35.80 OK
r-release-linux-x86_64 0.5 1.07 21.82 22.89 OK
r-release-windows-ix86+x86_64 0.5 5.00 42.00 47.00 OK
r-release-osx-x86_64 0.5 OK
r-oldrel-windows-ix86+x86_64 0.5 3.00 30.00 33.00 OK
r-oldrel-osx-x86_64 0.4 NOTE

Check Details

Version: 0.4
Check: package dependencies
Result: NOTE
    Package suggested but not available for checking: ‘RcppTOML’
Flavor: r-oldrel-osx-x86_64