CRAN Package Check Results for Package blogdown

Last updated on 2018-05-22 18:46:39 CEST.

Flavor Version Tinstall Tcheck Ttotal Status Flags
r-devel-linux-x86_64-debian-clang 0.6 1.94 23.37 25.31 OK
r-devel-linux-x86_64-debian-gcc 0.6 1.24 18.62 19.86 OK
r-devel-linux-x86_64-fedora-clang 0.6 30.34 OK
r-devel-linux-x86_64-fedora-gcc 0.6 29.28 OK
r-devel-windows-ix86+x86_64 0.6 5.00 47.00 52.00 OK
r-patched-linux-x86_64 0.6 2.19 22.79 24.98 OK
r-patched-solaris-x86 0.6 44.20 NOTE
r-release-linux-x86_64 0.6 1.58 22.22 23.80 OK
r-release-windows-ix86+x86_64 0.6 7.00 43.00 50.00 OK
r-release-osx-x86_64 0.6 OK
r-oldrel-windows-ix86+x86_64 0.6 7.00 46.00 53.00 OK
r-oldrel-osx-x86_64 0.6 OK

Check Details

Version: 0.6
Check: package dependencies
Result: NOTE
    Package suggested but not available for checking: ‘processx’
Flavor: r-patched-solaris-x86