CRAN Package Check Results for Package blscrapeR

Last updated on 2018-05-24 17:49:11 CEST.

Flavor Version Tinstall Tcheck Ttotal Status Flags
r-devel-linux-x86_64-debian-clang 3.1.2 6.38 45.00 51.38 ERROR
r-devel-linux-x86_64-debian-gcc 3.1.2 5.65 40.70 46.35 ERROR
r-devel-linux-x86_64-fedora-clang 3.1.2 73.16 ERROR
r-devel-linux-x86_64-fedora-gcc 3.1.2 55.60 ERROR
r-devel-windows-ix86+x86_64 3.1.2 11.00 78.00 89.00 ERROR
r-patched-linux-x86_64 3.1.2 4.59 46.78 51.37 ERROR
r-patched-solaris-x86 3.1.2 93.90 OK
r-release-linux-x86_64 3.1.2 5.44 46.55 51.99 ERROR
r-release-windows-ix86+x86_64 3.1.2 15.00 125.00 140.00 ERROR
r-release-osx-x86_64 3.1.2 OK
r-oldrel-windows-ix86+x86_64 3.1.2 15.00 102.00 117.00 ERROR
r-oldrel-osx-x86_64 3.1.2 OK

Check Details

Version: 3.1.2
Check: examples
Result: ERROR
    Running examples in ‘blscrapeR-Ex.R’ failed
    The error most likely occurred in:
    
    > base::assign(".ptime", proc.time(), pos = "CheckExEnv")
    > ### Name: qcew_api
    > ### Title: Request data from the Quarterly Census of Employment and Wages.
    > ### Aliases: qcew_api
    > ### Keywords: api bls cpi economics inflation unemployment
    >
    > ### ** Examples
    >
    >
    > # A request for the employment levels and wages for NIACS 5112: Software Publishers.
    > dat <- qcew_api(year=2015, qtr="A", slice="area", sliceCode="US000")
    Please set a numeric year.
    Trying BLS servers...
    URL caused a warning. Please check your parameters and try again: https://data.bls.gov/cew/data/api/2015/A/area/US000.csv
    Error in qcew_api(year = 2015, qtr = "A", slice = "area", sliceCode = "US000") :
     object 'qcewDat' not found
    Execution halted
Flavors: r-devel-linux-x86_64-debian-clang, r-devel-linux-x86_64-debian-gcc, r-patched-linux-x86_64, r-release-linux-x86_64

Version: 3.1.2
Check: examples
Result: ERROR
    Running examples in ‘blscrapeR-Ex.R’ failed
    The error most likely occurred in:
    
    > ### Name: qcew_api
    > ### Title: Request data from the Quarterly Census of Employment and Wages.
    > ### Aliases: qcew_api
    > ### Keywords: api bls cpi economics inflation unemployment
    >
    > ### ** Examples
    >
    >
    > # A request for the employment levels and wages for NIACS 5112: Software Publishers.
    > dat <- qcew_api(year=2015, qtr="A", slice="area", sliceCode="US000")
    Please set a numeric year.
    Trying BLS servers...
    URL caused a warning. Please check your parameters and try again: https://data.bls.gov/cew/data/api/2015/A/area/US000.csv
    Error in qcew_api(year = 2015, qtr = "A", slice = "area", sliceCode = "US000") :
     object 'qcewDat' not found
    Execution halted
Flavors: r-devel-linux-x86_64-fedora-clang, r-devel-linux-x86_64-fedora-gcc, r-devel-windows-ix86+x86_64, r-release-windows-ix86+x86_64, r-oldrel-windows-ix86+x86_64

Version: 3.1.2
Check: tests
Result: ERROR
     Running ‘testthat.R’
    Running the tests in ‘tests/testthat.R’ failed.
    Complete output:
     > library(testthat)
     > library(blscrapeR)
     >
     > test_check("blscrapeR")
     ── 1. Failure: (unknown) (@test_bls_api.R#41) ─────────────────────────────────
     `out` not identical to `df`.
     Modes: list, function
     Lengths: 0, 1
     Attributes: < Modes: list, NULL >
     Attributes: < Lengths: 3, 0 >
     Attributes: < names for target but not for current >
     Attributes: < current is not list-like >
     current is not list-like
    
     ══ testthat results ═══════════════════════════════════════════════════════════
     OK: 1 SKIPPED: 0 FAILED: 1
     1. Failure: (unknown) (@test_bls_api.R#41)
    
     Error: testthat unit tests failed
     Execution halted
Flavors: r-devel-linux-x86_64-fedora-clang, r-devel-linux-x86_64-fedora-gcc