CRAN Package Check Results for Package bmeta

Last updated on 2021-03-08 10:46:45 CET.

Flavor Version Tinstall Tcheck Ttotal Status Flags
r-devel-linux-x86_64-debian-clang 0.1.2 4.87 60.26 65.13 NOTE
r-devel-linux-x86_64-debian-gcc 0.1.2 3.24 44.87 48.11 NOTE
r-devel-linux-x86_64-fedora-clang 0.1.2 86.65 NOTE
r-devel-linux-x86_64-fedora-gcc 0.1.2 77.37 NOTE
r-devel-windows-ix86+x86_64 0.1.2 8.00 87.00 95.00 OK
r-devel-windows-x86_64-gcc10-UCRT 0.1.2 OK
r-patched-linux-x86_64 0.1.2 4.65 58.39 63.04 NOTE
r-patched-solaris-x86 0.1.2 156.30 NOTE
r-release-linux-x86_64 0.1.2 4.15 58.34 62.49 NOTE
r-release-macos-x86_64 0.1.2 OK
r-release-windows-ix86+x86_64 0.1.2 6.00 71.00 77.00 OK
r-oldrel-macos-x86_64 0.1.2 OK
r-oldrel-windows-ix86+x86_64 0.1.2 5.00 69.00 74.00 OK

Check Details

Version: 0.1.2
Check: for non-standard things in the check directory
Result: NOTE
    Found the following files/directories:
     'model.txt'
Flavors: r-devel-linux-x86_64-debian-clang, r-devel-linux-x86_64-debian-gcc, r-devel-linux-x86_64-fedora-clang, r-devel-linux-x86_64-fedora-gcc, r-patched-linux-x86_64, r-patched-solaris-x86, r-release-linux-x86_64