CRAN Package Check Results for Package bmgarch

Last updated on 2024-02-24 19:50:33 CET.

Flavor Version Tinstall Tcheck Ttotal Status Flags
r-devel-linux-x86_64-debian-clang 2.0.0 1490.10 219.59 1709.69 NOTE
r-devel-linux-x86_64-debian-gcc 2.0.0 1259.57 221.68 1481.25 NOTE
r-devel-linux-x86_64-fedora-clang 2.0.0 1887.91 NOTE
r-devel-linux-x86_64-fedora-gcc 2.0.0 2639.41 NOTE
r-devel-windows-x86_64 2.0.0 1003.00 262.00 1265.00 NOTE
r-patched-linux-x86_64 2.0.0 0.02 2.29 2.31 ERROR
r-release-linux-x86_64 2.0.0 0.02 1.98 2.00 ERROR
r-release-macos-arm64 2.0.0 840.00 NOTE
r-release-macos-x86_64 2.0.0 949.00 NOTE
r-release-windows-x86_64 2.0.0 1293.00 329.00 1622.00 NOTE
r-oldrel-macos-arm64 2.0.0 694.00 NOTE
r-oldrel-windows-x86_64 2.0.0 1211.00 291.00 1502.00 NOTE

Check Details

Version: 2.0.0
Check: Rd files
Result: NOTE checkRd: (-1) dot-pred_array_to_df.Rd:20: Lost braces; missing escapes or markup? 20 | Helper function for as.data.frame.{fitted, forecast}. Converts predictive array to data.frame. | ^ Flavors: r-devel-linux-x86_64-debian-clang, r-devel-linux-x86_64-debian-gcc

Version: 2.0.0
Check: for GNU extensions in Makefiles
Result: NOTE GNU make is a SystemRequirements. Flavors: r-devel-linux-x86_64-debian-clang, r-devel-linux-x86_64-debian-gcc, r-devel-linux-x86_64-fedora-clang, r-devel-linux-x86_64-fedora-gcc, r-devel-windows-x86_64, r-release-macos-arm64, r-release-macos-x86_64, r-release-windows-x86_64, r-oldrel-macos-arm64, r-oldrel-windows-x86_64

Version: 2.0.0
Check: installed package size
Result: NOTE installed size is 13.0Mb sub-directories of 1Mb or more: libs 12.2Mb Flavors: r-devel-linux-x86_64-fedora-clang, r-devel-windows-x86_64, r-release-macos-arm64, r-release-macos-x86_64, r-release-windows-x86_64, r-oldrel-macos-arm64, r-oldrel-windows-x86_64

Version: 2.0.0
Check: whether package can be installed
Result: ERROR Installation failed. Flavors: r-patched-linux-x86_64, r-release-linux-x86_64