CRAN Package Check Results for Package bmlm

Last updated on 2018-05-23 16:47:47 CEST.

Flavor Version Tinstall Tcheck Ttotal Status Flags
r-devel-linux-x86_64-debian-clang 1.3.5 125.23 62.34 187.57 OK
r-devel-linux-x86_64-debian-gcc 1.3.5 0.33 1.30 1.63 ERROR
r-devel-linux-x86_64-fedora-clang 1.3.5 250.45 NOTE
r-devel-linux-x86_64-fedora-gcc 1.3.5 244.62 NOTE
r-devel-windows-ix86+x86_64 1.3.5 215.00 175.00 390.00 OK
r-patched-linux-x86_64 1.3.5 108.20 56.95 165.15 OK
r-patched-solaris-x86 1.3.5 244.70 NOTE
r-release-linux-x86_64 1.3.5 113.11 55.86 168.97 OK
r-release-windows-ix86+x86_64 1.3.5 273.00 141.00 414.00 OK
r-release-osx-x86_64 1.3.5 NOTE
r-oldrel-windows-ix86+x86_64 1.3.5 277.00 151.00 428.00 OK
r-oldrel-osx-x86_64 1.3.5 NOTE

Check Details

Version: 1.3.5
Check: package dependencies
Result: ERROR
    Packages required but not available: ‘rstan’ ‘ggplot2’
    
    Packages suggested but not available for checking: ‘qgraph’ ‘dplyr’
    
    See section ‘The DESCRIPTION file’ in the ‘Writing R Extensions’
    manual.
Flavor: r-devel-linux-x86_64-debian-gcc

Version: 1.3.5
Check: installed package size
Result: NOTE
     installed size is 32.3Mb
     sub-directories of 1Mb or more:
     libs 32.0Mb
Flavors: r-devel-linux-x86_64-fedora-clang, r-devel-linux-x86_64-fedora-gcc, r-release-osx-x86_64, r-oldrel-osx-x86_64

Version: 1.3.5
Check: dependencies in R code
Result: NOTE
    Namespace in Imports field not imported from: ‘methods’
     All declared Imports should be used.
Flavors: r-devel-linux-x86_64-fedora-clang, r-devel-linux-x86_64-fedora-gcc, r-patched-solaris-x86, r-release-osx-x86_64, r-oldrel-osx-x86_64