CRAN Package Check Results for Package bmlm

Last updated on 2018-08-19 04:46:46 CEST.

Flavor Version Tinstall Tcheck Ttotal Status Flags
r-devel-linux-x86_64-debian-clang 1.3.7 122.22 66.39 188.61 OK
r-devel-linux-x86_64-debian-gcc 1.3.7 123.41 55.00 178.41 OK
r-devel-linux-x86_64-fedora-clang 1.3.7 253.06 NOTE
r-devel-linux-x86_64-fedora-gcc 1.3.7 249.26 NOTE
r-devel-windows-ix86+x86_64 1.3.7 275.00 133.00 408.00 OK
r-patched-linux-x86_64 1.3.7 142.18 58.62 200.80 OK
r-patched-solaris-x86 1.3.7 254.50 NOTE
r-release-linux-x86_64 1.3.7 142.90 59.08 201.98 OK
r-release-windows-ix86+x86_64 1.3.7 271.00 152.00 423.00 OK
r-release-osx-x86_64 1.3.7 NOTE
r-oldrel-windows-ix86+x86_64 1.3.7 224.00 112.00 336.00 OK
r-oldrel-osx-x86_64 1.3.7 NOTE

Check Details

Version: 1.3.7
Check: installed package size
Result: NOTE
     installed size is 32.3Mb
     sub-directories of 1Mb or more:
     libs 32.0Mb
Flavors: r-devel-linux-x86_64-fedora-clang, r-release-osx-x86_64, r-oldrel-osx-x86_64

Version: 1.3.7
Check: dependencies in R code
Result: NOTE
    Namespace in Imports field not imported from: ‘methods’
     All declared Imports should be used.
Flavors: r-devel-linux-x86_64-fedora-clang, r-devel-linux-x86_64-fedora-gcc, r-patched-solaris-x86, r-release-osx-x86_64, r-oldrel-osx-x86_64