CRAN Package Check Results for Package bmlm

Last updated on 2018-02-17 23:47:37 CET.

Flavor Version Tinstall Tcheck Ttotal Status Flags
r-devel-linux-x86_64-debian-clang 1.3.5 128.92 54.87 183.79 OK
r-devel-linux-x86_64-debian-gcc 1.3.5 109.04 44.10 153.14 OK
r-devel-linux-x86_64-fedora-clang 1.3.5 250.88 NOTE
r-devel-linux-x86_64-fedora-gcc 1.3.5 231.66 NOTE
r-devel-windows-ix86+x86_64 1.3.5 201.00 107.00 308.00 OK
r-patched-linux-x86_64 1.3.5 116.25 62.00 178.25 OK
r-patched-solaris-x86 1.3.5 243.60 NOTE
r-release-linux-x86_64 1.3.5 115.69 62.98 178.67 OK
r-release-windows-ix86+x86_64 1.3.5 275.00 144.00 419.00 OK
r-release-osx-x86_64 1.3.5 NOTE
r-oldrel-windows-ix86+x86_64 1.3.5 210.00 103.00 313.00 OK
r-oldrel-osx-x86_64 1.3.5 NOTE

Check Details

Version: 1.3.5
Check: installed package size
Result: NOTE
     installed size is 32.3Mb
     sub-directories of 1Mb or more:
     libs 32.0Mb
Flavors: r-devel-linux-x86_64-fedora-clang, r-devel-linux-x86_64-fedora-gcc, r-release-osx-x86_64, r-oldrel-osx-x86_64

Version: 1.3.5
Check: dependencies in R code
Result: NOTE
    Namespace in Imports field not imported from: ‘methods’
     All declared Imports should be used.
Flavors: r-devel-linux-x86_64-fedora-clang, r-devel-linux-x86_64-fedora-gcc, r-patched-solaris-x86, r-release-osx-x86_64, r-oldrel-osx-x86_64