CRAN Package Check Results for Package bmlm

Last updated on 2019-02-15 20:46:39 CET.

Flavor Version Tinstall Tcheck Ttotal Status Flags
r-devel-linux-x86_64-debian-clang 1.3.9 126.61 63.12 189.73 NOTE
r-devel-linux-x86_64-debian-gcc 1.3.9 120.69 52.30 172.99 NOTE
r-devel-linux-x86_64-fedora-clang 1.3.9 217.19 ERROR
r-devel-linux-x86_64-fedora-gcc 1.3.9 254.75 NOTE
r-devel-windows-ix86+x86_64 1.3.9 294.00 278.00 572.00 NOTE
r-patched-linux-x86_64 1.3.9 129.44 63.08 192.52 NOTE
r-patched-solaris-x86 1.3.9 270.10 NOTE
r-release-linux-x86_64 1.3.9 138.15 63.51 201.66 NOTE
r-release-windows-ix86+x86_64 1.3.9 216.00 108.00 324.00 NOTE
r-release-osx-x86_64 1.3.9 NOTE
r-oldrel-windows-ix86+x86_64 1.3.9 299.00 289.00 588.00 NOTE
r-oldrel-osx-x86_64 1.3.9 NOTE

Check Details

Version: 1.3.9
Check: for GNU extensions in Makefiles
Result: NOTE
    GNU make is a SystemRequirements.
Flavors: r-devel-linux-x86_64-debian-clang, r-devel-linux-x86_64-debian-gcc, r-devel-linux-x86_64-fedora-gcc, r-devel-windows-ix86+x86_64, r-patched-linux-x86_64, r-patched-solaris-x86, r-release-linux-x86_64, r-release-windows-ix86+x86_64, r-release-osx-x86_64, r-oldrel-windows-ix86+x86_64, r-oldrel-osx-x86_64

Version: 1.3.9
Check: whether package can be installed
Result: ERROR
    Installation failed.
Flavor: r-devel-linux-x86_64-fedora-clang

Version: 1.3.9
Check: installed package size
Result: NOTE
     installed size is 35.5Mb
     sub-directories of 1Mb or more:
     libs 35.3Mb
Flavors: r-release-osx-x86_64, r-oldrel-osx-x86_64