CRAN Package Check Results for Package bmrm

Last updated on 2018-02-24 20:48:17 CET.

Flavor Version Tinstall Tcheck Ttotal Status Flags
r-devel-linux-x86_64-debian-clang 3.7 2.04 26.95 28.99 OK
r-devel-linux-x86_64-debian-gcc 3.7 2.00 20.97 22.97 OK
r-devel-linux-x86_64-fedora-clang 3.7 35.39 OK
r-devel-linux-x86_64-fedora-gcc 3.7 34.10 OK
r-devel-windows-ix86+x86_64 3.7 6.00 52.00 58.00 OK
r-patched-linux-x86_64 3.7 1.11 29.38 30.49 OK
r-patched-solaris-x86 3.7 42.70 OK
r-release-linux-x86_64 3.7 0.96 29.31 30.27 OK
r-release-windows-ix86+x86_64 3.7 3.00 53.00 56.00 OK
r-release-osx-x86_64 3.7 OK
r-oldrel-windows-ix86+x86_64 3.7 3.00 34.00 37.00 ERROR
r-oldrel-osx-x86_64 3.4 OK

Check Details

Version: 3.7
Check: examples
Result: ERROR
    Running examples in 'bmrm-Ex.R' failed
    The error most likely occurred in:
    
    > ### Name: mmc
    > ### Title: Convenient wrapper function to solve max-margin clustering
    > ### problem on a dataset
    > ### Aliases: mmc
    >
    > ### ** Examples
    >
    > # -- Prepare a 2D dataset to cluster with an intercept
    > x <- cbind(intercept=100,scale(data.matrix(iris[c(1,3)]),center=TRUE,scale=FALSE))
    >
    > # -- Find max-margin clusters
    > y <- mmc(x,k=3,LAMBDA=0.001,minClusterSize=10,seeds=5)
    Error in fix.by(by.y, y) : 'by' must specify a uniquely valid column
    Calls: mmc ... merge.default -> merge -> merge.data.frame -> fix.by
    Execution halted
Flavor: r-oldrel-windows-ix86+x86_64