CRAN Package Check Results for Package bmscstan

Last updated on 2024-07-14 02:54:45 CEST.

Flavor Version Tinstall Tcheck Ttotal Status Flags
r-devel-linux-x86_64-debian-clang 1.2.1.0 31.82 149.51 181.33 NOTE
r-devel-linux-x86_64-debian-gcc 1.2.1.0 25.12 110.70 135.82 NOTE
r-devel-linux-x86_64-fedora-clang 1.2.1.0 238.34 NOTE
r-devel-linux-x86_64-fedora-gcc 1.2.1.0 226.97 NOTE
r-devel-windows-x86_64 1.2.1.0 17.00 111.00 128.00 NOTE
r-patched-linux-x86_64 1.2.1.0 19.90 148.22 168.12 NOTE
r-release-linux-x86_64 1.2.1.0 29.81 145.41 175.22 NOTE
r-release-macos-arm64 1.2.1.0 66.00 NOTE
r-release-macos-x86_64 1.2.1.0 96.00 NOTE
r-release-windows-x86_64 1.2.1.0 16.00 110.00 126.00 NOTE
r-oldrel-macos-arm64 1.2.1.0 51.00 OK
r-oldrel-macos-x86_64 1.2.1.0 85.00 OK
r-oldrel-windows-x86_64 1.2.1.0 20.00 136.00 156.00 OK

Check Details

Version: 1.2.1.0
Check: Rd files
Result: NOTE checkRd: (-1) BMSC_pareto_k_table.Rd:54-56: Lost braces in \itemize; \value handles \item{}{} directly checkRd: (-1) BMSC_pareto_k_table.Rd:57-59: Lost braces in \itemize; \value handles \item{}{} directly checkRd: (-1) BMSC_pareto_k_table.Rd:60-63: Lost braces in \itemize; \value handles \item{}{} directly checkRd: (-1) BMSC_pareto_k_table.Rd:64-66: Lost braces in \itemize; \value handles \item{}{} directly checkRd: (-1) BMSC_pareto_k_table.Rd:67-71: Lost braces in \itemize; \value handles \item{}{} directly checkRd: (-1) BMSC_pareto_k_table.Rd:72-74: Lost braces in \itemize; \value handles \item{}{} directly Flavors: r-devel-linux-x86_64-debian-clang, r-devel-linux-x86_64-debian-gcc, r-devel-linux-x86_64-fedora-clang, r-devel-linux-x86_64-fedora-gcc, r-devel-windows-x86_64, r-patched-linux-x86_64, r-release-linux-x86_64, r-release-macos-arm64, r-release-macos-x86_64, r-release-windows-x86_64