CRAN Package Check Results for Package bnclassify

Last updated on 2018-12-13 01:50:00 CET.

Flavor Version Tinstall Tcheck Ttotal Status Flags
r-devel-linux-x86_64-debian-clang 0.4.1 91.06 96.12 187.18 OK
r-devel-linux-x86_64-debian-gcc 0.4.1 74.53 72.66 147.19 OK
r-devel-linux-x86_64-fedora-clang 0.4.1 254.24 NOTE
r-devel-linux-x86_64-fedora-gcc 0.4.1 235.09 OK
r-devel-windows-ix86+x86_64 0.4.1 255.00 183.00 438.00 OK
r-patched-linux-x86_64 0.4.1 95.68 88.37 184.05 OK
r-patched-solaris-x86 0.4.1 230.70 OK
r-release-linux-x86_64 0.4.1 93.55 90.79 184.34 OK
r-release-windows-ix86+x86_64 0.4.1 253.00 181.00 434.00 OK
r-release-osx-x86_64 0.4.1 NOTE
r-oldrel-windows-ix86+x86_64 0.4.1 175.00 165.00 340.00 OK
r-oldrel-osx-x86_64 0.4.1 NOTE

Check Details

Version: 0.4.1
Check: installed package size
Result: NOTE
     installed size is 7.7Mb
     sub-directories of 1Mb or more:
     libs 6.8Mb
Flavors: r-devel-linux-x86_64-fedora-clang, r-release-osx-x86_64, r-oldrel-osx-x86_64