CRAN Package Check Results for Package bnclassify

Last updated on 2018-06-23 10:49:29 CEST.

Flavor Version Tinstall Tcheck Ttotal Status Flags
r-devel-linux-x86_64-debian-clang 0.4.0 83.59 97.75 181.34 WARN
r-devel-linux-x86_64-debian-gcc 0.4.0 65.18 74.66 139.84 WARN
r-devel-linux-x86_64-fedora-clang 0.4.0 249.87 WARN
r-devel-linux-x86_64-fedora-gcc 0.4.0 229.33 WARN
r-devel-windows-ix86+x86_64 0.4.0 254.00 176.00 430.00 OK
r-patched-linux-x86_64 0.4.0 84.41 91.07 175.48 OK
r-patched-solaris-x86 0.4.0 222.30 OK
r-release-linux-x86_64 0.4.0 85.98 91.08 177.06 OK
r-release-windows-ix86+x86_64 0.4.0 182.00 174.00 356.00 OK
r-release-osx-x86_64 0.4.0 NOTE
r-oldrel-windows-ix86+x86_64 0.4.0 253.00 166.00 419.00 OK
r-oldrel-osx-x86_64 0.4.0 NOTE

Additional issues

clang-UBSAN gcc-UBSAN

Check Details

Version: 0.4.0
Check: for unstated dependencies in ‘tests’
Result: WARN
    '::' or ':::' import not declared from: ‘bnlearn’
    'library' or 'require' call not declared from: ‘mlbench’
Flavors: r-devel-linux-x86_64-debian-clang, r-devel-linux-x86_64-debian-gcc, r-devel-linux-x86_64-fedora-clang, r-devel-linux-x86_64-fedora-gcc

Version: 0.4.0
Check: installed package size
Result: NOTE
     installed size is 7.5Mb
     sub-directories of 1Mb or more:
     libs 6.6Mb
Flavors: r-devel-linux-x86_64-fedora-clang, r-release-osx-x86_64, r-oldrel-osx-x86_64