CRAN Package Check Results for Package bnlearn

Last updated on 2018-05-26 13:46:17 CEST.

Flavor Version Tinstall Tcheck Ttotal Status Flags
r-devel-linux-x86_64-debian-clang 4.3 35.48 84.06 119.54 WARN
r-devel-linux-x86_64-debian-gcc 4.3 26.18 61.52 87.70 OK
r-devel-linux-x86_64-fedora-clang 4.3 139.43 WARN
r-devel-linux-x86_64-fedora-gcc 4.3 140.79 OK
r-devel-windows-ix86+x86_64 4.3 115.00 132.00 247.00 OK
r-patched-linux-x86_64 4.3 33.54 79.31 112.85 OK
r-patched-solaris-x86 4.3 212.00 OK
r-release-linux-x86_64 4.3 33.83 76.22 110.05 OK
r-release-windows-ix86+x86_64 4.3 161.00 99.00 260.00 OK
r-release-osx-x86_64 4.3 WARN
r-oldrel-windows-ix86+x86_64 4.3 131.00 104.00 235.00 OK
r-oldrel-osx-x86_64 4.3 OK

Additional issues

rchk

Check Details

Version: 4.3
Check: whether package can be installed
Result: WARN
    Found the following significant warnings:
     conditional.least.squares.c:232:20: warning: absolute value function 'fabs' given an argument of type 'long double' but has parameter of type 'double' which may cause truncation of value [-Wabsolute-value]
     conditional.least.squares.c:233:20: warning: absolute value function 'fabs' given an argument of type 'long double' but has parameter of type 'double' which may cause truncation of value [-Wabsolute-value]
     conditional.least.squares.c:234:20: warning: absolute value function 'fabs' given an argument of type 'long double' but has parameter of type 'double' which may cause truncation of value [-Wabsolute-value]
Flavors: r-devel-linux-x86_64-debian-clang, r-devel-linux-x86_64-fedora-clang, r-release-osx-x86_64