CRAN Package Check Results for Package bnstruct

Last updated on 2018-05-21 00:49:46 CEST.

Flavor Version Tinstall Tcheck Ttotal Status Flags
r-devel-linux-x86_64-debian-clang 1.0.2 15.00 115.69 130.69 NOTE
r-devel-linux-x86_64-debian-gcc 1.0.2 13.99 100.68 114.67 NOTE
r-devel-linux-x86_64-fedora-clang 1.0.2 179.38 NOTE
r-devel-linux-x86_64-fedora-gcc 1.0.2 172.49 NOTE
r-devel-windows-ix86+x86_64 1.0.2 36.00 194.00 230.00 OK
r-patched-linux-x86_64 1.0.2 15.93 116.79 132.72 NOTE
r-patched-solaris-x86 1.0.2 236.30 OK
r-release-linux-x86_64 1.0.2 17.14 116.89 134.03 NOTE
r-release-windows-ix86+x86_64 1.0.2 30.00 182.00 212.00 OK
r-release-osx-x86_64 1.0.2 OK
r-oldrel-windows-ix86+x86_64 1.0.2 15.00 191.00 206.00 OK
r-oldrel-osx-x86_64 1.0.2 WARN

Check Details

Version: 1.0.2
Check: compiled code
Result: NOTE
    File ‘bnstruct/libs/bnstruct.so’:
     Found no calls to: ‘R_registerRoutines’, ‘R_useDynamicSymbols’
    
    It is good practice to register native routines and to disable symbol
    search.
    
    See ‘Writing portable packages’ in the ‘Writing R Extensions’ manual.
Flavors: r-devel-linux-x86_64-debian-clang, r-devel-linux-x86_64-debian-gcc, r-devel-linux-x86_64-fedora-clang, r-devel-linux-x86_64-fedora-gcc, r-patched-linux-x86_64, r-release-linux-x86_64

Version: 1.0.2
Check: package dependencies
Result: NOTE
    Packages suggested but not available for checking: ‘graph’ ‘Rgraphviz’
Flavor: r-oldrel-osx-x86_64

Version: 1.0.2
Check: re-building of vignette outputs
Result: WARN
    Error in re-building vignettes:
     ...
    Error in texi2dvi(file = file, pdf = TRUE, clean = clean, quiet = quiet, :
     Running 'texi2dvi' on 'bnstruct.tex' failed.
    LaTeX errors:
    ! Package pdftex.def Error: File `child_crosses_1000-eps-converted-to.pdf' not
    found.
    
    See the pdftex.def package documentation for explanation.
    Type H <return> for immediate help.
    ! Package pdftex.def Error: File `alarm_crosses_1000-eps-converted-to.pdf' not
    found.
    
    See the pdftex.def package documentation for explanation.
    Type H <return> for immediate help.
    ! Package pdftex.def Error: File `hepar2_crosses_1000-eps-converted-to.pdf' not
     found.
    
    See the pdftex.def package documentation for explanation.
    Type H <return> for immediate help.
    ! Package pdftex.def Error: File `andes_crosses-eps-converted-to.pdf' not found
    .
    
    See the pdftex.def package documentation for explanation.
    Type H <return> for immediate help.
    Calls: buildVignettes -> texi2pdf -> texi2dvi
    Execution halted
Flavor: r-oldrel-osx-x86_64