CRAN Package Check Results for Package bodenmiller

Last updated on 2018-08-19 06:46:35 CEST.

Flavor Version Tinstall Tcheck Ttotal Status Flags
r-devel-linux-x86_64-debian-clang 0.1 4.84 30.60 35.44 OK
r-devel-linux-x86_64-debian-gcc 0.1 4.89 24.55 29.44 OK
r-devel-linux-x86_64-fedora-clang 0.1 43.14 NOTE
r-devel-linux-x86_64-fedora-gcc 0.1 40.79 OK
r-devel-windows-ix86+x86_64 0.1 10.00 43.00 53.00 NOTE
r-patched-linux-x86_64 0.1 5.22 28.20 33.42 OK
r-patched-solaris-x86 0.1 61.40 NOTE
r-release-linux-x86_64 0.1 5.11 28.59 33.70 OK
r-release-windows-ix86+x86_64 0.1 11.00 54.00 65.00 NOTE
r-release-osx-x86_64 0.1 NOTE
r-oldrel-windows-ix86+x86_64 0.1 7.00 46.00 53.00 NOTE
r-oldrel-osx-x86_64 0.1 NOTE

Check Details

Version: 0.1
Check: installed package size
Result: NOTE
     installed size is 8.9Mb
     sub-directories of 1Mb or more:
     data 8.7Mb
Flavors: r-devel-linux-x86_64-fedora-clang, r-devel-windows-ix86+x86_64, r-patched-solaris-x86, r-release-windows-ix86+x86_64, r-release-osx-x86_64, r-oldrel-windows-ix86+x86_64, r-oldrel-osx-x86_64