CRAN Package Check Results for Package bodenmiller

Last updated on 2019-02-19 21:49:14 CET.

Flavor Version Tinstall Tcheck Ttotal Status Flags
r-devel-linux-x86_64-debian-clang 0.1 5.31 29.59 34.90 OK
r-devel-linux-x86_64-debian-gcc 0.1 4.91 23.49 28.40 OK
r-devel-linux-x86_64-fedora-clang 0.1 44.00 NOTE
r-devel-linux-x86_64-fedora-gcc 0.1 42.14 OK
r-devel-windows-ix86+x86_64 0.1 10.00 61.00 71.00 NOTE
r-patched-linux-x86_64 0.1 5.09 28.40 33.49 OK
r-patched-solaris-x86 0.1 60.40 NOTE
r-release-linux-x86_64 0.1 5.01 28.73 33.74 OK
r-release-windows-ix86+x86_64 0.1 7.00 54.00 61.00 NOTE
r-release-osx-x86_64 0.1 NOTE
r-oldrel-windows-ix86+x86_64 0.1 7.00 33.00 40.00 WARN
r-oldrel-osx-x86_64 0.1 NOTE

Check Details

Version: 0.1
Check: installed package size
Result: NOTE
     installed size is 8.9Mb
     sub-directories of 1Mb or more:
     data 8.7Mb
Flavors: r-devel-linux-x86_64-fedora-clang, r-devel-windows-ix86+x86_64, r-patched-solaris-x86, r-release-windows-ix86+x86_64, r-release-osx-x86_64, r-oldrel-windows-ix86+x86_64, r-oldrel-osx-x86_64

Version: 0.1
Check: re-building of vignette outputs
Result: WARN
    Error in re-building vignettes:
     ...
    Quitting from lines 13-32 (bodenmiller.Rmd)
    Error: processing vignette 'bodenmiller.Rmd' failed with diagnostics:
    package or namespace load failed for 'dplyr' in namespaceExport(ns, exports):
     undefined exports: add_count, add_count_, add_rownames, add_tally, add_tally_, all_equal, all_vars, anti_join, any_vars, arrange, arrange_, arrange_all, arrange_at, arrange_if, as.tbl, as.tbl_cube, auto_copy, bench_tbls, between, bind_cols, bind_rows, case_when, changes, check_dbplyr, coalesce, collect, combine, common_by, compare_tbls, compare_tbls2, compute, copy_to, count, count_, cumall, cumany, cume_dist, cummean, current_vars, db_analyze, db_begin, db_commit, db_create_index, db_create_indexes, db_create_table, db_data_type, db_desc, db_drop_table, db_explain, db_has_table, db_insert_into, db_list_tables, db_query_fields, db_query_rows, db_rollback, db_save_query, db_write_table, dense_rank, desc, dim_desc, distinct, distinct_, distinct_all, distinct_at, distinct_if, distinct_prepare, do, do_, dr_dplyr, eval_tbls, eval_tbls2, explai
    Execution halted
Flavor: r-oldrel-windows-ix86+x86_64