CRAN Package Check Results for Package bodenmiller

Last updated on 2018-02-18 17:48:04 CET.

Flavor Version Tinstall Tcheck Ttotal Status Flags
r-devel-linux-x86_64-debian-clang 0.1 4.53 30.27 34.80 OK
r-devel-linux-x86_64-debian-gcc 0.1 4.23 22.80 27.03 OK
r-devel-linux-x86_64-fedora-clang 0.1 40.56 NOTE
r-devel-linux-x86_64-fedora-gcc 0.1 39.57 NOTE
r-devel-windows-ix86+x86_64 0.1 7.00 42.00 49.00 NOTE
r-patched-linux-x86_64 0.1 5.28 34.83 40.11 OK
r-patched-solaris-x86 0.1 61.10 NOTE
r-release-linux-x86_64 0.1 4.85 33.23 38.08 OK
r-release-windows-ix86+x86_64 0.1 10.00 57.00 67.00 NOTE
r-release-osx-x86_64 0.1 NOTE
r-oldrel-windows-ix86+x86_64 0.1 7.00 49.00 56.00 NOTE
r-oldrel-osx-x86_64 0.1 NOTE

Check Details

Version: 0.1
Check: installed package size
Result: NOTE
     installed size is 8.9Mb
     sub-directories of 1Mb or more:
     data 8.7Mb
Flavors: r-devel-linux-x86_64-fedora-clang, r-devel-linux-x86_64-fedora-gcc, r-devel-windows-ix86+x86_64, r-patched-solaris-x86, r-release-windows-ix86+x86_64, r-release-osx-x86_64, r-oldrel-windows-ix86+x86_64, r-oldrel-osx-x86_64