CRAN Package Check Results for Package bodenmiller

Last updated on 2018-05-23 20:48:13 CEST.

Flavor Version Tinstall Tcheck Ttotal Status Flags
r-devel-linux-x86_64-debian-clang 0.1 4.55 30.04 34.59 OK
r-devel-linux-x86_64-debian-gcc 0.1 4.27 16.85 21.12 WARN
r-devel-linux-x86_64-fedora-clang 0.1 41.89 NOTE
r-devel-linux-x86_64-fedora-gcc 0.1 39.94 NOTE
r-devel-windows-ix86+x86_64 0.1 10.00 60.00 70.00 NOTE
r-patched-linux-x86_64 0.1 4.57 29.15 33.72 OK
r-patched-solaris-x86 0.1 62.70 NOTE
r-release-linux-x86_64 0.1 4.75 28.93 33.68 OK
r-release-windows-ix86+x86_64 0.1 11.00 56.00 67.00 NOTE
r-release-osx-x86_64 0.1 NOTE
r-oldrel-windows-ix86+x86_64 0.1 9.00 60.00 69.00 NOTE
r-oldrel-osx-x86_64 0.1 NOTE

Check Details

Version: 0.1
Check: package dependencies
Result: NOTE
    Packages suggested but not available for checking: ‘ggplot2’ ‘dplyr’
Flavor: r-devel-linux-x86_64-debian-gcc

Version: 0.1
Check: re-building of vignette outputs
Result: WARN
    Error in re-building vignettes:
     ...
    Quitting from lines 13-32 (bodenmiller.Rmd)
    Error: processing vignette ‘bodenmiller.Rmd’ failed with diagnostics:
    there is no package called 'ggplot2'
    Execution halted
Flavor: r-devel-linux-x86_64-debian-gcc

Version: 0.1
Check: installed package size
Result: NOTE
     installed size is 8.9Mb
     sub-directories of 1Mb or more:
     data 8.7Mb
Flavors: r-devel-linux-x86_64-fedora-clang, r-devel-linux-x86_64-fedora-gcc, r-devel-windows-ix86+x86_64, r-patched-solaris-x86, r-release-windows-ix86+x86_64, r-release-osx-x86_64, r-oldrel-windows-ix86+x86_64, r-oldrel-osx-x86_64