CRAN Package Check Results for Package bodenmiller

Last updated on 2018-11-17 06:46:34 CET.

Flavor Version Tinstall Tcheck Ttotal Status Flags
r-devel-linux-x86_64-debian-clang 0.1 4.25 29.48 33.73 OK
r-devel-linux-x86_64-debian-gcc 0.1 4.52 23.76 28.28 OK
r-devel-linux-x86_64-fedora-clang 0.1 42.17 NOTE
r-devel-linux-x86_64-fedora-gcc 0.1 39.73 OK
r-devel-windows-ix86+x86_64 0.1 11.00 60.00 71.00 NOTE
r-patched-linux-x86_64 0.1 4.57 28.37 32.94 OK
r-patched-solaris-x86 0.1 61.30 NOTE
r-release-linux-x86_64 0.1 4.58 28.86 33.44 OK
r-release-windows-ix86+x86_64 0.1 9.00 56.00 65.00 NOTE
r-release-osx-x86_64 0.1 NOTE
r-oldrel-windows-ix86+x86_64 0.1 10.00 49.00 59.00 NOTE
r-oldrel-osx-x86_64 0.1 NOTE

Check Details

Version: 0.1
Check: installed package size
Result: NOTE
     installed size is 8.9Mb
     sub-directories of 1Mb or more:
     data 8.7Mb
Flavors: r-devel-linux-x86_64-fedora-clang, r-devel-windows-ix86+x86_64, r-patched-solaris-x86, r-release-windows-ix86+x86_64, r-release-osx-x86_64, r-oldrel-windows-ix86+x86_64, r-oldrel-osx-x86_64