CRAN Package Check Results for Package boiwsa

Last updated on 2024-02-21 02:52:09 CET.

Flavor Version Tinstall Tcheck Ttotal Status Flags
r-devel-linux-x86_64-debian-clang 1.0.0 OK
r-devel-linux-x86_64-debian-gcc 1.0.0 10.05 86.35 96.40 OK
r-devel-linux-x86_64-fedora-clang 1.0.0 159.01 NOTE
r-devel-linux-x86_64-fedora-gcc 1.0.0 157.06 NOTE
r-devel-windows-x86_64 1.0.0 13.00 97.00 110.00 OK
r-patched-linux-x86_64 1.0.0 12.84 113.64 126.48 OK
r-release-linux-x86_64 1.0.0 10.36 112.74 123.10 OK
r-release-macos-arm64 1.0.0 50.00 OK
r-release-macos-x86_64 1.0.0 89.00 OK
r-release-windows-x86_64 1.0.0 18.00 119.00 137.00 OK
r-oldrel-macos-arm64 1.0.0 49.00 OK
r-oldrel-windows-x86_64 1.0.0 18.00 121.00 139.00 OK

Check Details

Version: 1.0.0
Check: data for non-ASCII characters
Result: NOTE Note: found 21550 marked UTF-8 strings Flavors: r-devel-linux-x86_64-fedora-clang, r-devel-linux-x86_64-fedora-gcc